{"id":6041,"date":"2024-02-21T10:35:05","date_gmt":"2024-02-21T10:35:05","guid":{"rendered":"https:\/\/www.eurosmart.hu\/shop\/?post_type=product&#038;p=6041"},"modified":"2024-02-21T10:39:02","modified_gmt":"2024-02-21T10:39:02","slug":"milwaukee-cserelheto-fuldugo-fejpantos-fuldugohoz-10-db-4932478549","status":"publish","type":"product","link":"https:\/\/www.eurosmart.hu\/shop\/index.php\/termek\/milwaukee-cserelheto-fuldugo-fejpantos-fuldugohoz-10-db-4932478549\/","title":{"rendered":"MILWAUKEE CSER\u00c9LHET\u0150 F\u00dcLDUG\u00d3 FEJP\u00c1NTOS F\u00dcLDUG\u00d3HOZ 10 DB (4932478549)"},"content":{"rendered":"<h5>Tulajdons\u00e1gok:<\/h5>\n<ul class=\"ProductFeaturesTextstyles__FeatureList-fxqvf2-1 dUrrwH\">\n<li class=\"ProductFeaturesTextstyles__Feature-fxqvf2-3 ggyeUS\">3 f\u00e9le visel\u00e9si m\u00f3d: fej felett, \u00e1ll alatt \u00e9s a nyak m\u00f6g\u00f6tt.<\/li>\n<li class=\"ProductFeaturesTextstyles__Feature-fxqvf2-3 ggyeUS\">Elforgathat\u00f3 karok a p\u00e1nt biztons\u00e1gos \u00e9s k\u00e9nyelmes helyzetbe \u00e1ll\u00edt\u00e1s\u00e1hoz \u00e9s elford\u00edt\u00e1s\u00e1hoz visel\u00e9s k\u00f6zben.<\/li>\n<li class=\"ProductFeaturesTextstyles__Feature-fxqvf2-3 ggyeUS\">A f\u00fcldug\u00f3kat akkor is folyamatosan lehet viselni, ha a visel\u00e9si m\u00f3d megv\u00e1ltozik &#8211; \u00e1lland\u00f3 v\u00e9delem.<\/li>\n<li class=\"ProductFeaturesTextstyles__Feature-fxqvf2-3 ggyeUS\">Cser\u00e9lhet\u0151 szivacsos \u00e9s TPR f\u00fcldug\u00f3val sz\u00e1ll\u00edtva<\/li>\n<li class=\"ProductFeaturesTextstyles__Feature-fxqvf2-3 ggyeUS\">Tart\u00f3s \u00e9s k\u00e9nyelmes p\u00e1nt a hossz\u00fa \u00e9lettartam\u00e9rt<\/li>\n<li class=\"ProductFeaturesTextstyles__Feature-fxqvf2-3 ggyeUS\">Eur\u00f3pai tan\u00fas\u00edtv\u00e1nnyal rendelkez\u0151 hall\u00e1sv\u00e9d\u0151k: EN 352-2 (SNR = 32 dB) szerint.<\/li>\n<\/ul>\n","protected":false},"excerpt":{"rendered":"<p><strong>A k\u00e9szlet tartalma:<\/strong> 10 db CSER\u00c9LHET\u0150 F\u00dcLDUG\u00d3 FEJP\u00c1NTOS F\u00dcLDUG\u00d3HOZ<\/p>\n","protected":false},"featured_media":6042,"template":"","meta":[],"product_cat":[235,59,200,89],"product_tag":[],"class_list":["post-6041","product","type-product","status-publish","has-post-thumbnail","hentry","product_cat-hallasvedelem","product_cat-milwaukee","product_cat-munkavedelem-termekek","product_cat-termekek"],"yoast_head":"<!-- This site is optimized with the Yoast SEO Premium plugin v21.3 (Yoast SEO v21.3) - https:\/\/yoast.com\/wordpress\/plugins\/seo\/ -->\n<title>MILWAUKEE CSER\u00c9LHET\u0150 F\u00dcLDUG\u00d3 FEJP\u00c1NTOS F\u00dcLDUG\u00d3HOZ 10 DB (4932478549) - Eurosmart - Milwaukee web\u00e1ruh\u00e1z<\/title>\n<meta name=\"robots\" content=\"index, follow, max-snippet:-1, max-image-preview:large, max-video-preview:-1\" \/>\n<link rel=\"canonical\" href=\"https:\/\/www.eurosmart.hu\/shop\/index.php\/termek\/milwaukee-cserelheto-fuldugo-fejpantos-fuldugohoz-10-db-4932478549\/\" \/>\n<meta property=\"og:locale\" content=\"hu_HU\" \/>\n<meta property=\"og:type\" content=\"article\" \/>\n<meta property=\"og:title\" content=\"MILWAUKEE CSER\u00c9LHET\u0150 F\u00dcLDUG\u00d3 FEJP\u00c1NTOS F\u00dcLDUG\u00d3HOZ 10 DB (4932478549)\" \/>\n<meta property=\"og:description\" content=\"A k\u00e9szlet tartalma: 10 db CSER\u00c9LHET\u0150 F\u00dcLDUG\u00d3 FEJP\u00c1NTOS F\u00dcLDUG\u00d3HOZ\" \/>\n<meta property=\"og:url\" content=\"https:\/\/www.eurosmart.hu\/shop\/index.php\/termek\/milwaukee-cserelheto-fuldugo-fejpantos-fuldugohoz-10-db-4932478549\/\" \/>\n<meta property=\"og:site_name\" content=\"Eurosmart - Milwaukee web\u00e1ruh\u00e1z\" \/>\n<meta property=\"article:publisher\" content=\"https:\/\/www.facebook.com\/EurosmartKft\" \/>\n<meta property=\"article:modified_time\" content=\"2024-02-21T10:39:02+00:00\" \/>\n<meta property=\"og:image\" content=\"https:\/\/www.eurosmart.hu\/shop\/wp-content\/uploads\/2024\/02\/4932478549.webp\" \/>\n\t<meta property=\"og:image:width\" content=\"1000\" \/>\n\t<meta property=\"og:image:height\" content=\"1000\" \/>\n\t<meta property=\"og:image:type\" content=\"image\/webp\" \/>\n<meta name=\"twitter:card\" content=\"summary_large_image\" \/>\n<meta name=\"twitter:label1\" content=\"Price\" \/>\n\t<meta name=\"twitter:data1\" content=\"\" \/>\n\t<meta name=\"twitter:label2\" content=\"Availability\" \/>\n\t<meta name=\"twitter:data2\" content=\"On backorder\" \/>\n<script type=\"application\/ld+json\" class=\"yoast-schema-graph\">{\"@context\":\"https:\/\/schema.org\",\"@graph\":[{\"@type\":\"WebPage\",\"@id\":\"https:\/\/www.eurosmart.hu\/shop\/index.php\/termek\/milwaukee-cserelheto-fuldugo-fejpantos-fuldugohoz-10-db-4932478549\/\",\"url\":\"https:\/\/www.eurosmart.hu\/shop\/index.php\/termek\/milwaukee-cserelheto-fuldugo-fejpantos-fuldugohoz-10-db-4932478549\/\",\"name\":\"MILWAUKEE CSER\u00c9LHET\u0150 F\u00dcLDUG\u00d3 FEJP\u00c1NTOS F\u00dcLDUG\u00d3HOZ 10 DB (4932478549) - Eurosmart - Milwaukee web\u00e1ruh\u00e1z\",\"isPartOf\":{\"@id\":\"https:\/\/www.eurosmart.hu\/shop\/#website\"},\"datePublished\":\"2024-02-21T10:35:05+00:00\",\"dateModified\":\"2024-02-21T10:39:02+00:00\",\"breadcrumb\":{\"@id\":\"https:\/\/www.eurosmart.hu\/shop\/index.php\/termek\/milwaukee-cserelheto-fuldugo-fejpantos-fuldugohoz-10-db-4932478549\/#breadcrumb\"},\"inLanguage\":\"hu\",\"potentialAction\":[{\"@type\":\"ReadAction\",\"target\":[\"https:\/\/www.eurosmart.hu\/shop\/index.php\/termek\/milwaukee-cserelheto-fuldugo-fejpantos-fuldugohoz-10-db-4932478549\/\"]}]},{\"@type\":\"BreadcrumbList\",\"@id\":\"https:\/\/www.eurosmart.hu\/shop\/index.php\/termek\/milwaukee-cserelheto-fuldugo-fejpantos-fuldugohoz-10-db-4932478549\/#breadcrumb\",\"itemListElement\":[{\"@type\":\"ListItem\",\"position\":1,\"name\":\"Kezd\u0151lap\",\"item\":\"https:\/\/www.eurosmart.hu\/shop\/\"},{\"@type\":\"ListItem\",\"position\":2,\"name\":\"Term\u00e9keink\",\"item\":\"https:\/\/www.eurosmart.hu\/shop\/index.php\/uzlet\/\"},{\"@type\":\"ListItem\",\"position\":3,\"name\":\"MILWAUKEE CSER\u00c9LHET\u0150 F\u00dcLDUG\u00d3 FEJP\u00c1NTOS F\u00dcLDUG\u00d3HOZ 10 DB (4932478549)\"}]},{\"@type\":\"WebSite\",\"@id\":\"https:\/\/www.eurosmart.hu\/shop\/#website\",\"url\":\"https:\/\/www.eurosmart.hu\/shop\/\",\"name\":\"Eurosmart - Milwaukee web\u00e1ruh\u00e1z\",\"description\":\"Milwaukee web\u00e1ruh\u00e1z\",\"publisher\":{\"@id\":\"https:\/\/www.eurosmart.hu\/shop\/#organization\"},\"potentialAction\":[{\"@type\":\"SearchAction\",\"target\":{\"@type\":\"EntryPoint\",\"urlTemplate\":\"https:\/\/www.eurosmart.hu\/shop\/?s={search_term_string}\"},\"query-input\":\"required name=search_term_string\"}],\"inLanguage\":\"hu\"},{\"@type\":\"Organization\",\"@id\":\"https:\/\/www.eurosmart.hu\/shop\/#organization\",\"name\":\"Eurosmart - Milwaukee web\u00e1ruh\u00e1z\",\"url\":\"https:\/\/www.eurosmart.hu\/shop\/\",\"logo\":{\"@type\":\"ImageObject\",\"inLanguage\":\"hu\",\"@id\":\"https:\/\/www.eurosmart.hu\/shop\/#\/schema\/logo\/image\/\",\"url\":\"https:\/\/www.eurosmart.hu\/shop\/wp-content\/uploads\/2023\/10\/milwaukee-logo-1.png\",\"contentUrl\":\"https:\/\/www.eurosmart.hu\/shop\/wp-content\/uploads\/2023\/10\/milwaukee-logo-1.png\",\"width\":500,\"height\":200,\"caption\":\"Eurosmart - Milwaukee web\u00e1ruh\u00e1z\"},\"image\":{\"@id\":\"https:\/\/www.eurosmart.hu\/shop\/#\/schema\/logo\/image\/\"},\"sameAs\":[\"https:\/\/www.facebook.com\/EurosmartKft\"]}]}<\/script>\n<meta property=\"product:price:amount\" content=\"0\" \/>\n<meta property=\"product:price:currency\" content=\"HUF\" \/>\n<meta property=\"og:availability\" content=\"backorder\" \/>\n<meta property=\"product:availability\" content=\"available for order\" \/>\n<meta property=\"product:retailer_item_id\" content=\"4932478549\" \/>\n<meta property=\"product:condition\" content=\"new\" \/>\n<!-- \/ Yoast SEO Premium plugin. -->","yoast_head_json":{"title":"MILWAUKEE CSER\u00c9LHET\u0150 F\u00dcLDUG\u00d3 FEJP\u00c1NTOS F\u00dcLDUG\u00d3HOZ 10 DB (4932478549) - Eurosmart - Milwaukee web\u00e1ruh\u00e1z","robots":{"index":"index","follow":"follow","max-snippet":"max-snippet:-1","max-image-preview":"max-image-preview:large","max-video-preview":"max-video-preview:-1"},"canonical":"https:\/\/www.eurosmart.hu\/shop\/index.php\/termek\/milwaukee-cserelheto-fuldugo-fejpantos-fuldugohoz-10-db-4932478549\/","og_locale":"hu_HU","og_type":"article","og_title":"MILWAUKEE CSER\u00c9LHET\u0150 F\u00dcLDUG\u00d3 FEJP\u00c1NTOS F\u00dcLDUG\u00d3HOZ 10 DB (4932478549)","og_description":"A k\u00e9szlet tartalma: 10 db CSER\u00c9LHET\u0150 F\u00dcLDUG\u00d3 FEJP\u00c1NTOS F\u00dcLDUG\u00d3HOZ","og_url":"https:\/\/www.eurosmart.hu\/shop\/index.php\/termek\/milwaukee-cserelheto-fuldugo-fejpantos-fuldugohoz-10-db-4932478549\/","og_site_name":"Eurosmart - Milwaukee web\u00e1ruh\u00e1z","article_publisher":"https:\/\/www.facebook.com\/EurosmartKft","article_modified_time":"2024-02-21T10:39:02+00:00","og_image":[{"width":1000,"height":1000,"url":"https:\/\/www.eurosmart.hu\/shop\/wp-content\/uploads\/2024\/02\/4932478549.webp","type":"image\/webp"}],"twitter_card":"summary_large_image","twitter_misc":{"Price":"","Availability":"On backorder"},"schema":{"@context":"https:\/\/schema.org","@graph":[{"@type":"WebPage","@id":"https:\/\/www.eurosmart.hu\/shop\/index.php\/termek\/milwaukee-cserelheto-fuldugo-fejpantos-fuldugohoz-10-db-4932478549\/","url":"https:\/\/www.eurosmart.hu\/shop\/index.php\/termek\/milwaukee-cserelheto-fuldugo-fejpantos-fuldugohoz-10-db-4932478549\/","name":"MILWAUKEE CSER\u00c9LHET\u0150 F\u00dcLDUG\u00d3 FEJP\u00c1NTOS F\u00dcLDUG\u00d3HOZ 10 DB (4932478549) - Eurosmart - Milwaukee web\u00e1ruh\u00e1z","isPartOf":{"@id":"https:\/\/www.eurosmart.hu\/shop\/#website"},"datePublished":"2024-02-21T10:35:05+00:00","dateModified":"2024-02-21T10:39:02+00:00","breadcrumb":{"@id":"https:\/\/www.eurosmart.hu\/shop\/index.php\/termek\/milwaukee-cserelheto-fuldugo-fejpantos-fuldugohoz-10-db-4932478549\/#breadcrumb"},"inLanguage":"hu","potentialAction":[{"@type":"ReadAction","target":["https:\/\/www.eurosmart.hu\/shop\/index.php\/termek\/milwaukee-cserelheto-fuldugo-fejpantos-fuldugohoz-10-db-4932478549\/"]}]},{"@type":"BreadcrumbList","@id":"https:\/\/www.eurosmart.hu\/shop\/index.php\/termek\/milwaukee-cserelheto-fuldugo-fejpantos-fuldugohoz-10-db-4932478549\/#breadcrumb","itemListElement":[{"@type":"ListItem","position":1,"name":"Kezd\u0151lap","item":"https:\/\/www.eurosmart.hu\/shop\/"},{"@type":"ListItem","position":2,"name":"Term\u00e9keink","item":"https:\/\/www.eurosmart.hu\/shop\/index.php\/uzlet\/"},{"@type":"ListItem","position":3,"name":"MILWAUKEE CSER\u00c9LHET\u0150 F\u00dcLDUG\u00d3 FEJP\u00c1NTOS F\u00dcLDUG\u00d3HOZ 10 DB (4932478549)"}]},{"@type":"WebSite","@id":"https:\/\/www.eurosmart.hu\/shop\/#website","url":"https:\/\/www.eurosmart.hu\/shop\/","name":"Eurosmart - Milwaukee web\u00e1ruh\u00e1z","description":"Milwaukee web\u00e1ruh\u00e1z","publisher":{"@id":"https:\/\/www.eurosmart.hu\/shop\/#organization"},"potentialAction":[{"@type":"SearchAction","target":{"@type":"EntryPoint","urlTemplate":"https:\/\/www.eurosmart.hu\/shop\/?s={search_term_string}"},"query-input":"required name=search_term_string"}],"inLanguage":"hu"},{"@type":"Organization","@id":"https:\/\/www.eurosmart.hu\/shop\/#organization","name":"Eurosmart - Milwaukee web\u00e1ruh\u00e1z","url":"https:\/\/www.eurosmart.hu\/shop\/","logo":{"@type":"ImageObject","inLanguage":"hu","@id":"https:\/\/www.eurosmart.hu\/shop\/#\/schema\/logo\/image\/","url":"https:\/\/www.eurosmart.hu\/shop\/wp-content\/uploads\/2023\/10\/milwaukee-logo-1.png","contentUrl":"https:\/\/www.eurosmart.hu\/shop\/wp-content\/uploads\/2023\/10\/milwaukee-logo-1.png","width":500,"height":200,"caption":"Eurosmart - Milwaukee web\u00e1ruh\u00e1z"},"image":{"@id":"https:\/\/www.eurosmart.hu\/shop\/#\/schema\/logo\/image\/"},"sameAs":["https:\/\/www.facebook.com\/EurosmartKft"]}]},"product_price_currency":"HUF","og_availability":"backorder","product_availability":"available for order","product_retailer_item_id":"4932478549","product_condition":"new"},"_links":{"self":[{"href":"https:\/\/www.eurosmart.hu\/shop\/index.php\/wp-json\/wp\/v2\/product\/6041","targetHints":{"allow":["GET"]}}],"collection":[{"href":"https:\/\/www.eurosmart.hu\/shop\/index.php\/wp-json\/wp\/v2\/product"}],"about":[{"href":"https:\/\/www.eurosmart.hu\/shop\/index.php\/wp-json\/wp\/v2\/types\/product"}],"wp:featuredmedia":[{"embeddable":true,"href":"https:\/\/www.eurosmart.hu\/shop\/index.php\/wp-json\/wp\/v2\/media\/6042"}],"wp:attachment":[{"href":"https:\/\/www.eurosmart.hu\/shop\/index.php\/wp-json\/wp\/v2\/media?parent=6041"}],"wp:term":[{"taxonomy":"product_cat","embeddable":true,"href":"https:\/\/www.eurosmart.hu\/shop\/index.php\/wp-json\/wp\/v2\/product_cat?post=6041"},{"taxonomy":"product_tag","embeddable":true,"href":"https:\/\/www.eurosmart.hu\/shop\/index.php\/wp-json\/wp\/v2\/product_tag?post=6041"}],"curies":[{"name":"wp","href":"https:\/\/api.w.org\/{rel}","templated":true}]}}