{"id":5718,"date":"2024-02-19T09:44:16","date_gmt":"2024-02-19T09:44:16","guid":{"rendered":"https:\/\/www.eurosmart.hu\/shop\/?post_type=product&#038;p=5718"},"modified":"2024-02-19T09:47:44","modified_gmt":"2024-02-19T09:47:44","slug":"milwaukee-packout-17-reszes-precizios-csavarhuzo-keszlet-habbetetben-4932493644","status":"publish","type":"product","link":"https:\/\/www.eurosmart.hu\/shop\/index.php\/termek\/milwaukee-packout-17-reszes-precizios-csavarhuzo-keszlet-habbetetben-4932493644\/","title":{"rendered":"MILWAUKEE PACKOUT\u2122 17 R\u00c9SZES PREC\u00cdZI\u00d3S CSAVARH\u00daZ\u00d3 K\u00c9SZLET HABBET\u00c9TBEN (4932493644)"},"content":{"rendered":"<h5>Tulajdons\u00e1gok:<\/h5>\n<ul class=\"ProductFeaturesTextstyles__FeatureList-fxqvf2-1 eacpVB\">\n<li class=\"ProductFeaturesTextstyles__Feature-fxqvf2-3 ggyeUS\">F\u00e9m bels\u0151, ak\u00e1r 4-szer er\u0151sebb a munkahelyi strapab\u00edr\u00f3s\u00e1g \u00e9rdek\u00e9ben.<\/li>\n<li class=\"ProductFeaturesTextstyles__Feature-fxqvf2-3 ggyeUS\">Hosszabb nyelek jobb l\u00e1that\u00f3s\u00e1g \u00e9s hozz\u00e1f\u00e9r\u00e9s \u00e9rdek\u00e9ben.<\/li>\n<li class=\"ProductFeaturesTextstyles__Feature-fxqvf2-3 ggyeUS\">360\u00b0 forgathat\u00f3 h\u00e1ts\u00f3 foglalat a nagyobb ir\u00e1ny\u00edt\u00e1s\u00e9rt.<\/li>\n<li class=\"ProductFeaturesTextstyles__Feature-fxqvf2-3 ggyeUS\">A prec\u00edzi\u00f3san megmunk\u00e1lt bitek biztos illeszked\u00e9st \u00e9s hosszabb \u00e9lettartamot biztos\u00edtanak.<\/li>\n<li class=\"ProductFeaturesTextstyles__Feature-fxqvf2-3 ggyeUS\">Kr\u00f3mbevonat\u00fa ny\u00e9l, ami cs\u00f6kkenti a korr\u00f3zi\u00f3t \u00e9s megn\u00f6veli az eszk\u00f6z \u00e9lettartam\u00e1t.<\/li>\n<li class=\"ProductFeaturesTextstyles__Feature-fxqvf2-3 ggyeUS\">Pr\u00e9mium habanyag hosszabb tart\u00f3ss\u00e1ghoz, l\u00e9zerrel v\u00e1gott m\u00e9retek a k\u00f6nny\u0171 \u00e9s gyors azonos\u00edt\u00e1shoz, valamint piros h\u00e1tt\u00e9r a hi\u00e1nyz\u00f3 eszk\u00f6z\u00f6k gyors azonos\u00edt\u00e1s\u00e1hoz.<\/li>\n<\/ul>\n","protected":false},"excerpt":{"rendered":"<p><strong>A k\u00e9szlet tartalma:<\/strong><\/p>\n<ul>\n<li>Prec\u00edzi\u00f3s csavarh\u00faz\u00f3 k\u00e9szlet 6 r\u00e9szes (PH00 \/ PH0, SL1.6 \/ SL2 \/ SL3.2 \/ SL4) &#8211; 1 db (4932471869)<\/li>\n<li>Torx Precision Screwdriver Set 6pc (T6,T7,T8,T9,T10,T15) (4932471870)<\/li>\n<li>Prec\u00edzi\u00f3s csavarh\u00faz\u00f3 TORX k\u00e9szlet 6 r\u00e9szes (T6, T7, T8, T9, T10, T15) &#8211; 1 db (4932478719)<\/li>\n<li>Csavarh\u00faz\u00f3 3 oldal\u00fa markolattal PH2x125 &#8211; 1 db (4932471788)<\/li>\n<li>Csavarh\u00faz\u00f3 3 oldal\u00fa markolattal SL 0.8x4x100 &#8211; 1 db (4932471778)<\/li>\n<li>Csavarh\u00faz\u00f3 3 oldal\u00fa markolattal T20x100 &#8211; 1 db (4932471801)<\/li>\n<li>\u00dcthet\u0151 bont\u00f3 csavarh\u00faz\u00f3 &#8211; 1 db (4932480975)<\/li>\n<\/ul>\n","protected":false},"featured_media":5719,"template":"","meta":[],"product_cat":[59,198,232,228,197,89],"product_tag":[],"class_list":["post-5718","product","type-product","status-publish","has-post-thumbnail","hentry","product_cat-milwaukee","product_cat-packout","product_cat-packout-modularis-tarolorendszer","product_cat-rendszer","product_cat-tarolas","product_cat-termekek"],"yoast_head":"<!-- This site is optimized with the Yoast SEO Premium plugin v21.3 (Yoast SEO v21.3) - https:\/\/yoast.com\/wordpress\/plugins\/seo\/ -->\n<title>MILWAUKEE PACKOUT\u2122 17 R\u00c9SZES PREC\u00cdZI\u00d3S CSAVARH\u00daZ\u00d3 K\u00c9SZLET HABBET\u00c9TBEN (4932493644) - Eurosmart - Milwaukee web\u00e1ruh\u00e1z<\/title>\n<meta name=\"robots\" content=\"index, follow, max-snippet:-1, max-image-preview:large, max-video-preview:-1\" \/>\n<link rel=\"canonical\" href=\"https:\/\/www.eurosmart.hu\/shop\/index.php\/termek\/milwaukee-packout-17-reszes-precizios-csavarhuzo-keszlet-habbetetben-4932493644\/\" \/>\n<meta property=\"og:locale\" content=\"hu_HU\" \/>\n<meta property=\"og:type\" content=\"article\" \/>\n<meta property=\"og:title\" content=\"MILWAUKEE PACKOUT\u2122 17 R\u00c9SZES PREC\u00cdZI\u00d3S CSAVARH\u00daZ\u00d3 K\u00c9SZLET HABBET\u00c9TBEN (4932493644)\" \/>\n<meta property=\"og:description\" content=\"A k\u00e9szlet tartalma:   Prec\u00edzi\u00f3s csavarh\u00faz\u00f3 k\u00e9szlet 6 r\u00e9szes (PH00 \/ PH0, SL1.6 \/ SL2 \/ SL3.2 \/ SL4) - 1 db (4932471869)  Torx Precision Screwdriver Set 6pc (T6,T7,T8,T9,T10,T15) (4932471870)  Prec\u00edzi\u00f3s csavarh\u00faz\u00f3 TORX k\u00e9szlet 6 r\u00e9szes (T6, T7, T8, T9, T10, T15) - 1 db (4932478719)  Csavarh\u00faz\u00f3 3 oldal\u00fa markolattal PH2x125 - 1 db (4932471788)  Csavarh\u00faz\u00f3 3 oldal\u00fa markolattal SL 0.8x4x100 - 1 db (4932471778)  Csavarh\u00faz\u00f3 3 oldal\u00fa markolattal T20x100 - 1 db (4932471801)  \u00dcthet\u0151 bont\u00f3 csavarh\u00faz\u00f3 - 1 db (4932480975)\" \/>\n<meta property=\"og:url\" content=\"https:\/\/www.eurosmart.hu\/shop\/index.php\/termek\/milwaukee-packout-17-reszes-precizios-csavarhuzo-keszlet-habbetetben-4932493644\/\" \/>\n<meta property=\"og:site_name\" content=\"Eurosmart - Milwaukee web\u00e1ruh\u00e1z\" \/>\n<meta property=\"article:publisher\" content=\"https:\/\/www.facebook.com\/EurosmartKft\" \/>\n<meta property=\"article:modified_time\" content=\"2024-02-19T09:47:44+00:00\" \/>\n<meta property=\"og:image\" content=\"https:\/\/www.eurosmart.hu\/shop\/wp-content\/uploads\/2024\/02\/4932493644.jpg\" \/>\n\t<meta property=\"og:image:width\" content=\"1000\" \/>\n\t<meta property=\"og:image:height\" content=\"1000\" \/>\n\t<meta property=\"og:image:type\" content=\"image\/jpeg\" \/>\n<meta name=\"twitter:card\" content=\"summary_large_image\" \/>\n<meta name=\"twitter:label1\" content=\"Price\" \/>\n\t<meta name=\"twitter:data1\" content=\"\" \/>\n\t<meta name=\"twitter:label2\" content=\"Availability\" \/>\n\t<meta name=\"twitter:data2\" content=\"On backorder\" \/>\n<script type=\"application\/ld+json\" class=\"yoast-schema-graph\">{\"@context\":\"https:\/\/schema.org\",\"@graph\":[{\"@type\":\"WebPage\",\"@id\":\"https:\/\/www.eurosmart.hu\/shop\/index.php\/termek\/milwaukee-packout-17-reszes-precizios-csavarhuzo-keszlet-habbetetben-4932493644\/\",\"url\":\"https:\/\/www.eurosmart.hu\/shop\/index.php\/termek\/milwaukee-packout-17-reszes-precizios-csavarhuzo-keszlet-habbetetben-4932493644\/\",\"name\":\"MILWAUKEE PACKOUT\u2122 17 R\u00c9SZES PREC\u00cdZI\u00d3S CSAVARH\u00daZ\u00d3 K\u00c9SZLET HABBET\u00c9TBEN (4932493644) - Eurosmart - Milwaukee web\u00e1ruh\u00e1z\",\"isPartOf\":{\"@id\":\"https:\/\/www.eurosmart.hu\/shop\/#website\"},\"datePublished\":\"2024-02-19T09:44:16+00:00\",\"dateModified\":\"2024-02-19T09:47:44+00:00\",\"breadcrumb\":{\"@id\":\"https:\/\/www.eurosmart.hu\/shop\/index.php\/termek\/milwaukee-packout-17-reszes-precizios-csavarhuzo-keszlet-habbetetben-4932493644\/#breadcrumb\"},\"inLanguage\":\"hu\",\"potentialAction\":[{\"@type\":\"ReadAction\",\"target\":[\"https:\/\/www.eurosmart.hu\/shop\/index.php\/termek\/milwaukee-packout-17-reszes-precizios-csavarhuzo-keszlet-habbetetben-4932493644\/\"]}]},{\"@type\":\"BreadcrumbList\",\"@id\":\"https:\/\/www.eurosmart.hu\/shop\/index.php\/termek\/milwaukee-packout-17-reszes-precizios-csavarhuzo-keszlet-habbetetben-4932493644\/#breadcrumb\",\"itemListElement\":[{\"@type\":\"ListItem\",\"position\":1,\"name\":\"Kezd\u0151lap\",\"item\":\"https:\/\/www.eurosmart.hu\/shop\/\"},{\"@type\":\"ListItem\",\"position\":2,\"name\":\"Term\u00e9keink\",\"item\":\"https:\/\/www.eurosmart.hu\/shop\/index.php\/uzlet\/\"},{\"@type\":\"ListItem\",\"position\":3,\"name\":\"MILWAUKEE PACKOUT\u2122 17 R\u00c9SZES PREC\u00cdZI\u00d3S CSAVARH\u00daZ\u00d3 K\u00c9SZLET HABBET\u00c9TBEN (4932493644)\"}]},{\"@type\":\"WebSite\",\"@id\":\"https:\/\/www.eurosmart.hu\/shop\/#website\",\"url\":\"https:\/\/www.eurosmart.hu\/shop\/\",\"name\":\"Eurosmart - Milwaukee web\u00e1ruh\u00e1z\",\"description\":\"Milwaukee web\u00e1ruh\u00e1z\",\"publisher\":{\"@id\":\"https:\/\/www.eurosmart.hu\/shop\/#organization\"},\"potentialAction\":[{\"@type\":\"SearchAction\",\"target\":{\"@type\":\"EntryPoint\",\"urlTemplate\":\"https:\/\/www.eurosmart.hu\/shop\/?s={search_term_string}\"},\"query-input\":\"required name=search_term_string\"}],\"inLanguage\":\"hu\"},{\"@type\":\"Organization\",\"@id\":\"https:\/\/www.eurosmart.hu\/shop\/#organization\",\"name\":\"Eurosmart - Milwaukee web\u00e1ruh\u00e1z\",\"url\":\"https:\/\/www.eurosmart.hu\/shop\/\",\"logo\":{\"@type\":\"ImageObject\",\"inLanguage\":\"hu\",\"@id\":\"https:\/\/www.eurosmart.hu\/shop\/#\/schema\/logo\/image\/\",\"url\":\"https:\/\/www.eurosmart.hu\/shop\/wp-content\/uploads\/2023\/10\/milwaukee-logo-1.png\",\"contentUrl\":\"https:\/\/www.eurosmart.hu\/shop\/wp-content\/uploads\/2023\/10\/milwaukee-logo-1.png\",\"width\":500,\"height\":200,\"caption\":\"Eurosmart - Milwaukee web\u00e1ruh\u00e1z\"},\"image\":{\"@id\":\"https:\/\/www.eurosmart.hu\/shop\/#\/schema\/logo\/image\/\"},\"sameAs\":[\"https:\/\/www.facebook.com\/EurosmartKft\"]}]}<\/script>\n<meta property=\"product:price:amount\" content=\"0\" \/>\n<meta property=\"product:price:currency\" content=\"HUF\" \/>\n<meta property=\"og:availability\" content=\"backorder\" \/>\n<meta property=\"product:availability\" content=\"available for order\" \/>\n<meta property=\"product:retailer_item_id\" content=\"4932493644\" \/>\n<meta property=\"product:condition\" content=\"new\" \/>\n<!-- \/ Yoast SEO Premium plugin. -->","yoast_head_json":{"title":"MILWAUKEE PACKOUT\u2122 17 R\u00c9SZES PREC\u00cdZI\u00d3S CSAVARH\u00daZ\u00d3 K\u00c9SZLET HABBET\u00c9TBEN (4932493644) - Eurosmart - Milwaukee web\u00e1ruh\u00e1z","robots":{"index":"index","follow":"follow","max-snippet":"max-snippet:-1","max-image-preview":"max-image-preview:large","max-video-preview":"max-video-preview:-1"},"canonical":"https:\/\/www.eurosmart.hu\/shop\/index.php\/termek\/milwaukee-packout-17-reszes-precizios-csavarhuzo-keszlet-habbetetben-4932493644\/","og_locale":"hu_HU","og_type":"article","og_title":"MILWAUKEE PACKOUT\u2122 17 R\u00c9SZES PREC\u00cdZI\u00d3S CSAVARH\u00daZ\u00d3 K\u00c9SZLET HABBET\u00c9TBEN (4932493644)","og_description":"A k\u00e9szlet tartalma:   Prec\u00edzi\u00f3s csavarh\u00faz\u00f3 k\u00e9szlet 6 r\u00e9szes (PH00 \/ PH0, SL1.6 \/ SL2 \/ SL3.2 \/ SL4) - 1 db (4932471869)  Torx Precision Screwdriver Set 6pc (T6,T7,T8,T9,T10,T15) (4932471870)  Prec\u00edzi\u00f3s csavarh\u00faz\u00f3 TORX k\u00e9szlet 6 r\u00e9szes (T6, T7, T8, T9, T10, T15) - 1 db (4932478719)  Csavarh\u00faz\u00f3 3 oldal\u00fa markolattal PH2x125 - 1 db (4932471788)  Csavarh\u00faz\u00f3 3 oldal\u00fa markolattal SL 0.8x4x100 - 1 db (4932471778)  Csavarh\u00faz\u00f3 3 oldal\u00fa markolattal T20x100 - 1 db (4932471801)  \u00dcthet\u0151 bont\u00f3 csavarh\u00faz\u00f3 - 1 db (4932480975)","og_url":"https:\/\/www.eurosmart.hu\/shop\/index.php\/termek\/milwaukee-packout-17-reszes-precizios-csavarhuzo-keszlet-habbetetben-4932493644\/","og_site_name":"Eurosmart - Milwaukee web\u00e1ruh\u00e1z","article_publisher":"https:\/\/www.facebook.com\/EurosmartKft","article_modified_time":"2024-02-19T09:47:44+00:00","og_image":[{"width":1000,"height":1000,"url":"https:\/\/www.eurosmart.hu\/shop\/wp-content\/uploads\/2024\/02\/4932493644.jpg","type":"image\/jpeg"}],"twitter_card":"summary_large_image","twitter_misc":{"Price":"","Availability":"On backorder"},"schema":{"@context":"https:\/\/schema.org","@graph":[{"@type":"WebPage","@id":"https:\/\/www.eurosmart.hu\/shop\/index.php\/termek\/milwaukee-packout-17-reszes-precizios-csavarhuzo-keszlet-habbetetben-4932493644\/","url":"https:\/\/www.eurosmart.hu\/shop\/index.php\/termek\/milwaukee-packout-17-reszes-precizios-csavarhuzo-keszlet-habbetetben-4932493644\/","name":"MILWAUKEE PACKOUT\u2122 17 R\u00c9SZES PREC\u00cdZI\u00d3S CSAVARH\u00daZ\u00d3 K\u00c9SZLET HABBET\u00c9TBEN (4932493644) - Eurosmart - Milwaukee web\u00e1ruh\u00e1z","isPartOf":{"@id":"https:\/\/www.eurosmart.hu\/shop\/#website"},"datePublished":"2024-02-19T09:44:16+00:00","dateModified":"2024-02-19T09:47:44+00:00","breadcrumb":{"@id":"https:\/\/www.eurosmart.hu\/shop\/index.php\/termek\/milwaukee-packout-17-reszes-precizios-csavarhuzo-keszlet-habbetetben-4932493644\/#breadcrumb"},"inLanguage":"hu","potentialAction":[{"@type":"ReadAction","target":["https:\/\/www.eurosmart.hu\/shop\/index.php\/termek\/milwaukee-packout-17-reszes-precizios-csavarhuzo-keszlet-habbetetben-4932493644\/"]}]},{"@type":"BreadcrumbList","@id":"https:\/\/www.eurosmart.hu\/shop\/index.php\/termek\/milwaukee-packout-17-reszes-precizios-csavarhuzo-keszlet-habbetetben-4932493644\/#breadcrumb","itemListElement":[{"@type":"ListItem","position":1,"name":"Kezd\u0151lap","item":"https:\/\/www.eurosmart.hu\/shop\/"},{"@type":"ListItem","position":2,"name":"Term\u00e9keink","item":"https:\/\/www.eurosmart.hu\/shop\/index.php\/uzlet\/"},{"@type":"ListItem","position":3,"name":"MILWAUKEE PACKOUT\u2122 17 R\u00c9SZES PREC\u00cdZI\u00d3S CSAVARH\u00daZ\u00d3 K\u00c9SZLET HABBET\u00c9TBEN (4932493644)"}]},{"@type":"WebSite","@id":"https:\/\/www.eurosmart.hu\/shop\/#website","url":"https:\/\/www.eurosmart.hu\/shop\/","name":"Eurosmart - Milwaukee web\u00e1ruh\u00e1z","description":"Milwaukee web\u00e1ruh\u00e1z","publisher":{"@id":"https:\/\/www.eurosmart.hu\/shop\/#organization"},"potentialAction":[{"@type":"SearchAction","target":{"@type":"EntryPoint","urlTemplate":"https:\/\/www.eurosmart.hu\/shop\/?s={search_term_string}"},"query-input":"required name=search_term_string"}],"inLanguage":"hu"},{"@type":"Organization","@id":"https:\/\/www.eurosmart.hu\/shop\/#organization","name":"Eurosmart - Milwaukee web\u00e1ruh\u00e1z","url":"https:\/\/www.eurosmart.hu\/shop\/","logo":{"@type":"ImageObject","inLanguage":"hu","@id":"https:\/\/www.eurosmart.hu\/shop\/#\/schema\/logo\/image\/","url":"https:\/\/www.eurosmart.hu\/shop\/wp-content\/uploads\/2023\/10\/milwaukee-logo-1.png","contentUrl":"https:\/\/www.eurosmart.hu\/shop\/wp-content\/uploads\/2023\/10\/milwaukee-logo-1.png","width":500,"height":200,"caption":"Eurosmart - Milwaukee web\u00e1ruh\u00e1z"},"image":{"@id":"https:\/\/www.eurosmart.hu\/shop\/#\/schema\/logo\/image\/"},"sameAs":["https:\/\/www.facebook.com\/EurosmartKft"]}]},"product_price_currency":"HUF","og_availability":"backorder","product_availability":"available for order","product_retailer_item_id":"4932493644","product_condition":"new"},"_links":{"self":[{"href":"https:\/\/www.eurosmart.hu\/shop\/index.php\/wp-json\/wp\/v2\/product\/5718","targetHints":{"allow":["GET"]}}],"collection":[{"href":"https:\/\/www.eurosmart.hu\/shop\/index.php\/wp-json\/wp\/v2\/product"}],"about":[{"href":"https:\/\/www.eurosmart.hu\/shop\/index.php\/wp-json\/wp\/v2\/types\/product"}],"wp:featuredmedia":[{"embeddable":true,"href":"https:\/\/www.eurosmart.hu\/shop\/index.php\/wp-json\/wp\/v2\/media\/5719"}],"wp:attachment":[{"href":"https:\/\/www.eurosmart.hu\/shop\/index.php\/wp-json\/wp\/v2\/media?parent=5718"}],"wp:term":[{"taxonomy":"product_cat","embeddable":true,"href":"https:\/\/www.eurosmart.hu\/shop\/index.php\/wp-json\/wp\/v2\/product_cat?post=5718"},{"taxonomy":"product_tag","embeddable":true,"href":"https:\/\/www.eurosmart.hu\/shop\/index.php\/wp-json\/wp\/v2\/product_tag?post=5718"}],"curies":[{"name":"wp","href":"https:\/\/api.w.org\/{rel}","templated":true}]}}