{"id":5704,"date":"2024-02-19T08:51:50","date_gmt":"2024-02-19T08:51:50","guid":{"rendered":"https:\/\/www.eurosmart.hu\/shop\/?post_type=product&#038;p=5704"},"modified":"2024-02-19T09:01:19","modified_gmt":"2024-02-19T09:01:19","slug":"milwaukee-packout-10-reszes-vde-villanyszerelo-4932493637","status":"publish","type":"product","link":"https:\/\/www.eurosmart.hu\/shop\/index.php\/termek\/milwaukee-packout-10-reszes-vde-villanyszerelo-4932493637\/","title":{"rendered":"MILWAUKEE PACKOUT\u2122 10 R\u00c9SZES VDE VILLANYSZEREL\u0150 SZETT HABBET\u00c9TBEN (4932493637)"},"content":{"rendered":"<h5>Tulajdons\u00e1gok:<\/h5>\n<ul class=\"ProductFeaturesTextstyles__FeatureList-fxqvf2-1 dUrrwH\">\n<li class=\"ProductFeaturesTextstyles__Feature-fxqvf2-3 ggyeUS\">10 000 voltig tesztelve \u00e9s 1 000 voltig garant\u00e1ltan biztons\u00e1gos.<\/li>\n<li class=\"ProductFeaturesTextstyles__Feature-fxqvf2-3 ggyeUS\">Optim\u00e1lis eszk\u00f6z a k\u00f6nnyed munk\u00e1hoz.<\/li>\n<li class=\"ProductFeaturesTextstyles__Feature-fxqvf2-3 ggyeUS\">Ak\u00e1r 60%-kal kevesebb energia sz\u00fcks\u00e9ges v\u00e1g\u00e1shoz.<\/li>\n<li class=\"ProductFeaturesTextstyles__Feature-fxqvf2-3 ggyeUS\">V\u00e9kony szigetel\u00e9s\u0171 bevonat elektromos alkalmaz\u00e1sokhoz sz\u0171k ter\u00fcleteken.<\/li>\n<li class=\"ProductFeaturesTextstyles__Feature-fxqvf2-3 ggyeUS\">Tri-Lobe foganty\u00fa maxim\u00e1lis nyomat\u00e9k \u00e9s forgat\u00f3nyomat\u00e9k \u00e9rdek\u00e9ben.<\/li>\n<li class=\"ProductFeaturesTextstyles__Feature-fxqvf2-3 ggyeUS\">Forg\u00e1smentes foganty\u00fa.<\/li>\n<li class=\"ProductFeaturesTextstyles__Feature-fxqvf2-3 ggyeUS\">Pr\u00e9mium min\u0151s\u00e9g\u0171 hab anyag hosszabb tart\u00f3ss\u00e1g \u00e9rdek\u00e9ben, l\u00e9zerrel v\u00e1gott m\u00e9retek a k\u00f6nny\u0171 \u00e9s gyors azonos\u00edt\u00e1shoz, valamint piros h\u00e1tt\u00e9r a hi\u00e1nyz\u00f3 eszk\u00f6z\u00f6k gyors azonos\u00edt\u00e1s\u00e1hoz.<\/li>\n<\/ul>\n","protected":false},"excerpt":{"rendered":"<p><strong>A k\u00e9szlet tartalma:<\/strong><\/p>\n<ul>\n<li>VDE K\u00e1belcsupasz\u00edt\u00f3 fog\u00f3 160 mm &#8211; 1 db (4932464573)<\/li>\n<li>VDE hossz\u00fa kerekcs\u0151r\u0171 fog\u00f3 (4932464564)<\/li>\n<li>VDE oldal cs\u00edp\u0151fog\u00f3 160mm (4932464567)<\/li>\n<li>VDE kombin\u00e1lt fog\u00f3 180mm (4932464572)<\/li>\n<li>TRILOBE VDE CSAVARH\u00daZ\u00d3 FURATOS 0.5 X 3 X 100 (4932478713)<\/li>\n<li>Fesz\u00fclts\u00e9gm\u00e9r\u0151 (4932478719)<\/li>\n<li>TRI-LOBE VDE CSAVARH\u00daZ\u00d3 PZ 1x80mm (4932478725)<\/li>\n<li>PZ 2x100mm (4932478726)<\/li>\n<li>TRI-LOBE VDE CSAVARH\u00daZ\u00d3 FURATOS 0.8 X 4 X 100 (4932478715)<\/li>\n<li>VDE Csavarh\u00faz\u00f3 3 oldal\u00fa markolattal SL 1,0&#215;5,5&#215;125 (4932478716)<\/li>\n<\/ul>\n","protected":false},"featured_media":5705,"template":"","meta":[],"product_cat":[59,198,232,228,197,89],"product_tag":[],"class_list":["post-5704","product","type-product","status-publish","has-post-thumbnail","hentry","product_cat-milwaukee","product_cat-packout","product_cat-packout-modularis-tarolorendszer","product_cat-rendszer","product_cat-tarolas","product_cat-termekek"],"yoast_head":"<!-- This site is optimized with the Yoast SEO Premium plugin v21.3 (Yoast SEO v21.3) - https:\/\/yoast.com\/wordpress\/plugins\/seo\/ -->\n<title>MILWAUKEE PACKOUT\u2122 10 R\u00c9SZES VDE VILLANYSZEREL\u0150 SZETT HABBET\u00c9TBEN (4932493637) - Eurosmart - Milwaukee web\u00e1ruh\u00e1z<\/title>\n<meta name=\"robots\" content=\"index, follow, max-snippet:-1, max-image-preview:large, max-video-preview:-1\" \/>\n<link rel=\"canonical\" href=\"https:\/\/www.eurosmart.hu\/shop\/index.php\/termek\/milwaukee-packout-10-reszes-vde-villanyszerelo-4932493637\/\" \/>\n<meta property=\"og:locale\" content=\"hu_HU\" \/>\n<meta property=\"og:type\" content=\"article\" \/>\n<meta property=\"og:title\" content=\"MILWAUKEE PACKOUT\u2122 10 R\u00c9SZES VDE VILLANYSZEREL\u0150 SZETT HABBET\u00c9TBEN (4932493637)\" \/>\n<meta property=\"og:description\" content=\"A k\u00e9szlet tartalma:   VDE K\u00e1belcsupasz\u00edt\u00f3 fog\u00f3 160 mm - 1 db (4932464573)  VDE hossz\u00fa kerekcs\u0151r\u0171 fog\u00f3 (4932464564)  VDE oldal cs\u00edp\u0151fog\u00f3 160mm (4932464567)  VDE kombin\u00e1lt fog\u00f3 180mm (4932464572)  TRILOBE VDE CSAVARH\u00daZ\u00d3 FURATOS 0.5 X 3 X 100 (4932478713)  Fesz\u00fclts\u00e9gm\u00e9r\u0151 (4932478719)  TRI-LOBE VDE CSAVARH\u00daZ\u00d3 PZ 1x80mm (4932478725)  PZ 2x100mm (4932478726)  TRI-LOBE VDE CSAVARH\u00daZ\u00d3 FURATOS 0.8 X 4 X 100 (4932478715)  VDE Csavarh\u00faz\u00f3 3 oldal\u00fa markolattal SL 1,0x5,5x125 (4932478716)\" \/>\n<meta property=\"og:url\" content=\"https:\/\/www.eurosmart.hu\/shop\/index.php\/termek\/milwaukee-packout-10-reszes-vde-villanyszerelo-4932493637\/\" \/>\n<meta property=\"og:site_name\" content=\"Eurosmart - Milwaukee web\u00e1ruh\u00e1z\" \/>\n<meta property=\"article:publisher\" content=\"https:\/\/www.facebook.com\/EurosmartKft\" \/>\n<meta property=\"article:modified_time\" content=\"2024-02-19T09:01:19+00:00\" \/>\n<meta property=\"og:image\" content=\"https:\/\/www.eurosmart.hu\/shop\/wp-content\/uploads\/2024\/02\/4932493637.jpg\" \/>\n\t<meta property=\"og:image:width\" content=\"1000\" \/>\n\t<meta property=\"og:image:height\" content=\"1000\" \/>\n\t<meta property=\"og:image:type\" content=\"image\/jpeg\" \/>\n<meta name=\"twitter:card\" content=\"summary_large_image\" \/>\n<meta name=\"twitter:label1\" content=\"Price\" \/>\n\t<meta name=\"twitter:data1\" content=\"\" \/>\n\t<meta name=\"twitter:label2\" content=\"Availability\" \/>\n\t<meta name=\"twitter:data2\" content=\"On backorder\" \/>\n<script type=\"application\/ld+json\" class=\"yoast-schema-graph\">{\"@context\":\"https:\/\/schema.org\",\"@graph\":[{\"@type\":\"WebPage\",\"@id\":\"https:\/\/www.eurosmart.hu\/shop\/index.php\/termek\/milwaukee-packout-10-reszes-vde-villanyszerelo-4932493637\/\",\"url\":\"https:\/\/www.eurosmart.hu\/shop\/index.php\/termek\/milwaukee-packout-10-reszes-vde-villanyszerelo-4932493637\/\",\"name\":\"MILWAUKEE PACKOUT\u2122 10 R\u00c9SZES VDE VILLANYSZEREL\u0150 SZETT HABBET\u00c9TBEN (4932493637) - Eurosmart - Milwaukee web\u00e1ruh\u00e1z\",\"isPartOf\":{\"@id\":\"https:\/\/www.eurosmart.hu\/shop\/#website\"},\"datePublished\":\"2024-02-19T08:51:50+00:00\",\"dateModified\":\"2024-02-19T09:01:19+00:00\",\"breadcrumb\":{\"@id\":\"https:\/\/www.eurosmart.hu\/shop\/index.php\/termek\/milwaukee-packout-10-reszes-vde-villanyszerelo-4932493637\/#breadcrumb\"},\"inLanguage\":\"hu\",\"potentialAction\":[{\"@type\":\"ReadAction\",\"target\":[\"https:\/\/www.eurosmart.hu\/shop\/index.php\/termek\/milwaukee-packout-10-reszes-vde-villanyszerelo-4932493637\/\"]}]},{\"@type\":\"BreadcrumbList\",\"@id\":\"https:\/\/www.eurosmart.hu\/shop\/index.php\/termek\/milwaukee-packout-10-reszes-vde-villanyszerelo-4932493637\/#breadcrumb\",\"itemListElement\":[{\"@type\":\"ListItem\",\"position\":1,\"name\":\"Kezd\u0151lap\",\"item\":\"https:\/\/www.eurosmart.hu\/shop\/\"},{\"@type\":\"ListItem\",\"position\":2,\"name\":\"Term\u00e9keink\",\"item\":\"https:\/\/www.eurosmart.hu\/shop\/index.php\/uzlet\/\"},{\"@type\":\"ListItem\",\"position\":3,\"name\":\"MILWAUKEE PACKOUT\u2122 10 R\u00c9SZES VDE VILLANYSZEREL\u0150 SZETT HABBET\u00c9TBEN (4932493637)\"}]},{\"@type\":\"WebSite\",\"@id\":\"https:\/\/www.eurosmart.hu\/shop\/#website\",\"url\":\"https:\/\/www.eurosmart.hu\/shop\/\",\"name\":\"Eurosmart - Milwaukee web\u00e1ruh\u00e1z\",\"description\":\"Milwaukee web\u00e1ruh\u00e1z\",\"publisher\":{\"@id\":\"https:\/\/www.eurosmart.hu\/shop\/#organization\"},\"potentialAction\":[{\"@type\":\"SearchAction\",\"target\":{\"@type\":\"EntryPoint\",\"urlTemplate\":\"https:\/\/www.eurosmart.hu\/shop\/?s={search_term_string}\"},\"query-input\":\"required name=search_term_string\"}],\"inLanguage\":\"hu\"},{\"@type\":\"Organization\",\"@id\":\"https:\/\/www.eurosmart.hu\/shop\/#organization\",\"name\":\"Eurosmart - Milwaukee web\u00e1ruh\u00e1z\",\"url\":\"https:\/\/www.eurosmart.hu\/shop\/\",\"logo\":{\"@type\":\"ImageObject\",\"inLanguage\":\"hu\",\"@id\":\"https:\/\/www.eurosmart.hu\/shop\/#\/schema\/logo\/image\/\",\"url\":\"https:\/\/www.eurosmart.hu\/shop\/wp-content\/uploads\/2023\/10\/milwaukee-logo-1.png\",\"contentUrl\":\"https:\/\/www.eurosmart.hu\/shop\/wp-content\/uploads\/2023\/10\/milwaukee-logo-1.png\",\"width\":500,\"height\":200,\"caption\":\"Eurosmart - Milwaukee web\u00e1ruh\u00e1z\"},\"image\":{\"@id\":\"https:\/\/www.eurosmart.hu\/shop\/#\/schema\/logo\/image\/\"},\"sameAs\":[\"https:\/\/www.facebook.com\/EurosmartKft\"]}]}<\/script>\n<meta property=\"product:price:amount\" content=\"0\" \/>\n<meta property=\"product:price:currency\" content=\"HUF\" \/>\n<meta property=\"og:availability\" content=\"backorder\" \/>\n<meta property=\"product:availability\" content=\"available for order\" \/>\n<meta property=\"product:retailer_item_id\" content=\"4932493637\" \/>\n<meta property=\"product:condition\" content=\"new\" \/>\n<!-- \/ Yoast SEO Premium plugin. -->","yoast_head_json":{"title":"MILWAUKEE PACKOUT\u2122 10 R\u00c9SZES VDE VILLANYSZEREL\u0150 SZETT HABBET\u00c9TBEN (4932493637) - Eurosmart - Milwaukee web\u00e1ruh\u00e1z","robots":{"index":"index","follow":"follow","max-snippet":"max-snippet:-1","max-image-preview":"max-image-preview:large","max-video-preview":"max-video-preview:-1"},"canonical":"https:\/\/www.eurosmart.hu\/shop\/index.php\/termek\/milwaukee-packout-10-reszes-vde-villanyszerelo-4932493637\/","og_locale":"hu_HU","og_type":"article","og_title":"MILWAUKEE PACKOUT\u2122 10 R\u00c9SZES VDE VILLANYSZEREL\u0150 SZETT HABBET\u00c9TBEN (4932493637)","og_description":"A k\u00e9szlet tartalma:   VDE K\u00e1belcsupasz\u00edt\u00f3 fog\u00f3 160 mm - 1 db (4932464573)  VDE hossz\u00fa kerekcs\u0151r\u0171 fog\u00f3 (4932464564)  VDE oldal cs\u00edp\u0151fog\u00f3 160mm (4932464567)  VDE kombin\u00e1lt fog\u00f3 180mm (4932464572)  TRILOBE VDE CSAVARH\u00daZ\u00d3 FURATOS 0.5 X 3 X 100 (4932478713)  Fesz\u00fclts\u00e9gm\u00e9r\u0151 (4932478719)  TRI-LOBE VDE CSAVARH\u00daZ\u00d3 PZ 1x80mm (4932478725)  PZ 2x100mm (4932478726)  TRI-LOBE VDE CSAVARH\u00daZ\u00d3 FURATOS 0.8 X 4 X 100 (4932478715)  VDE Csavarh\u00faz\u00f3 3 oldal\u00fa markolattal SL 1,0x5,5x125 (4932478716)","og_url":"https:\/\/www.eurosmart.hu\/shop\/index.php\/termek\/milwaukee-packout-10-reszes-vde-villanyszerelo-4932493637\/","og_site_name":"Eurosmart - Milwaukee web\u00e1ruh\u00e1z","article_publisher":"https:\/\/www.facebook.com\/EurosmartKft","article_modified_time":"2024-02-19T09:01:19+00:00","og_image":[{"width":1000,"height":1000,"url":"https:\/\/www.eurosmart.hu\/shop\/wp-content\/uploads\/2024\/02\/4932493637.jpg","type":"image\/jpeg"}],"twitter_card":"summary_large_image","twitter_misc":{"Price":"","Availability":"On backorder"},"schema":{"@context":"https:\/\/schema.org","@graph":[{"@type":"WebPage","@id":"https:\/\/www.eurosmart.hu\/shop\/index.php\/termek\/milwaukee-packout-10-reszes-vde-villanyszerelo-4932493637\/","url":"https:\/\/www.eurosmart.hu\/shop\/index.php\/termek\/milwaukee-packout-10-reszes-vde-villanyszerelo-4932493637\/","name":"MILWAUKEE PACKOUT\u2122 10 R\u00c9SZES VDE VILLANYSZEREL\u0150 SZETT HABBET\u00c9TBEN (4932493637) - Eurosmart - Milwaukee web\u00e1ruh\u00e1z","isPartOf":{"@id":"https:\/\/www.eurosmart.hu\/shop\/#website"},"datePublished":"2024-02-19T08:51:50+00:00","dateModified":"2024-02-19T09:01:19+00:00","breadcrumb":{"@id":"https:\/\/www.eurosmart.hu\/shop\/index.php\/termek\/milwaukee-packout-10-reszes-vde-villanyszerelo-4932493637\/#breadcrumb"},"inLanguage":"hu","potentialAction":[{"@type":"ReadAction","target":["https:\/\/www.eurosmart.hu\/shop\/index.php\/termek\/milwaukee-packout-10-reszes-vde-villanyszerelo-4932493637\/"]}]},{"@type":"BreadcrumbList","@id":"https:\/\/www.eurosmart.hu\/shop\/index.php\/termek\/milwaukee-packout-10-reszes-vde-villanyszerelo-4932493637\/#breadcrumb","itemListElement":[{"@type":"ListItem","position":1,"name":"Kezd\u0151lap","item":"https:\/\/www.eurosmart.hu\/shop\/"},{"@type":"ListItem","position":2,"name":"Term\u00e9keink","item":"https:\/\/www.eurosmart.hu\/shop\/index.php\/uzlet\/"},{"@type":"ListItem","position":3,"name":"MILWAUKEE PACKOUT\u2122 10 R\u00c9SZES VDE VILLANYSZEREL\u0150 SZETT HABBET\u00c9TBEN (4932493637)"}]},{"@type":"WebSite","@id":"https:\/\/www.eurosmart.hu\/shop\/#website","url":"https:\/\/www.eurosmart.hu\/shop\/","name":"Eurosmart - Milwaukee web\u00e1ruh\u00e1z","description":"Milwaukee web\u00e1ruh\u00e1z","publisher":{"@id":"https:\/\/www.eurosmart.hu\/shop\/#organization"},"potentialAction":[{"@type":"SearchAction","target":{"@type":"EntryPoint","urlTemplate":"https:\/\/www.eurosmart.hu\/shop\/?s={search_term_string}"},"query-input":"required name=search_term_string"}],"inLanguage":"hu"},{"@type":"Organization","@id":"https:\/\/www.eurosmart.hu\/shop\/#organization","name":"Eurosmart - Milwaukee web\u00e1ruh\u00e1z","url":"https:\/\/www.eurosmart.hu\/shop\/","logo":{"@type":"ImageObject","inLanguage":"hu","@id":"https:\/\/www.eurosmart.hu\/shop\/#\/schema\/logo\/image\/","url":"https:\/\/www.eurosmart.hu\/shop\/wp-content\/uploads\/2023\/10\/milwaukee-logo-1.png","contentUrl":"https:\/\/www.eurosmart.hu\/shop\/wp-content\/uploads\/2023\/10\/milwaukee-logo-1.png","width":500,"height":200,"caption":"Eurosmart - Milwaukee web\u00e1ruh\u00e1z"},"image":{"@id":"https:\/\/www.eurosmart.hu\/shop\/#\/schema\/logo\/image\/"},"sameAs":["https:\/\/www.facebook.com\/EurosmartKft"]}]},"product_price_currency":"HUF","og_availability":"backorder","product_availability":"available for order","product_retailer_item_id":"4932493637","product_condition":"new"},"_links":{"self":[{"href":"https:\/\/www.eurosmart.hu\/shop\/index.php\/wp-json\/wp\/v2\/product\/5704","targetHints":{"allow":["GET"]}}],"collection":[{"href":"https:\/\/www.eurosmart.hu\/shop\/index.php\/wp-json\/wp\/v2\/product"}],"about":[{"href":"https:\/\/www.eurosmart.hu\/shop\/index.php\/wp-json\/wp\/v2\/types\/product"}],"wp:featuredmedia":[{"embeddable":true,"href":"https:\/\/www.eurosmart.hu\/shop\/index.php\/wp-json\/wp\/v2\/media\/5705"}],"wp:attachment":[{"href":"https:\/\/www.eurosmart.hu\/shop\/index.php\/wp-json\/wp\/v2\/media?parent=5704"}],"wp:term":[{"taxonomy":"product_cat","embeddable":true,"href":"https:\/\/www.eurosmart.hu\/shop\/index.php\/wp-json\/wp\/v2\/product_cat?post=5704"},{"taxonomy":"product_tag","embeddable":true,"href":"https:\/\/www.eurosmart.hu\/shop\/index.php\/wp-json\/wp\/v2\/product_tag?post=5704"}],"curies":[{"name":"wp","href":"https:\/\/api.w.org\/{rel}","templated":true}]}}