{"id":5074,"date":"2024-02-05T12:19:44","date_gmt":"2024-02-05T12:19:44","guid":{"rendered":"https:\/\/www.eurosmart.hu\/shop\/?post_type=product&#038;p=5074"},"modified":"2024-02-05T12:22:15","modified_gmt":"2024-02-05T12:22:15","slug":"milwaukee-m18-fcddexl-0-kompakt-porelszivo-26-mm-es-sds-plus-kalapacsokhoz-4933478507","status":"publish","type":"product","link":"https:\/\/www.eurosmart.hu\/shop\/index.php\/termek\/milwaukee-m18-fcddexl-0-kompakt-porelszivo-26-mm-es-sds-plus-kalapacsokhoz-4933478507\/","title":{"rendered":"MILWAUKEE M18 FCDDEXL-0 KOMPAKT PORELSZ\u00cdV\u00d3 26 MM-ES SDS-PLUS KALAP\u00c1CSOKHOZ (4933478507)"},"content":{"rendered":"<h5>Tulajdons\u00e1gok:<\/h5>\n<ul class=\"ProductFeaturesTextstyles__FeatureList-fxqvf2-1 dUrrwH\">\n<li class=\"ProductFeaturesTextstyles__Feature-fxqvf2-3 ggyeUS\">\u00dagy lett tervezve, hogy hat\u00e9konyan \u00f6sszegy\u0171jtse a port, automatikusan ind\u00edthat\u00f3 a g\u00e9p ki- \u00e9s bekapcsol\u00f3j\u00e1val<\/li>\n<li class=\"ProductFeaturesTextstyles__Feature-fxqvf2-3 ggyeUS\">Ez a rendk\u00edv\u00fcl hat\u00e9kony HEPA sz\u0171r\u0151 \u00f6sszegy\u0171jti a l\u00e9gk\u00f6ri r\u00e9szecsk\u00e9k 99,97%-\u00e1t (eg\u00e9szen a 0,3 mikron m\u00e9retig)<\/li>\n<li class=\"ProductFeaturesTextstyles__Feature-fxqvf2-3 ggyeUS\">A k\u00e9zi sz\u0171r\u0151tiszt\u00edt\u00f3 mechanizmus n\u00f6veli a l\u00e9g\u00e1raml\u00e1s hat\u00e9konys\u00e1g\u00e1t, valamint a sz\u0171r\u0151 \u00e9lettartam\u00e1t<\/li>\n<li class=\"ProductFeaturesTextstyles__Feature-fxqvf2-3 ggyeUS\">A cser\u00e9lhet\u0151 elsz\u00edv\u00f3cs\u00f6veket a k\u00fcl\u00f6nb\u00f6z\u0151 f\u00far\u00e1si \u00e1tm\u00e9r\u0151kh\u00f6z lehet igaz\u00edtani. 2 fajta elsz\u00edv\u00f3cs\u0151 m\u00e9rettel felszerelve: 1x \u230016 mm-ig, 1x \u230026 mm-ig, amelyek a gyorsz\u00e1r\u00f3 mechanizmusnak k\u00f6sz\u00f6nhet\u0151en gyorsan cser\u00e9lhet\u0151k<\/li>\n<li class=\"ProductFeaturesTextstyles__Feature-fxqvf2-3 ggyeUS\">\u00c1ll\u00edthat\u00f3 m\u00e9lys\u00e9gm\u00e9r\u0151 egyszer\u0171en haszn\u00e1lhat\u00f3 \u00e9s prec\u00edz be\u00e1ll\u00edt\u00f3 gombokkal a pontos furatm\u00e9lys\u00e9g \u00e9rdek\u00e9ben<\/li>\n<li class=\"ProductFeaturesTextstyles__Feature-fxqvf2-3 ggyeUS\">LED f\u00e9ny a munkater\u00fclet megvil\u00e1g\u00edt\u00e1s\u00e1hoz<\/li>\n<li class=\"ProductFeaturesTextstyles__Feature-fxqvf2-3 ggyeUS\">Kompatibilis\u00a0<a href=\"https:\/\/hu.milwaukeetool.eu\/hu-hu\/m18-fuel-4-fokozatu-26-mm-sds-plus-kalapacs\/m18-fh\/\">M18 FH<\/a>,\u00a0<a href=\"https:\/\/hu.milwaukeetool.eu\/hu-hu\/m18-fuel-4-fokozatu-26-mm-sds-plus-kalapacs-fixtec-tokmannyal\/m18-fhx\/\">M18 FHX<\/a>,\u00a0<a href=\"https:\/\/hu.milwaukeetool.eu\/hu-hu\/m18-fuel-4-fokozatu-sds-plus-kalapacs-one-key-funkcioval\/m18-onefh\/\">M18 ONEFH<\/a>\u00a0\u00e9s\u00a0<a href=\"https:\/\/hu.milwaukeetool.eu\/hu-hu\/m18-fuel-4-fokozatu-sds-plus-kalapacs-fixtec-tokmannyal-es-one-key-funkcioval\/m18-onefhx\/\">M18 ONEFHX<\/a>\u00a0kalap\u00e1csokkal<\/li>\n<\/ul>\n<h5>M\u0171szaki adatok:<\/h5>\n<ul>\n<li>T\u00edpus: Akkumul\u00e1toros, Li-ion 18V<\/li>\n<li>L\u00f6kethossz (mm): 96<\/li>\n<li>Max. f\u00far\u00e1si m\u00e9lys\u00e9g (mm): 96<\/li>\n<li>Max. f\u00far\u00f3sz\u00e1r \u00e1tm\u00e9r\u0151 (mm): 26<\/li>\n<li>Max. f\u00far\u00f3sz\u00e1r hossz (mm): 200<\/li>\n<li>S\u00faly (kg): 1.4<\/li>\n<\/ul>\n","protected":false},"excerpt":{"rendered":"<p><strong>A k\u00e9szlet tartalma:<\/strong> 1 db M18 FCDDEXL PORELSZ\u00cdV\u00d3 <em>(akkumul\u00e1tor, t\u00f6lt\u0151 \u00e9s koffer n\u00e9lk\u00fcl sz\u00e1ll\u00edtva!)<\/em><\/p>\n","protected":false},"featured_media":5075,"template":"","meta":[],"product_cat":[165,176,230,59,228,89],"product_tag":[],"class_list":["post-5074","product","type-product","status-publish","has-post-thumbnail","hentry","product_cat-akkumulatoros-gepek","product_cat-egyeb-akkus-gepek","product_cat-m18-rendszer","product_cat-milwaukee","product_cat-rendszer","product_cat-termekek"],"yoast_head":"<!-- This site is optimized with the Yoast SEO Premium plugin v21.3 (Yoast SEO v21.3) - https:\/\/yoast.com\/wordpress\/plugins\/seo\/ -->\n<title>MILWAUKEE M18 FCDDEXL-0 KOMPAKT PORELSZ\u00cdV\u00d3 26 MM-ES SDS-PLUS KALAP\u00c1CSOKHOZ (4933478507) - Eurosmart - Milwaukee web\u00e1ruh\u00e1z<\/title>\n<meta name=\"robots\" content=\"index, follow, max-snippet:-1, max-image-preview:large, max-video-preview:-1\" \/>\n<link rel=\"canonical\" href=\"https:\/\/www.eurosmart.hu\/shop\/index.php\/termek\/milwaukee-m18-fcddexl-0-kompakt-porelszivo-26-mm-es-sds-plus-kalapacsokhoz-4933478507\/\" \/>\n<meta property=\"og:locale\" content=\"hu_HU\" \/>\n<meta property=\"og:type\" content=\"article\" \/>\n<meta property=\"og:title\" content=\"MILWAUKEE M18 FCDDEXL-0 KOMPAKT PORELSZ\u00cdV\u00d3 26 MM-ES SDS-PLUS KALAP\u00c1CSOKHOZ (4933478507)\" \/>\n<meta property=\"og:description\" content=\"A k\u00e9szlet tartalma: 1 db M18 FCDDEXL PORELSZ\u00cdV\u00d3 (akkumul\u00e1tor, t\u00f6lt\u0151 \u00e9s koffer n\u00e9lk\u00fcl sz\u00e1ll\u00edtva!)\" \/>\n<meta property=\"og:url\" content=\"https:\/\/www.eurosmart.hu\/shop\/index.php\/termek\/milwaukee-m18-fcddexl-0-kompakt-porelszivo-26-mm-es-sds-plus-kalapacsokhoz-4933478507\/\" \/>\n<meta property=\"og:site_name\" content=\"Eurosmart - Milwaukee web\u00e1ruh\u00e1z\" \/>\n<meta property=\"article:publisher\" content=\"https:\/\/www.facebook.com\/EurosmartKft\" \/>\n<meta property=\"article:modified_time\" content=\"2024-02-05T12:22:15+00:00\" \/>\n<meta property=\"og:image\" content=\"https:\/\/www.eurosmart.hu\/shop\/wp-content\/uploads\/2024\/02\/4933478507.webp\" \/>\n\t<meta property=\"og:image:width\" content=\"1000\" \/>\n\t<meta property=\"og:image:height\" content=\"1000\" \/>\n\t<meta property=\"og:image:type\" content=\"image\/webp\" \/>\n<meta name=\"twitter:card\" content=\"summary_large_image\" \/>\n<meta name=\"twitter:label1\" content=\"Price\" \/>\n\t<meta name=\"twitter:data1\" content=\"\" \/>\n\t<meta name=\"twitter:label2\" content=\"Availability\" \/>\n\t<meta name=\"twitter:data2\" content=\"On backorder\" \/>\n<script type=\"application\/ld+json\" class=\"yoast-schema-graph\">{\"@context\":\"https:\/\/schema.org\",\"@graph\":[{\"@type\":\"WebPage\",\"@id\":\"https:\/\/www.eurosmart.hu\/shop\/index.php\/termek\/milwaukee-m18-fcddexl-0-kompakt-porelszivo-26-mm-es-sds-plus-kalapacsokhoz-4933478507\/\",\"url\":\"https:\/\/www.eurosmart.hu\/shop\/index.php\/termek\/milwaukee-m18-fcddexl-0-kompakt-porelszivo-26-mm-es-sds-plus-kalapacsokhoz-4933478507\/\",\"name\":\"MILWAUKEE M18 FCDDEXL-0 KOMPAKT PORELSZ\u00cdV\u00d3 26 MM-ES SDS-PLUS KALAP\u00c1CSOKHOZ (4933478507) - Eurosmart - Milwaukee web\u00e1ruh\u00e1z\",\"isPartOf\":{\"@id\":\"https:\/\/www.eurosmart.hu\/shop\/#website\"},\"datePublished\":\"2024-02-05T12:19:44+00:00\",\"dateModified\":\"2024-02-05T12:22:15+00:00\",\"breadcrumb\":{\"@id\":\"https:\/\/www.eurosmart.hu\/shop\/index.php\/termek\/milwaukee-m18-fcddexl-0-kompakt-porelszivo-26-mm-es-sds-plus-kalapacsokhoz-4933478507\/#breadcrumb\"},\"inLanguage\":\"hu\",\"potentialAction\":[{\"@type\":\"ReadAction\",\"target\":[\"https:\/\/www.eurosmart.hu\/shop\/index.php\/termek\/milwaukee-m18-fcddexl-0-kompakt-porelszivo-26-mm-es-sds-plus-kalapacsokhoz-4933478507\/\"]}]},{\"@type\":\"BreadcrumbList\",\"@id\":\"https:\/\/www.eurosmart.hu\/shop\/index.php\/termek\/milwaukee-m18-fcddexl-0-kompakt-porelszivo-26-mm-es-sds-plus-kalapacsokhoz-4933478507\/#breadcrumb\",\"itemListElement\":[{\"@type\":\"ListItem\",\"position\":1,\"name\":\"Kezd\u0151lap\",\"item\":\"https:\/\/www.eurosmart.hu\/shop\/\"},{\"@type\":\"ListItem\",\"position\":2,\"name\":\"Term\u00e9keink\",\"item\":\"https:\/\/www.eurosmart.hu\/shop\/index.php\/uzlet\/\"},{\"@type\":\"ListItem\",\"position\":3,\"name\":\"MILWAUKEE M18 FCDDEXL-0 KOMPAKT PORELSZ\u00cdV\u00d3 26 MM-ES SDS-PLUS KALAP\u00c1CSOKHOZ (4933478507)\"}]},{\"@type\":\"WebSite\",\"@id\":\"https:\/\/www.eurosmart.hu\/shop\/#website\",\"url\":\"https:\/\/www.eurosmart.hu\/shop\/\",\"name\":\"Eurosmart - Milwaukee web\u00e1ruh\u00e1z\",\"description\":\"Milwaukee web\u00e1ruh\u00e1z\",\"publisher\":{\"@id\":\"https:\/\/www.eurosmart.hu\/shop\/#organization\"},\"potentialAction\":[{\"@type\":\"SearchAction\",\"target\":{\"@type\":\"EntryPoint\",\"urlTemplate\":\"https:\/\/www.eurosmart.hu\/shop\/?s={search_term_string}\"},\"query-input\":\"required name=search_term_string\"}],\"inLanguage\":\"hu\"},{\"@type\":\"Organization\",\"@id\":\"https:\/\/www.eurosmart.hu\/shop\/#organization\",\"name\":\"Eurosmart - Milwaukee web\u00e1ruh\u00e1z\",\"url\":\"https:\/\/www.eurosmart.hu\/shop\/\",\"logo\":{\"@type\":\"ImageObject\",\"inLanguage\":\"hu\",\"@id\":\"https:\/\/www.eurosmart.hu\/shop\/#\/schema\/logo\/image\/\",\"url\":\"https:\/\/www.eurosmart.hu\/shop\/wp-content\/uploads\/2023\/10\/milwaukee-logo-1.png\",\"contentUrl\":\"https:\/\/www.eurosmart.hu\/shop\/wp-content\/uploads\/2023\/10\/milwaukee-logo-1.png\",\"width\":500,\"height\":200,\"caption\":\"Eurosmart - Milwaukee web\u00e1ruh\u00e1z\"},\"image\":{\"@id\":\"https:\/\/www.eurosmart.hu\/shop\/#\/schema\/logo\/image\/\"},\"sameAs\":[\"https:\/\/www.facebook.com\/EurosmartKft\"]}]}<\/script>\n<meta property=\"product:price:amount\" content=\"0\" \/>\n<meta property=\"product:price:currency\" content=\"HUF\" \/>\n<meta property=\"og:availability\" content=\"backorder\" \/>\n<meta property=\"product:availability\" content=\"available for order\" \/>\n<meta property=\"product:retailer_item_id\" content=\"4933478507\" \/>\n<meta property=\"product:condition\" content=\"new\" \/>\n<!-- \/ Yoast SEO Premium plugin. -->","yoast_head_json":{"title":"MILWAUKEE M18 FCDDEXL-0 KOMPAKT PORELSZ\u00cdV\u00d3 26 MM-ES SDS-PLUS KALAP\u00c1CSOKHOZ (4933478507) - Eurosmart - Milwaukee web\u00e1ruh\u00e1z","robots":{"index":"index","follow":"follow","max-snippet":"max-snippet:-1","max-image-preview":"max-image-preview:large","max-video-preview":"max-video-preview:-1"},"canonical":"https:\/\/www.eurosmart.hu\/shop\/index.php\/termek\/milwaukee-m18-fcddexl-0-kompakt-porelszivo-26-mm-es-sds-plus-kalapacsokhoz-4933478507\/","og_locale":"hu_HU","og_type":"article","og_title":"MILWAUKEE M18 FCDDEXL-0 KOMPAKT PORELSZ\u00cdV\u00d3 26 MM-ES SDS-PLUS KALAP\u00c1CSOKHOZ (4933478507)","og_description":"A k\u00e9szlet tartalma: 1 db M18 FCDDEXL PORELSZ\u00cdV\u00d3 (akkumul\u00e1tor, t\u00f6lt\u0151 \u00e9s koffer n\u00e9lk\u00fcl sz\u00e1ll\u00edtva!)","og_url":"https:\/\/www.eurosmart.hu\/shop\/index.php\/termek\/milwaukee-m18-fcddexl-0-kompakt-porelszivo-26-mm-es-sds-plus-kalapacsokhoz-4933478507\/","og_site_name":"Eurosmart - Milwaukee web\u00e1ruh\u00e1z","article_publisher":"https:\/\/www.facebook.com\/EurosmartKft","article_modified_time":"2024-02-05T12:22:15+00:00","og_image":[{"width":1000,"height":1000,"url":"https:\/\/www.eurosmart.hu\/shop\/wp-content\/uploads\/2024\/02\/4933478507.webp","type":"image\/webp"}],"twitter_card":"summary_large_image","twitter_misc":{"Price":"","Availability":"On backorder"},"schema":{"@context":"https:\/\/schema.org","@graph":[{"@type":"WebPage","@id":"https:\/\/www.eurosmart.hu\/shop\/index.php\/termek\/milwaukee-m18-fcddexl-0-kompakt-porelszivo-26-mm-es-sds-plus-kalapacsokhoz-4933478507\/","url":"https:\/\/www.eurosmart.hu\/shop\/index.php\/termek\/milwaukee-m18-fcddexl-0-kompakt-porelszivo-26-mm-es-sds-plus-kalapacsokhoz-4933478507\/","name":"MILWAUKEE M18 FCDDEXL-0 KOMPAKT PORELSZ\u00cdV\u00d3 26 MM-ES SDS-PLUS KALAP\u00c1CSOKHOZ (4933478507) - Eurosmart - Milwaukee web\u00e1ruh\u00e1z","isPartOf":{"@id":"https:\/\/www.eurosmart.hu\/shop\/#website"},"datePublished":"2024-02-05T12:19:44+00:00","dateModified":"2024-02-05T12:22:15+00:00","breadcrumb":{"@id":"https:\/\/www.eurosmart.hu\/shop\/index.php\/termek\/milwaukee-m18-fcddexl-0-kompakt-porelszivo-26-mm-es-sds-plus-kalapacsokhoz-4933478507\/#breadcrumb"},"inLanguage":"hu","potentialAction":[{"@type":"ReadAction","target":["https:\/\/www.eurosmart.hu\/shop\/index.php\/termek\/milwaukee-m18-fcddexl-0-kompakt-porelszivo-26-mm-es-sds-plus-kalapacsokhoz-4933478507\/"]}]},{"@type":"BreadcrumbList","@id":"https:\/\/www.eurosmart.hu\/shop\/index.php\/termek\/milwaukee-m18-fcddexl-0-kompakt-porelszivo-26-mm-es-sds-plus-kalapacsokhoz-4933478507\/#breadcrumb","itemListElement":[{"@type":"ListItem","position":1,"name":"Kezd\u0151lap","item":"https:\/\/www.eurosmart.hu\/shop\/"},{"@type":"ListItem","position":2,"name":"Term\u00e9keink","item":"https:\/\/www.eurosmart.hu\/shop\/index.php\/uzlet\/"},{"@type":"ListItem","position":3,"name":"MILWAUKEE M18 FCDDEXL-0 KOMPAKT PORELSZ\u00cdV\u00d3 26 MM-ES SDS-PLUS KALAP\u00c1CSOKHOZ (4933478507)"}]},{"@type":"WebSite","@id":"https:\/\/www.eurosmart.hu\/shop\/#website","url":"https:\/\/www.eurosmart.hu\/shop\/","name":"Eurosmart - Milwaukee web\u00e1ruh\u00e1z","description":"Milwaukee web\u00e1ruh\u00e1z","publisher":{"@id":"https:\/\/www.eurosmart.hu\/shop\/#organization"},"potentialAction":[{"@type":"SearchAction","target":{"@type":"EntryPoint","urlTemplate":"https:\/\/www.eurosmart.hu\/shop\/?s={search_term_string}"},"query-input":"required name=search_term_string"}],"inLanguage":"hu"},{"@type":"Organization","@id":"https:\/\/www.eurosmart.hu\/shop\/#organization","name":"Eurosmart - Milwaukee web\u00e1ruh\u00e1z","url":"https:\/\/www.eurosmart.hu\/shop\/","logo":{"@type":"ImageObject","inLanguage":"hu","@id":"https:\/\/www.eurosmart.hu\/shop\/#\/schema\/logo\/image\/","url":"https:\/\/www.eurosmart.hu\/shop\/wp-content\/uploads\/2023\/10\/milwaukee-logo-1.png","contentUrl":"https:\/\/www.eurosmart.hu\/shop\/wp-content\/uploads\/2023\/10\/milwaukee-logo-1.png","width":500,"height":200,"caption":"Eurosmart - Milwaukee web\u00e1ruh\u00e1z"},"image":{"@id":"https:\/\/www.eurosmart.hu\/shop\/#\/schema\/logo\/image\/"},"sameAs":["https:\/\/www.facebook.com\/EurosmartKft"]}]},"product_price_currency":"HUF","og_availability":"backorder","product_availability":"available for order","product_retailer_item_id":"4933478507","product_condition":"new"},"_links":{"self":[{"href":"https:\/\/www.eurosmart.hu\/shop\/index.php\/wp-json\/wp\/v2\/product\/5074","targetHints":{"allow":["GET"]}}],"collection":[{"href":"https:\/\/www.eurosmart.hu\/shop\/index.php\/wp-json\/wp\/v2\/product"}],"about":[{"href":"https:\/\/www.eurosmart.hu\/shop\/index.php\/wp-json\/wp\/v2\/types\/product"}],"wp:featuredmedia":[{"embeddable":true,"href":"https:\/\/www.eurosmart.hu\/shop\/index.php\/wp-json\/wp\/v2\/media\/5075"}],"wp:attachment":[{"href":"https:\/\/www.eurosmart.hu\/shop\/index.php\/wp-json\/wp\/v2\/media?parent=5074"}],"wp:term":[{"taxonomy":"product_cat","embeddable":true,"href":"https:\/\/www.eurosmart.hu\/shop\/index.php\/wp-json\/wp\/v2\/product_cat?post=5074"},{"taxonomy":"product_tag","embeddable":true,"href":"https:\/\/www.eurosmart.hu\/shop\/index.php\/wp-json\/wp\/v2\/product_tag?post=5074"}],"curies":[{"name":"wp","href":"https:\/\/api.w.org\/{rel}","templated":true}]}}