{"id":5055,"date":"2024-02-05T10:38:10","date_gmt":"2024-02-05T10:38:10","guid":{"rendered":"https:\/\/www.eurosmart.hu\/shop\/?post_type=product&#038;p=5055"},"modified":"2024-02-05T10:39:12","modified_gmt":"2024-02-05T10:39:12","slug":"milwaukee-m18-fcssm-121-fuel-kompakt-szekcios-csotisztitogep-szett-4933478407","status":"publish","type":"product","link":"https:\/\/www.eurosmart.hu\/shop\/index.php\/termek\/milwaukee-m18-fcssm-121-fuel-kompakt-szekcios-csotisztitogep-szett-4933478407\/","title":{"rendered":"MILWAUKEE M18 FCSSM-121 FUEL\u2122 KOMPAKT SZEKCI\u00d3S CS\u0150TISZT\u00cdT\u00d3G\u00c9P SZETT (4933478407)"},"content":{"rendered":"<h5>Tulajdons\u00e1gok:<\/h5>\n<ul class=\"ProductFeaturesTextstyles__FeatureList-fxqvf2-1 eacpVB\">\n<li class=\"ProductFeaturesTextstyles__Feature-fxqvf2-3 ggyeUS\">Kateg\u00f3ri\u00e1j\u00e1ban az els\u0151, 18 V-os akkumul\u00e1torral m\u0171k\u00f6d\u0151, kompakt szekci\u00f3s cs\u0151tiszt\u00edt\u00f3g\u00e9pe, amely mind a MILWAUKEE\u00ae, mind m\u00e1s gy\u00e1rt\u00f3k 16, illetve 22 mm-es szekcion\u00e1lt spir\u00e1ljaival haszn\u00e1lhat\u00f3, kik\u00fcsz\u00f6b\u00f6lve minden olyan \u00e1ram\u00fct\u00e9si vesz\u00e9lyt, amely vezet\u00e9kes eszk\u00f6z haszn\u00e1lat\u00e1n\u00e1l el\u0151fordulhat<\/li>\n<li class=\"ProductFeaturesTextstyles__Feature-fxqvf2-3 ggyeUS\">A rendk\u00edv\u00fcl kis t\u00f6meg\u0171 (14 kg az\u00a0<a href=\"https:\/\/hu.milwaukeetool.eu\/systems\/m18\/\">M18\u2122<\/a>\u00a012,0 Ah-s akkumul\u00e1torral egy\u00fctt) eszk\u00f6zzel a felhaszn\u00e1l\u00f3 k\u00e9nyelmesen t\u00f6bb emelet magasra vagy ak\u00e1r nagyobb t\u00e1vols\u00e1gokra is elviheti<\/li>\n<li class=\"ProductFeaturesTextstyles__Feature-fxqvf2-3 ggyeUS\">32 mm-t\u0151l 160 mm-ig terjed\u0151 cs\u00f6vekhez haszn\u00e1lhat\u00f3, maximum 46 m\u00e9ter hosszan<\/li>\n<li class=\"ProductFeaturesTextstyles__Feature-fxqvf2-3 ggyeUS\">A szersz\u00e1mok sz\u00e1ll\u00edt\u00e1s k\u00f6zbeni jobb \u00f6sszetart\u00e1s\u00e1ra szolg\u00e1l\u00f3, teljesen z\u00e1rt MILWAUKEE\u00ae doboz k\u00fcl\u00f6n el\u00e9rhet\u0151 \u00e9s megv\u00e1s\u00e1rolhat\u00f3 a 16 mm-es \u00e9s a 22 mm-es spir\u00e1lokhoz<\/li>\n<li class=\"ProductFeaturesTextstyles__Feature-fxqvf2-3 ggyeUS\">A rendk\u00edv\u00fcl kis helyig\u00e9ny miatt a felhaszn\u00e1l\u00f3 sz\u0171k t\u00e9rben is dolgozhat<\/li>\n<li class=\"ProductFeaturesTextstyles__Feature-fxqvf2-3 ggyeUS\">FUEL\u2122 platformunk DNS-e \u00fajradefini\u00e1lja a vezet\u00e9k n\u00e9lk\u00fcli technol\u00f3gia egyens\u00faly\u00e1t. A MILWAUKEE\u00ae POWERSTATE\u2122 sz\u00e9nkefe n\u00e9lk\u00fcli motor, REDLITHIUM\u2122 akkumul\u00e1tor \u00e9s REDLINK PLUS\u2122 intelligens elektronika p\u00e1ratlan teljes\u00edtm\u00e9nyt, \u00fczemid\u0151t \u00e9s tart\u00f3ss\u00e1got biztos\u00edt.<\/li>\n<li class=\"ProductFeaturesTextstyles__Feature-fxqvf2-3 ggyeUS\">Rugalmas akkumul\u00e1tor rendszerrel &#8211; MILWAUKEE\u00ae\u00a0<a href=\"https:\/\/hu.milwaukeetool.eu\/systems\/m18\/\">M18\u2122<\/a>\u00a0akkumul\u00e1torokkal m\u0171k\u00f6dik<\/li>\n<li class=\"ProductFeaturesTextstyles__Feature-fxqvf2-3 ggyeUS\">A spir\u00e1lok \u00e9s a tartoz\u00e9kfejek k\u00fcl\u00f6n megv\u00e1s\u00e1rolhat\u00f3ak<\/li>\n<\/ul>\n<h5>M\u0171szaki adatok:<\/h5>\n<ul>\n<li>T\u00edpus: Akkumul\u00e1toros, Li-ion, 18V<\/li>\n<li>\u00dcresj\u00e1rati fordulatsz\u00e1m (ford\/perc): 650<\/li>\n<li>Automatikus adagol\u00e1s: Nem<\/li>\n<li>Spir\u00e1l \u00e1tm\u00e9r\u0151je (mm): 16.22<\/li>\n<li>Spir\u00e1l hossza (m): 46<\/li>\n<li>Tiszt\u00edthat\u00f3 cs\u00f6vek \u00e1tm\u00e9r\u0151je (mm): 32-160<\/li>\n<li>S\u00faly akkumul\u00e1torral (kg): 14.0<\/li>\n<\/ul>\n","protected":false},"excerpt":{"rendered":"<p><strong>A k\u00e9szlet tartalma: <\/strong><\/p>\n<ul>\n<li>1 db M18 FCSSM kompakt szekci\u00f3s cs\u0151tiszt\u00edt\u00f3g\u00e9p <em>(koffer n\u00e9lk\u00fcl sz\u00e1ll\u00edtva!)<\/em><\/li>\n<li>1 db M18 HB12 12.0 Ah akkumul\u00e1tor<\/li>\n<li>1 db M12-18 FC gyorst\u00f6lt\u0151<\/li>\n<li>1 db v\u00e1llp\u00e1nt, 1 db 22 mm-es t\u00f6ml\u0151vezet\u0151<\/li>\n<\/ul>\n","protected":false},"featured_media":5054,"template":"","meta":[],"product_cat":[165,174,230,59,228,89],"product_tag":[],"class_list":["post-5055","product","type-product","status-publish","has-post-thumbnail","hentry","product_cat-akkumulatoros-gepek","product_cat-akkus-lefolyotisztitok","product_cat-m18-rendszer","product_cat-milwaukee","product_cat-rendszer","product_cat-termekek"],"yoast_head":"<!-- This site is optimized with the Yoast SEO Premium plugin v21.3 (Yoast SEO v21.3) - https:\/\/yoast.com\/wordpress\/plugins\/seo\/ -->\n<title>MILWAUKEE M18 FCSSM-121 FUEL\u2122 KOMPAKT SZEKCI\u00d3S CS\u0150TISZT\u00cdT\u00d3G\u00c9P SZETT (4933478407) - Eurosmart - Milwaukee web\u00e1ruh\u00e1z<\/title>\n<meta name=\"robots\" content=\"index, follow, max-snippet:-1, max-image-preview:large, max-video-preview:-1\" \/>\n<link rel=\"canonical\" href=\"https:\/\/www.eurosmart.hu\/shop\/index.php\/termek\/milwaukee-m18-fcssm-121-fuel-kompakt-szekcios-csotisztitogep-szett-4933478407\/\" \/>\n<meta property=\"og:locale\" content=\"hu_HU\" \/>\n<meta property=\"og:type\" content=\"article\" \/>\n<meta property=\"og:title\" content=\"MILWAUKEE M18 FCSSM-121 FUEL\u2122 KOMPAKT SZEKCI\u00d3S CS\u0150TISZT\u00cdT\u00d3G\u00c9P SZETT (4933478407)\" \/>\n<meta property=\"og:description\" content=\"A k\u00e9szlet tartalma:    1 db M18 FCSSM kompakt szekci\u00f3s cs\u0151tiszt\u00edt\u00f3g\u00e9p (koffer n\u00e9lk\u00fcl sz\u00e1ll\u00edtva!)  1 db M18 HB12 12.0 Ah akkumul\u00e1tor  1 db M12-18 FC gyorst\u00f6lt\u0151  1 db v\u00e1llp\u00e1nt, 1 db 22 mm-es t\u00f6ml\u0151vezet\u0151\" \/>\n<meta property=\"og:url\" content=\"https:\/\/www.eurosmart.hu\/shop\/index.php\/termek\/milwaukee-m18-fcssm-121-fuel-kompakt-szekcios-csotisztitogep-szett-4933478407\/\" \/>\n<meta property=\"og:site_name\" content=\"Eurosmart - Milwaukee web\u00e1ruh\u00e1z\" \/>\n<meta property=\"article:publisher\" content=\"https:\/\/www.facebook.com\/EurosmartKft\" \/>\n<meta property=\"article:modified_time\" content=\"2024-02-05T10:39:12+00:00\" \/>\n<meta property=\"og:image\" content=\"https:\/\/www.eurosmart.hu\/shop\/wp-content\/uploads\/2024\/02\/4933478408.webp\" \/>\n\t<meta property=\"og:image:width\" content=\"1000\" \/>\n\t<meta property=\"og:image:height\" content=\"1000\" \/>\n\t<meta property=\"og:image:type\" content=\"image\/webp\" \/>\n<meta name=\"twitter:card\" content=\"summary_large_image\" \/>\n<meta name=\"twitter:label1\" content=\"Price\" \/>\n\t<meta name=\"twitter:data1\" content=\"\" \/>\n\t<meta name=\"twitter:label2\" content=\"Availability\" \/>\n\t<meta name=\"twitter:data2\" content=\"On backorder\" \/>\n<script type=\"application\/ld+json\" class=\"yoast-schema-graph\">{\"@context\":\"https:\/\/schema.org\",\"@graph\":[{\"@type\":\"WebPage\",\"@id\":\"https:\/\/www.eurosmart.hu\/shop\/index.php\/termek\/milwaukee-m18-fcssm-121-fuel-kompakt-szekcios-csotisztitogep-szett-4933478407\/\",\"url\":\"https:\/\/www.eurosmart.hu\/shop\/index.php\/termek\/milwaukee-m18-fcssm-121-fuel-kompakt-szekcios-csotisztitogep-szett-4933478407\/\",\"name\":\"MILWAUKEE M18 FCSSM-121 FUEL\u2122 KOMPAKT SZEKCI\u00d3S CS\u0150TISZT\u00cdT\u00d3G\u00c9P SZETT (4933478407) - Eurosmart - Milwaukee web\u00e1ruh\u00e1z\",\"isPartOf\":{\"@id\":\"https:\/\/www.eurosmart.hu\/shop\/#website\"},\"datePublished\":\"2024-02-05T10:38:10+00:00\",\"dateModified\":\"2024-02-05T10:39:12+00:00\",\"breadcrumb\":{\"@id\":\"https:\/\/www.eurosmart.hu\/shop\/index.php\/termek\/milwaukee-m18-fcssm-121-fuel-kompakt-szekcios-csotisztitogep-szett-4933478407\/#breadcrumb\"},\"inLanguage\":\"hu\",\"potentialAction\":[{\"@type\":\"ReadAction\",\"target\":[\"https:\/\/www.eurosmart.hu\/shop\/index.php\/termek\/milwaukee-m18-fcssm-121-fuel-kompakt-szekcios-csotisztitogep-szett-4933478407\/\"]}]},{\"@type\":\"BreadcrumbList\",\"@id\":\"https:\/\/www.eurosmart.hu\/shop\/index.php\/termek\/milwaukee-m18-fcssm-121-fuel-kompakt-szekcios-csotisztitogep-szett-4933478407\/#breadcrumb\",\"itemListElement\":[{\"@type\":\"ListItem\",\"position\":1,\"name\":\"Kezd\u0151lap\",\"item\":\"https:\/\/www.eurosmart.hu\/shop\/\"},{\"@type\":\"ListItem\",\"position\":2,\"name\":\"Term\u00e9keink\",\"item\":\"https:\/\/www.eurosmart.hu\/shop\/index.php\/uzlet\/\"},{\"@type\":\"ListItem\",\"position\":3,\"name\":\"MILWAUKEE M18 FCSSM-121 FUEL\u2122 KOMPAKT SZEKCI\u00d3S CS\u0150TISZT\u00cdT\u00d3G\u00c9P SZETT (4933478407)\"}]},{\"@type\":\"WebSite\",\"@id\":\"https:\/\/www.eurosmart.hu\/shop\/#website\",\"url\":\"https:\/\/www.eurosmart.hu\/shop\/\",\"name\":\"Eurosmart - Milwaukee web\u00e1ruh\u00e1z\",\"description\":\"Milwaukee web\u00e1ruh\u00e1z\",\"publisher\":{\"@id\":\"https:\/\/www.eurosmart.hu\/shop\/#organization\"},\"potentialAction\":[{\"@type\":\"SearchAction\",\"target\":{\"@type\":\"EntryPoint\",\"urlTemplate\":\"https:\/\/www.eurosmart.hu\/shop\/?s={search_term_string}\"},\"query-input\":\"required name=search_term_string\"}],\"inLanguage\":\"hu\"},{\"@type\":\"Organization\",\"@id\":\"https:\/\/www.eurosmart.hu\/shop\/#organization\",\"name\":\"Eurosmart - Milwaukee web\u00e1ruh\u00e1z\",\"url\":\"https:\/\/www.eurosmart.hu\/shop\/\",\"logo\":{\"@type\":\"ImageObject\",\"inLanguage\":\"hu\",\"@id\":\"https:\/\/www.eurosmart.hu\/shop\/#\/schema\/logo\/image\/\",\"url\":\"https:\/\/www.eurosmart.hu\/shop\/wp-content\/uploads\/2023\/10\/milwaukee-logo-1.png\",\"contentUrl\":\"https:\/\/www.eurosmart.hu\/shop\/wp-content\/uploads\/2023\/10\/milwaukee-logo-1.png\",\"width\":500,\"height\":200,\"caption\":\"Eurosmart - Milwaukee web\u00e1ruh\u00e1z\"},\"image\":{\"@id\":\"https:\/\/www.eurosmart.hu\/shop\/#\/schema\/logo\/image\/\"},\"sameAs\":[\"https:\/\/www.facebook.com\/EurosmartKft\"]}]}<\/script>\n<meta property=\"product:price:amount\" content=\"0\" \/>\n<meta property=\"product:price:currency\" content=\"HUF\" \/>\n<meta property=\"og:availability\" content=\"backorder\" \/>\n<meta property=\"product:availability\" content=\"available for order\" \/>\n<meta property=\"product:retailer_item_id\" content=\"4933478407\" \/>\n<meta property=\"product:condition\" content=\"new\" \/>\n<!-- \/ Yoast SEO Premium plugin. -->","yoast_head_json":{"title":"MILWAUKEE M18 FCSSM-121 FUEL\u2122 KOMPAKT SZEKCI\u00d3S CS\u0150TISZT\u00cdT\u00d3G\u00c9P SZETT (4933478407) - Eurosmart - Milwaukee web\u00e1ruh\u00e1z","robots":{"index":"index","follow":"follow","max-snippet":"max-snippet:-1","max-image-preview":"max-image-preview:large","max-video-preview":"max-video-preview:-1"},"canonical":"https:\/\/www.eurosmart.hu\/shop\/index.php\/termek\/milwaukee-m18-fcssm-121-fuel-kompakt-szekcios-csotisztitogep-szett-4933478407\/","og_locale":"hu_HU","og_type":"article","og_title":"MILWAUKEE M18 FCSSM-121 FUEL\u2122 KOMPAKT SZEKCI\u00d3S CS\u0150TISZT\u00cdT\u00d3G\u00c9P SZETT (4933478407)","og_description":"A k\u00e9szlet tartalma:    1 db M18 FCSSM kompakt szekci\u00f3s cs\u0151tiszt\u00edt\u00f3g\u00e9p (koffer n\u00e9lk\u00fcl sz\u00e1ll\u00edtva!)  1 db M18 HB12 12.0 Ah akkumul\u00e1tor  1 db M12-18 FC gyorst\u00f6lt\u0151  1 db v\u00e1llp\u00e1nt, 1 db 22 mm-es t\u00f6ml\u0151vezet\u0151","og_url":"https:\/\/www.eurosmart.hu\/shop\/index.php\/termek\/milwaukee-m18-fcssm-121-fuel-kompakt-szekcios-csotisztitogep-szett-4933478407\/","og_site_name":"Eurosmart - Milwaukee web\u00e1ruh\u00e1z","article_publisher":"https:\/\/www.facebook.com\/EurosmartKft","article_modified_time":"2024-02-05T10:39:12+00:00","og_image":[{"width":1000,"height":1000,"url":"https:\/\/www.eurosmart.hu\/shop\/wp-content\/uploads\/2024\/02\/4933478408.webp","type":"image\/webp"}],"twitter_card":"summary_large_image","twitter_misc":{"Price":"","Availability":"On backorder"},"schema":{"@context":"https:\/\/schema.org","@graph":[{"@type":"WebPage","@id":"https:\/\/www.eurosmart.hu\/shop\/index.php\/termek\/milwaukee-m18-fcssm-121-fuel-kompakt-szekcios-csotisztitogep-szett-4933478407\/","url":"https:\/\/www.eurosmart.hu\/shop\/index.php\/termek\/milwaukee-m18-fcssm-121-fuel-kompakt-szekcios-csotisztitogep-szett-4933478407\/","name":"MILWAUKEE M18 FCSSM-121 FUEL\u2122 KOMPAKT SZEKCI\u00d3S CS\u0150TISZT\u00cdT\u00d3G\u00c9P SZETT (4933478407) - Eurosmart - Milwaukee web\u00e1ruh\u00e1z","isPartOf":{"@id":"https:\/\/www.eurosmart.hu\/shop\/#website"},"datePublished":"2024-02-05T10:38:10+00:00","dateModified":"2024-02-05T10:39:12+00:00","breadcrumb":{"@id":"https:\/\/www.eurosmart.hu\/shop\/index.php\/termek\/milwaukee-m18-fcssm-121-fuel-kompakt-szekcios-csotisztitogep-szett-4933478407\/#breadcrumb"},"inLanguage":"hu","potentialAction":[{"@type":"ReadAction","target":["https:\/\/www.eurosmart.hu\/shop\/index.php\/termek\/milwaukee-m18-fcssm-121-fuel-kompakt-szekcios-csotisztitogep-szett-4933478407\/"]}]},{"@type":"BreadcrumbList","@id":"https:\/\/www.eurosmart.hu\/shop\/index.php\/termek\/milwaukee-m18-fcssm-121-fuel-kompakt-szekcios-csotisztitogep-szett-4933478407\/#breadcrumb","itemListElement":[{"@type":"ListItem","position":1,"name":"Kezd\u0151lap","item":"https:\/\/www.eurosmart.hu\/shop\/"},{"@type":"ListItem","position":2,"name":"Term\u00e9keink","item":"https:\/\/www.eurosmart.hu\/shop\/index.php\/uzlet\/"},{"@type":"ListItem","position":3,"name":"MILWAUKEE M18 FCSSM-121 FUEL\u2122 KOMPAKT SZEKCI\u00d3S CS\u0150TISZT\u00cdT\u00d3G\u00c9P SZETT (4933478407)"}]},{"@type":"WebSite","@id":"https:\/\/www.eurosmart.hu\/shop\/#website","url":"https:\/\/www.eurosmart.hu\/shop\/","name":"Eurosmart - Milwaukee web\u00e1ruh\u00e1z","description":"Milwaukee web\u00e1ruh\u00e1z","publisher":{"@id":"https:\/\/www.eurosmart.hu\/shop\/#organization"},"potentialAction":[{"@type":"SearchAction","target":{"@type":"EntryPoint","urlTemplate":"https:\/\/www.eurosmart.hu\/shop\/?s={search_term_string}"},"query-input":"required name=search_term_string"}],"inLanguage":"hu"},{"@type":"Organization","@id":"https:\/\/www.eurosmart.hu\/shop\/#organization","name":"Eurosmart - Milwaukee web\u00e1ruh\u00e1z","url":"https:\/\/www.eurosmart.hu\/shop\/","logo":{"@type":"ImageObject","inLanguage":"hu","@id":"https:\/\/www.eurosmart.hu\/shop\/#\/schema\/logo\/image\/","url":"https:\/\/www.eurosmart.hu\/shop\/wp-content\/uploads\/2023\/10\/milwaukee-logo-1.png","contentUrl":"https:\/\/www.eurosmart.hu\/shop\/wp-content\/uploads\/2023\/10\/milwaukee-logo-1.png","width":500,"height":200,"caption":"Eurosmart - Milwaukee web\u00e1ruh\u00e1z"},"image":{"@id":"https:\/\/www.eurosmart.hu\/shop\/#\/schema\/logo\/image\/"},"sameAs":["https:\/\/www.facebook.com\/EurosmartKft"]}]},"product_price_currency":"HUF","og_availability":"backorder","product_availability":"available for order","product_retailer_item_id":"4933478407","product_condition":"new"},"_links":{"self":[{"href":"https:\/\/www.eurosmart.hu\/shop\/index.php\/wp-json\/wp\/v2\/product\/5055","targetHints":{"allow":["GET"]}}],"collection":[{"href":"https:\/\/www.eurosmart.hu\/shop\/index.php\/wp-json\/wp\/v2\/product"}],"about":[{"href":"https:\/\/www.eurosmart.hu\/shop\/index.php\/wp-json\/wp\/v2\/types\/product"}],"wp:featuredmedia":[{"embeddable":true,"href":"https:\/\/www.eurosmart.hu\/shop\/index.php\/wp-json\/wp\/v2\/media\/5054"}],"wp:attachment":[{"href":"https:\/\/www.eurosmart.hu\/shop\/index.php\/wp-json\/wp\/v2\/media?parent=5055"}],"wp:term":[{"taxonomy":"product_cat","embeddable":true,"href":"https:\/\/www.eurosmart.hu\/shop\/index.php\/wp-json\/wp\/v2\/product_cat?post=5055"},{"taxonomy":"product_tag","embeddable":true,"href":"https:\/\/www.eurosmart.hu\/shop\/index.php\/wp-json\/wp\/v2\/product_tag?post=5055"}],"curies":[{"name":"wp","href":"https:\/\/api.w.org\/{rel}","templated":true}]}}