{"id":4979,"date":"2024-01-24T12:08:03","date_gmt":"2024-01-24T12:08:03","guid":{"rendered":"https:\/\/www.eurosmart.hu\/shop\/?post_type=product&#038;p=4979"},"modified":"2024-01-24T12:12:11","modified_gmt":"2024-01-24T12:12:11","slug":"milwaukee-m18-hkp-201c-force-logic-hidraulikus-lyukasztogep-szett-kofferben-4933451202","status":"publish","type":"product","link":"https:\/\/www.eurosmart.hu\/shop\/index.php\/termek\/milwaukee-m18-hkp-201c-force-logic-hidraulikus-lyukasztogep-szett-kofferben-4933451202\/","title":{"rendered":"MILWAUKEE M18 HKP-201C FORCE LOGIC\u2122 HIDRAULIKUS LYUKASZT\u00d3G\u00c9P SZETT KOFFERBEN (4933451202)"},"content":{"rendered":"<h5>Tulajdons\u00e1gok:<\/h5>\n<ul class=\"ProductFeaturesTextstyles__FeatureList-fxqvf2-1 dUrrwH\">\n<li class=\"ProductFeaturesTextstyles__Feature-fxqvf2-3 ggyeUS\">A FORCE LOGIC\u2122 hidraulikus lyukaszt\u00f3g\u00e9p a legkompaktabb \u00e9s legk\u00f6nnyebb g\u00e9p a piacon 60 kN lyukaszt\u00f3er\u0151vel<\/li>\n<li class=\"ProductFeaturesTextstyles__Feature-fxqvf2-3 ggyeUS\">A lyukaszt\u00e1s legk\u00f6nnyebb m\u00f3dja \u2013 gyors, pontos, k\u00f6r alak\u00fa \u00e9s sorjamentes furatok<\/li>\n<li class=\"ProductFeaturesTextstyles__Feature-fxqvf2-3 ggyeUS\">A legpontosabb g\u00e9p az ipar\u00e1g legjobb szersz\u00e1m be\u00e1ll\u00edt\u00f3 rendszere k\u00f6vetkezt\u00e9ben<\/li>\n<li class=\"ProductFeaturesTextstyles__Feature-fxqvf2-3 ggyeUS\">Az egykezes m\u0171k\u00f6dtet\u00e9s k\u00f6vetkezt\u00e9ben a legjobban kiegyens\u00falyozott g\u00e9p<\/li>\n<li class=\"ProductFeaturesTextstyles__Feature-fxqvf2-3 ggyeUS\">Gyorscsatlakoz\u00f3 lehet\u0151v\u00e9 teszi a t\u00fcske \u00e9s v\u00e1g\u00f3lap k\u00f6nny\u0171 be\u00e1ll\u00edt\u00e1s\u00e1t a szersz\u00e1m s\u00faly\u00e1nak hordoz\u00e1sa n\u00e9lk\u00fcl<\/li>\n<li class=\"ProductFeaturesTextstyles__Feature-fxqvf2-3 ggyeUS\">A lyukaszt\u00f3g\u00e9p ak\u00e1r \u2300100 mm-es furatokat lyukaszt 3,0 mm-es l\u00e1gyac\u00e9l vagy 2,5 mm-es rozsdamentes ac\u00e9l lemezbe<\/li>\n<li class=\"ProductFeaturesTextstyles__Feature-fxqvf2-3 ggyeUS\">Kompatibilis a piacon rendelkez\u00e9sre \u00e1ll\u00f3 leggyakoribb lyukaszt\u00f3 t\u00fcsk\u00e9kkel \u00e9s v\u00e1g\u00f3lapokkal<\/li>\n<li class=\"ProductFeaturesTextstyles__Feature-fxqvf2-3 ggyeUS\">Furatok f\u00e9mlemezbe k\u00e9sz\u00edt\u00e9s\u00e9nek legk\u00f6nnyebb, kev\u00e9sb\u00e9 meger\u0151ltet\u0151 \u00e9s nem elhaszn\u00e1l\u00f3d\u00f3 m\u00f3dja<\/li>\n<li class=\"ProductFeaturesTextstyles__Feature-fxqvf2-3 ggyeUS\">T\u00f6lt\u00e9sszintjelz\u0151 \u00e9s LED f\u00e9ny<\/li>\n<li class=\"ProductFeaturesTextstyles__Feature-fxqvf2-3 ggyeUS\">A sz\u00e9nkefe n\u00e9lk\u00fcli motor, a REDLITHIUM\u2122 akkumul\u00e1tor \u00e9s a REDLINK\u2122 elektronika biztos\u00edtja a teljes\u00edtm\u00e9nyt, m\u0171k\u00f6d\u00e9si id\u0151t \u00e9s tart\u00f3ss\u00e1got.<\/li>\n<li class=\"ProductFeaturesTextstyles__Feature-fxqvf2-3 ggyeUS\">Rugalmas akkumul\u00e1tor rendszerrel &#8211; MILWAUKEE\u00ae\u00a0<a href=\"https:\/\/hu.milwaukeetool.eu\/systems\/m18\/\">M18\u2122<\/a>\u00a0akkumul\u00e1torokkal m\u0171k\u00f6dik<\/li>\n<\/ul>\n<h5>M\u0171szaki adatok:<\/h5>\n<ul>\n<li>T\u00edpus: Akkumul\u00e1toros, Li-ion 18V<\/li>\n<li>Kiv\u00e1g\u00f3er\u0151 (KN): 60<\/li>\n<li class=\"ProductSpecificationsstyles__Row-sc-1lyanq9-9 uhslJ\"><span class=\"ProductSpecificationsstyles__RowTitle-sc-1lyanq9-10 cRNhzO\">Max. anyagvastags\u00e1g (mm): 2.5 rozsdamentes \u00e9s 3.0 l\u00e1gyac\u00e9l<\/span><\/li>\n<li>Max. kiv\u00e1g\u00e1si \u00e1tm\u00e9r\u0151 (mm): 100<\/li>\n<li>S\u00faly akkumul\u00e1torral (kg): 2.3<\/li>\n<\/ul>\n<p>&nbsp;<\/p>\n","protected":false},"excerpt":{"rendered":"<h5>A k\u00e9szlet tartalma:<\/h5>\n<ul>\n<li>1 db M18 HKP hidraulikus lyukaszt\u00f3g\u00e9p<\/li>\n<li>1 db M18 B2 2.0 Ah akkumul\u00e1tor<\/li>\n<li>1 db M12-M18C intelligens t\u00f6lt\u0151<\/li>\n<li>11.1 mm (\u02dd) csap, 19mm (\u00be\u02dd) csap, gyorscsatlakoz\u00f3, g\u00f6mbv\u00e9g\u0171 kih\u00faz\u00f3<\/li>\n<li>1 db Szersz\u00e1mkoffer<\/li>\n<\/ul>\n","protected":false},"featured_media":4980,"template":"","meta":[],"product_cat":[165,172,230,59,228,89],"product_tag":[],"class_list":["post-4979","product","type-product","status-publish","has-post-thumbnail","hentry","product_cat-akkumulatoros-gepek","product_cat-force-logic","product_cat-m18-rendszer","product_cat-milwaukee","product_cat-rendszer","product_cat-termekek"],"yoast_head":"<!-- This site is optimized with the Yoast SEO Premium plugin v21.3 (Yoast SEO v21.3) - https:\/\/yoast.com\/wordpress\/plugins\/seo\/ -->\n<title>MILWAUKEE M18 HKP-201C FORCE LOGIC\u2122 HIDRAULIKUS LYUKASZT\u00d3G\u00c9P SZETT KOFFERBEN (4933451202) - Eurosmart - Milwaukee web\u00e1ruh\u00e1z<\/title>\n<meta name=\"robots\" content=\"index, follow, max-snippet:-1, max-image-preview:large, max-video-preview:-1\" \/>\n<link rel=\"canonical\" href=\"https:\/\/www.eurosmart.hu\/shop\/index.php\/termek\/milwaukee-m18-hkp-201c-force-logic-hidraulikus-lyukasztogep-szett-kofferben-4933451202\/\" \/>\n<meta property=\"og:locale\" content=\"hu_HU\" \/>\n<meta property=\"og:type\" content=\"article\" \/>\n<meta property=\"og:title\" content=\"MILWAUKEE M18 HKP-201C FORCE LOGIC\u2122 HIDRAULIKUS LYUKASZT\u00d3G\u00c9P SZETT KOFFERBEN (4933451202)\" \/>\n<meta property=\"og:description\" content=\"A k\u00e9szlet tartalma:   1 db M18 HKP hidraulikus lyukaszt\u00f3g\u00e9p  1 db M18 B2 2.0 Ah akkumul\u00e1tor  1 db M12-M18C intelligens t\u00f6lt\u0151  11.1 mm (\u02dd) csap, 19mm (\u00be\u02dd) csap, gyorscsatlakoz\u00f3, g\u00f6mbv\u00e9g\u0171 kih\u00faz\u00f3  1 db Szersz\u00e1mkoffer\" \/>\n<meta property=\"og:url\" content=\"https:\/\/www.eurosmart.hu\/shop\/index.php\/termek\/milwaukee-m18-hkp-201c-force-logic-hidraulikus-lyukasztogep-szett-kofferben-4933451202\/\" \/>\n<meta property=\"og:site_name\" content=\"Eurosmart - Milwaukee web\u00e1ruh\u00e1z\" \/>\n<meta property=\"article:publisher\" content=\"https:\/\/www.facebook.com\/EurosmartKft\" \/>\n<meta property=\"article:modified_time\" content=\"2024-01-24T12:12:11+00:00\" \/>\n<meta property=\"og:image\" content=\"https:\/\/www.eurosmart.hu\/shop\/wp-content\/uploads\/2024\/01\/4933451202.webp\" \/>\n\t<meta property=\"og:image:width\" content=\"1000\" \/>\n\t<meta property=\"og:image:height\" content=\"1000\" \/>\n\t<meta property=\"og:image:type\" content=\"image\/webp\" \/>\n<meta name=\"twitter:card\" content=\"summary_large_image\" \/>\n<meta name=\"twitter:label1\" content=\"Price\" \/>\n\t<meta name=\"twitter:data1\" content=\"\" \/>\n\t<meta name=\"twitter:label2\" content=\"Availability\" \/>\n\t<meta name=\"twitter:data2\" content=\"On backorder\" \/>\n<script type=\"application\/ld+json\" class=\"yoast-schema-graph\">{\"@context\":\"https:\/\/schema.org\",\"@graph\":[{\"@type\":\"WebPage\",\"@id\":\"https:\/\/www.eurosmart.hu\/shop\/index.php\/termek\/milwaukee-m18-hkp-201c-force-logic-hidraulikus-lyukasztogep-szett-kofferben-4933451202\/\",\"url\":\"https:\/\/www.eurosmart.hu\/shop\/index.php\/termek\/milwaukee-m18-hkp-201c-force-logic-hidraulikus-lyukasztogep-szett-kofferben-4933451202\/\",\"name\":\"MILWAUKEE M18 HKP-201C FORCE LOGIC\u2122 HIDRAULIKUS LYUKASZT\u00d3G\u00c9P SZETT KOFFERBEN (4933451202) - Eurosmart - Milwaukee web\u00e1ruh\u00e1z\",\"isPartOf\":{\"@id\":\"https:\/\/www.eurosmart.hu\/shop\/#website\"},\"datePublished\":\"2024-01-24T12:08:03+00:00\",\"dateModified\":\"2024-01-24T12:12:11+00:00\",\"breadcrumb\":{\"@id\":\"https:\/\/www.eurosmart.hu\/shop\/index.php\/termek\/milwaukee-m18-hkp-201c-force-logic-hidraulikus-lyukasztogep-szett-kofferben-4933451202\/#breadcrumb\"},\"inLanguage\":\"hu\",\"potentialAction\":[{\"@type\":\"ReadAction\",\"target\":[\"https:\/\/www.eurosmart.hu\/shop\/index.php\/termek\/milwaukee-m18-hkp-201c-force-logic-hidraulikus-lyukasztogep-szett-kofferben-4933451202\/\"]}]},{\"@type\":\"BreadcrumbList\",\"@id\":\"https:\/\/www.eurosmart.hu\/shop\/index.php\/termek\/milwaukee-m18-hkp-201c-force-logic-hidraulikus-lyukasztogep-szett-kofferben-4933451202\/#breadcrumb\",\"itemListElement\":[{\"@type\":\"ListItem\",\"position\":1,\"name\":\"Kezd\u0151lap\",\"item\":\"https:\/\/www.eurosmart.hu\/shop\/\"},{\"@type\":\"ListItem\",\"position\":2,\"name\":\"Term\u00e9keink\",\"item\":\"https:\/\/www.eurosmart.hu\/shop\/index.php\/uzlet\/\"},{\"@type\":\"ListItem\",\"position\":3,\"name\":\"MILWAUKEE M18 HKP-201C FORCE LOGIC\u2122 HIDRAULIKUS LYUKASZT\u00d3G\u00c9P SZETT KOFFERBEN (4933451202)\"}]},{\"@type\":\"WebSite\",\"@id\":\"https:\/\/www.eurosmart.hu\/shop\/#website\",\"url\":\"https:\/\/www.eurosmart.hu\/shop\/\",\"name\":\"Eurosmart - Milwaukee web\u00e1ruh\u00e1z\",\"description\":\"Milwaukee web\u00e1ruh\u00e1z\",\"publisher\":{\"@id\":\"https:\/\/www.eurosmart.hu\/shop\/#organization\"},\"potentialAction\":[{\"@type\":\"SearchAction\",\"target\":{\"@type\":\"EntryPoint\",\"urlTemplate\":\"https:\/\/www.eurosmart.hu\/shop\/?s={search_term_string}\"},\"query-input\":\"required name=search_term_string\"}],\"inLanguage\":\"hu\"},{\"@type\":\"Organization\",\"@id\":\"https:\/\/www.eurosmart.hu\/shop\/#organization\",\"name\":\"Eurosmart - Milwaukee web\u00e1ruh\u00e1z\",\"url\":\"https:\/\/www.eurosmart.hu\/shop\/\",\"logo\":{\"@type\":\"ImageObject\",\"inLanguage\":\"hu\",\"@id\":\"https:\/\/www.eurosmart.hu\/shop\/#\/schema\/logo\/image\/\",\"url\":\"https:\/\/www.eurosmart.hu\/shop\/wp-content\/uploads\/2023\/10\/milwaukee-logo-1.png\",\"contentUrl\":\"https:\/\/www.eurosmart.hu\/shop\/wp-content\/uploads\/2023\/10\/milwaukee-logo-1.png\",\"width\":500,\"height\":200,\"caption\":\"Eurosmart - Milwaukee web\u00e1ruh\u00e1z\"},\"image\":{\"@id\":\"https:\/\/www.eurosmart.hu\/shop\/#\/schema\/logo\/image\/\"},\"sameAs\":[\"https:\/\/www.facebook.com\/EurosmartKft\"]}]}<\/script>\n<meta property=\"product:price:amount\" content=\"0\" \/>\n<meta property=\"product:price:currency\" content=\"HUF\" \/>\n<meta property=\"og:availability\" content=\"backorder\" \/>\n<meta property=\"product:availability\" content=\"available for order\" \/>\n<meta property=\"product:retailer_item_id\" content=\"4933451202\" \/>\n<meta property=\"product:condition\" content=\"new\" \/>\n<!-- \/ Yoast SEO Premium plugin. -->","yoast_head_json":{"title":"MILWAUKEE M18 HKP-201C FORCE LOGIC\u2122 HIDRAULIKUS LYUKASZT\u00d3G\u00c9P SZETT KOFFERBEN (4933451202) - Eurosmart - Milwaukee web\u00e1ruh\u00e1z","robots":{"index":"index","follow":"follow","max-snippet":"max-snippet:-1","max-image-preview":"max-image-preview:large","max-video-preview":"max-video-preview:-1"},"canonical":"https:\/\/www.eurosmart.hu\/shop\/index.php\/termek\/milwaukee-m18-hkp-201c-force-logic-hidraulikus-lyukasztogep-szett-kofferben-4933451202\/","og_locale":"hu_HU","og_type":"article","og_title":"MILWAUKEE M18 HKP-201C FORCE LOGIC\u2122 HIDRAULIKUS LYUKASZT\u00d3G\u00c9P SZETT KOFFERBEN (4933451202)","og_description":"A k\u00e9szlet tartalma:   1 db M18 HKP hidraulikus lyukaszt\u00f3g\u00e9p  1 db M18 B2 2.0 Ah akkumul\u00e1tor  1 db M12-M18C intelligens t\u00f6lt\u0151  11.1 mm (\u02dd) csap, 19mm (\u00be\u02dd) csap, gyorscsatlakoz\u00f3, g\u00f6mbv\u00e9g\u0171 kih\u00faz\u00f3  1 db Szersz\u00e1mkoffer","og_url":"https:\/\/www.eurosmart.hu\/shop\/index.php\/termek\/milwaukee-m18-hkp-201c-force-logic-hidraulikus-lyukasztogep-szett-kofferben-4933451202\/","og_site_name":"Eurosmart - Milwaukee web\u00e1ruh\u00e1z","article_publisher":"https:\/\/www.facebook.com\/EurosmartKft","article_modified_time":"2024-01-24T12:12:11+00:00","og_image":[{"width":1000,"height":1000,"url":"https:\/\/www.eurosmart.hu\/shop\/wp-content\/uploads\/2024\/01\/4933451202.webp","type":"image\/webp"}],"twitter_card":"summary_large_image","twitter_misc":{"Price":"","Availability":"On backorder"},"schema":{"@context":"https:\/\/schema.org","@graph":[{"@type":"WebPage","@id":"https:\/\/www.eurosmart.hu\/shop\/index.php\/termek\/milwaukee-m18-hkp-201c-force-logic-hidraulikus-lyukasztogep-szett-kofferben-4933451202\/","url":"https:\/\/www.eurosmart.hu\/shop\/index.php\/termek\/milwaukee-m18-hkp-201c-force-logic-hidraulikus-lyukasztogep-szett-kofferben-4933451202\/","name":"MILWAUKEE M18 HKP-201C FORCE LOGIC\u2122 HIDRAULIKUS LYUKASZT\u00d3G\u00c9P SZETT KOFFERBEN (4933451202) - Eurosmart - Milwaukee web\u00e1ruh\u00e1z","isPartOf":{"@id":"https:\/\/www.eurosmart.hu\/shop\/#website"},"datePublished":"2024-01-24T12:08:03+00:00","dateModified":"2024-01-24T12:12:11+00:00","breadcrumb":{"@id":"https:\/\/www.eurosmart.hu\/shop\/index.php\/termek\/milwaukee-m18-hkp-201c-force-logic-hidraulikus-lyukasztogep-szett-kofferben-4933451202\/#breadcrumb"},"inLanguage":"hu","potentialAction":[{"@type":"ReadAction","target":["https:\/\/www.eurosmart.hu\/shop\/index.php\/termek\/milwaukee-m18-hkp-201c-force-logic-hidraulikus-lyukasztogep-szett-kofferben-4933451202\/"]}]},{"@type":"BreadcrumbList","@id":"https:\/\/www.eurosmart.hu\/shop\/index.php\/termek\/milwaukee-m18-hkp-201c-force-logic-hidraulikus-lyukasztogep-szett-kofferben-4933451202\/#breadcrumb","itemListElement":[{"@type":"ListItem","position":1,"name":"Kezd\u0151lap","item":"https:\/\/www.eurosmart.hu\/shop\/"},{"@type":"ListItem","position":2,"name":"Term\u00e9keink","item":"https:\/\/www.eurosmart.hu\/shop\/index.php\/uzlet\/"},{"@type":"ListItem","position":3,"name":"MILWAUKEE M18 HKP-201C FORCE LOGIC\u2122 HIDRAULIKUS LYUKASZT\u00d3G\u00c9P SZETT KOFFERBEN (4933451202)"}]},{"@type":"WebSite","@id":"https:\/\/www.eurosmart.hu\/shop\/#website","url":"https:\/\/www.eurosmart.hu\/shop\/","name":"Eurosmart - Milwaukee web\u00e1ruh\u00e1z","description":"Milwaukee web\u00e1ruh\u00e1z","publisher":{"@id":"https:\/\/www.eurosmart.hu\/shop\/#organization"},"potentialAction":[{"@type":"SearchAction","target":{"@type":"EntryPoint","urlTemplate":"https:\/\/www.eurosmart.hu\/shop\/?s={search_term_string}"},"query-input":"required name=search_term_string"}],"inLanguage":"hu"},{"@type":"Organization","@id":"https:\/\/www.eurosmart.hu\/shop\/#organization","name":"Eurosmart - Milwaukee web\u00e1ruh\u00e1z","url":"https:\/\/www.eurosmart.hu\/shop\/","logo":{"@type":"ImageObject","inLanguage":"hu","@id":"https:\/\/www.eurosmart.hu\/shop\/#\/schema\/logo\/image\/","url":"https:\/\/www.eurosmart.hu\/shop\/wp-content\/uploads\/2023\/10\/milwaukee-logo-1.png","contentUrl":"https:\/\/www.eurosmart.hu\/shop\/wp-content\/uploads\/2023\/10\/milwaukee-logo-1.png","width":500,"height":200,"caption":"Eurosmart - Milwaukee web\u00e1ruh\u00e1z"},"image":{"@id":"https:\/\/www.eurosmart.hu\/shop\/#\/schema\/logo\/image\/"},"sameAs":["https:\/\/www.facebook.com\/EurosmartKft"]}]},"product_price_currency":"HUF","og_availability":"backorder","product_availability":"available for order","product_retailer_item_id":"4933451202","product_condition":"new"},"_links":{"self":[{"href":"https:\/\/www.eurosmart.hu\/shop\/index.php\/wp-json\/wp\/v2\/product\/4979","targetHints":{"allow":["GET"]}}],"collection":[{"href":"https:\/\/www.eurosmart.hu\/shop\/index.php\/wp-json\/wp\/v2\/product"}],"about":[{"href":"https:\/\/www.eurosmart.hu\/shop\/index.php\/wp-json\/wp\/v2\/types\/product"}],"wp:featuredmedia":[{"embeddable":true,"href":"https:\/\/www.eurosmart.hu\/shop\/index.php\/wp-json\/wp\/v2\/media\/4980"}],"wp:attachment":[{"href":"https:\/\/www.eurosmart.hu\/shop\/index.php\/wp-json\/wp\/v2\/media?parent=4979"}],"wp:term":[{"taxonomy":"product_cat","embeddable":true,"href":"https:\/\/www.eurosmart.hu\/shop\/index.php\/wp-json\/wp\/v2\/product_cat?post=4979"},{"taxonomy":"product_tag","embeddable":true,"href":"https:\/\/www.eurosmart.hu\/shop\/index.php\/wp-json\/wp\/v2\/product_tag?post=4979"}],"curies":[{"name":"wp","href":"https:\/\/api.w.org\/{rel}","templated":true}]}}