{"id":4699,"date":"2024-01-10T13:41:11","date_gmt":"2024-01-10T13:41:11","guid":{"rendered":"https:\/\/www.eurosmart.hu\/shop\/?post_type=product&#038;p=4699"},"modified":"2024-01-10T13:45:23","modified_gmt":"2024-01-10T13:45:23","slug":"milwaukee-ldm-100-lezeres-tavolsagmero-100-m-szerszamtaskaban-4933459278","status":"publish","type":"product","link":"https:\/\/www.eurosmart.hu\/shop\/index.php\/termek\/milwaukee-ldm-100-lezeres-tavolsagmero-100-m-szerszamtaskaban-4933459278\/","title":{"rendered":"MILWAUKEE LDM 100 L\u00c9ZERES T\u00c1VOLS\u00c1GM\u00c9R\u0150 100 M SZERSZ\u00c1MT\u00c1SK\u00c1BAN (4933459278)"},"content":{"rendered":"<h5>Tulajdons\u00e1gok:<\/h5>\n<ul class=\"ProductFeaturesTextstyles__FeatureList-fxqvf2-1 eacpVB\">\n<li class=\"ProductFeaturesTextstyles__Feature-fxqvf2-3 ggyeUS\">\u2018\u2018Point and shot\u2018\u2018 (jel\u00f6ld ki \u00e9s m\u00e9rj) &#8211; rendszer \u2013 egy szem\u00e9ly \u00e1ltal t\u00f6rt\u00e9n\u0151 m\u00e9r\u00e9s csup\u00e1n egy gomb haszn\u00e1lat\u00e1val<\/li>\n<li class=\"ProductFeaturesTextstyles__Feature-fxqvf2-3 ggyeUS\">IP54 v\u00edznek \u00e9s pornak ellen\u00e1ll\u00f3<\/li>\n<li class=\"ProductFeaturesTextstyles__Feature-fxqvf2-3 ggyeUS\">Metrikus \u00e9s angolsz\u00e1sz m\u00e9rt\u00e9kegys\u00e9gek<\/li>\n<li class=\"ProductFeaturesTextstyles__Feature-fxqvf2-3 ggyeUS\">K\u00f6nnyen \u00e9rinthet\u0151 m\u00e9r\u00e9si gombok a h\u00e1z elej\u00e9n \u00e9s oldal\u00e1n az egyedi m\u00e9r\u00e9sekhez \u00e9s folyamatos k\u00f6vet\u00e9shez<\/li>\n<li class=\"ProductFeaturesTextstyles__Feature-fxqvf2-3 ggyeUS\">Sz\u00e1mos k\u00fcl\u00f6nb\u00f6z\u0151 m\u00e9r\u00e9si funkci\u00f3val rendelkezik, mely lehet\u0151v\u00e9 teszi a felhaszn\u00e1l\u00f3 sz\u00e1m\u00e1ra az \u00e9rt\u00e9kek hozz\u00e1ad\u00e1s\u00e1t \u00e9s kivon\u00e1s\u00e1t, kisz\u00e1molhat\u00f3 a line\u00e1ris t\u00e1vols\u00e1g, a fel\u00fclet, a teljes ter\u00fclet \u00e9s t\u00e9rfogat<\/li>\n<li class=\"ProductFeaturesTextstyles__Feature-fxqvf2-3 ggyeUS\">A digit\u00e1lis automatikus szintez\u0151 funkci\u00f3 lehet\u0151v\u00e9 teszi a m\u00e9r\u00e9s automatikus v\u00e9grehajt\u00e1s\u00e1t, amikor a m\u00e9r\u0151 el\u00e9ri a v\u00edzszintet (0\u00b0), tov\u00e1bb\u00e1 n\u00f6veli a pontoss\u00e1got t\u00e1vols\u00e1gok m\u00e9r\u00e9sekor<\/li>\n<li class=\"ProductFeaturesTextstyles__Feature-fxqvf2-3 ggyeUS\">K\u00f6nny\u0171 k\u00f6zvetett magass\u00e1g \u00e9s hossz\u00fas\u00e1gm\u00e9r\u00e9s az automatikus szintez\u0151 funkci\u00f3 haszn\u00e1lat\u00e1val, mely jav\u00edtja a felhaszn\u00e1l\u00f3i k\u00e9nyelmet a neh\u00e9z m\u00e9r\u00e9si helyzetekben<\/li>\n<li class=\"ProductFeaturesTextstyles__Feature-fxqvf2-3 ggyeUS\">Nagy, h\u00e1romsoros 50 mm \u00e1tm\u00e9r\u0151j\u0171 LCD grafikai kijelz\u0151<\/li>\n<li class=\"ProductFeaturesTextstyles__Feature-fxqvf2-3 ggyeUS\">A kijelz\u0151n a legut\u00f3bbi h\u00e1rom m\u00e9r\u00e9s l\u00e1that\u00f3, az el\u0151zm\u00e9nyek men\u00fc pedig az utols\u00f3 30 m\u00e9r\u00e9st mutatja<\/li>\n<li class=\"ProductFeaturesTextstyles__Feature-fxqvf2-3 ggyeUS\">Be\u00e9p\u00edtett 3-poz\u00edci\u00f3s kihajthat\u00f3 l\u00e1b a k\u00f6nny\u0171, sarokban\/\u00e9ln\u00e9l v\u00e9grehajtott m\u00e9r\u00e9sekhez<\/li>\n<li class=\"ProductFeaturesTextstyles__Feature-fxqvf2-3 ggyeUS\">Automatikus kikapcsol\u00e1s \u00e9s az elemek t\u00f6lt\u00f6tts\u00e9gi \u00e1llapot\u00e1nak kijelz\u00e9se<\/li>\n<li class=\"ProductFeaturesTextstyles__Feature-fxqvf2-3 ggyeUS\">V\u00e9kony h\u00e1zkialak\u00edt\u00e1s a k\u00f6nny\u0171 kezelhet\u0151s\u00e9g\u00e9rt \u00e9s nylon t\u00e1ska a biztons\u00e1gos sz\u00e1ll\u00edt\u00e1s \u00e9rdek\u00e9ben<\/li>\n<\/ul>\n<h5>M\u0171szaki adatok:<\/h5>\n<ul>\n<li>T\u00edpus: Elemes<\/li>\n<li>Automatikus magass\u00e1gk\u00f6vet\u00e9s: Igen<\/li>\n<li>D\u0151l\u00e9ssz\u00f6g \u00e9rz\u00e9kel\u00e9s: Igen<\/li>\n<li>Hat\u00f3t\u00e1vols\u00e1g (m): 0.15-100<\/li>\n<li>IP oszt\u00e1ly: 54<\/li>\n<li>Kijelz\u0151 m\u00e9rete (mm): 31.5&#215;40<\/li>\n<li>L\u00e9zer oszt\u00e1ly: 2. oszt\u00e1ly<\/li>\n<li>M\u00e9rete (mm): 113x48x31<\/li>\n<li>Menetm\u00e9ret (inch): 1\/4&#8243;<\/li>\n<li>P\u00fcthagorasz funkci\u00f3: Igen<\/li>\n<li>Pontoss\u00e1g: \u00b11.5<\/li>\n<li>S\u00faly elemekkel (kg): 0.14<\/li>\n<\/ul>\n","protected":false},"excerpt":{"rendered":"<p><strong>A k\u00e9szlet tartalma:<\/strong><\/p>\n<ul>\n<li>1 db LDM 100 l\u00e9zeres t\u00e1vols\u00e1gm\u00e9r\u0151<\/li>\n<li>1 db Szersz\u00e1mt\u00e1ska<\/li>\n<\/ul>\n","protected":false},"featured_media":4700,"template":"","meta":[],"product_cat":[165,170,89],"product_tag":[],"class_list":["post-4699","product","type-product","status-publish","has-post-thumbnail","hentry","product_cat-akkumulatoros-gepek","product_cat-lezerek-es-meroeszkozok","product_cat-termekek"],"yoast_head":"<!-- This site is optimized with the Yoast SEO Premium plugin v21.3 (Yoast SEO v21.3) - https:\/\/yoast.com\/wordpress\/plugins\/seo\/ -->\n<title>MILWAUKEE LDM 100 L\u00c9ZERES T\u00c1VOLS\u00c1GM\u00c9R\u0150 100 M SZERSZ\u00c1MT\u00c1SK\u00c1BAN (4933459278) - Eurosmart - Milwaukee web\u00e1ruh\u00e1z<\/title>\n<meta name=\"robots\" content=\"index, follow, max-snippet:-1, max-image-preview:large, max-video-preview:-1\" \/>\n<link rel=\"canonical\" href=\"https:\/\/www.eurosmart.hu\/shop\/index.php\/termek\/milwaukee-ldm-100-lezeres-tavolsagmero-100-m-szerszamtaskaban-4933459278\/\" \/>\n<meta property=\"og:locale\" content=\"hu_HU\" \/>\n<meta property=\"og:type\" content=\"article\" \/>\n<meta property=\"og:title\" content=\"MILWAUKEE LDM 100 L\u00c9ZERES T\u00c1VOLS\u00c1GM\u00c9R\u0150 100 M SZERSZ\u00c1MT\u00c1SK\u00c1BAN (4933459278)\" \/>\n<meta property=\"og:description\" content=\"A k\u00e9szlet tartalma:   1 db LDM 100 l\u00e9zeres t\u00e1vols\u00e1gm\u00e9r\u0151  1 db Szersz\u00e1mt\u00e1ska\" \/>\n<meta property=\"og:url\" content=\"https:\/\/www.eurosmart.hu\/shop\/index.php\/termek\/milwaukee-ldm-100-lezeres-tavolsagmero-100-m-szerszamtaskaban-4933459278\/\" \/>\n<meta property=\"og:site_name\" content=\"Eurosmart - Milwaukee web\u00e1ruh\u00e1z\" \/>\n<meta property=\"article:publisher\" content=\"https:\/\/www.facebook.com\/EurosmartKft\" \/>\n<meta property=\"article:modified_time\" content=\"2024-01-10T13:45:23+00:00\" \/>\n<meta property=\"og:image\" content=\"https:\/\/www.eurosmart.hu\/shop\/wp-content\/uploads\/2024\/01\/4933459278.webp\" \/>\n\t<meta property=\"og:image:width\" content=\"1000\" \/>\n\t<meta property=\"og:image:height\" content=\"1000\" \/>\n\t<meta property=\"og:image:type\" content=\"image\/webp\" \/>\n<meta name=\"twitter:card\" content=\"summary_large_image\" \/>\n<meta name=\"twitter:label1\" content=\"Price\" \/>\n\t<meta name=\"twitter:data1\" content=\"\" \/>\n\t<meta name=\"twitter:label2\" content=\"Availability\" \/>\n\t<meta name=\"twitter:data2\" content=\"On backorder\" \/>\n<script type=\"application\/ld+json\" class=\"yoast-schema-graph\">{\"@context\":\"https:\/\/schema.org\",\"@graph\":[{\"@type\":\"WebPage\",\"@id\":\"https:\/\/www.eurosmart.hu\/shop\/index.php\/termek\/milwaukee-ldm-100-lezeres-tavolsagmero-100-m-szerszamtaskaban-4933459278\/\",\"url\":\"https:\/\/www.eurosmart.hu\/shop\/index.php\/termek\/milwaukee-ldm-100-lezeres-tavolsagmero-100-m-szerszamtaskaban-4933459278\/\",\"name\":\"MILWAUKEE LDM 100 L\u00c9ZERES T\u00c1VOLS\u00c1GM\u00c9R\u0150 100 M SZERSZ\u00c1MT\u00c1SK\u00c1BAN (4933459278) - Eurosmart - Milwaukee web\u00e1ruh\u00e1z\",\"isPartOf\":{\"@id\":\"https:\/\/www.eurosmart.hu\/shop\/#website\"},\"datePublished\":\"2024-01-10T13:41:11+00:00\",\"dateModified\":\"2024-01-10T13:45:23+00:00\",\"breadcrumb\":{\"@id\":\"https:\/\/www.eurosmart.hu\/shop\/index.php\/termek\/milwaukee-ldm-100-lezeres-tavolsagmero-100-m-szerszamtaskaban-4933459278\/#breadcrumb\"},\"inLanguage\":\"hu\",\"potentialAction\":[{\"@type\":\"ReadAction\",\"target\":[\"https:\/\/www.eurosmart.hu\/shop\/index.php\/termek\/milwaukee-ldm-100-lezeres-tavolsagmero-100-m-szerszamtaskaban-4933459278\/\"]}]},{\"@type\":\"BreadcrumbList\",\"@id\":\"https:\/\/www.eurosmart.hu\/shop\/index.php\/termek\/milwaukee-ldm-100-lezeres-tavolsagmero-100-m-szerszamtaskaban-4933459278\/#breadcrumb\",\"itemListElement\":[{\"@type\":\"ListItem\",\"position\":1,\"name\":\"Kezd\u0151lap\",\"item\":\"https:\/\/www.eurosmart.hu\/shop\/\"},{\"@type\":\"ListItem\",\"position\":2,\"name\":\"Term\u00e9keink\",\"item\":\"https:\/\/www.eurosmart.hu\/shop\/index.php\/uzlet\/\"},{\"@type\":\"ListItem\",\"position\":3,\"name\":\"MILWAUKEE LDM 100 L\u00c9ZERES T\u00c1VOLS\u00c1GM\u00c9R\u0150 100 M SZERSZ\u00c1MT\u00c1SK\u00c1BAN (4933459278)\"}]},{\"@type\":\"WebSite\",\"@id\":\"https:\/\/www.eurosmart.hu\/shop\/#website\",\"url\":\"https:\/\/www.eurosmart.hu\/shop\/\",\"name\":\"Eurosmart - Milwaukee web\u00e1ruh\u00e1z\",\"description\":\"Milwaukee web\u00e1ruh\u00e1z\",\"publisher\":{\"@id\":\"https:\/\/www.eurosmart.hu\/shop\/#organization\"},\"potentialAction\":[{\"@type\":\"SearchAction\",\"target\":{\"@type\":\"EntryPoint\",\"urlTemplate\":\"https:\/\/www.eurosmart.hu\/shop\/?s={search_term_string}\"},\"query-input\":\"required name=search_term_string\"}],\"inLanguage\":\"hu\"},{\"@type\":\"Organization\",\"@id\":\"https:\/\/www.eurosmart.hu\/shop\/#organization\",\"name\":\"Eurosmart - Milwaukee web\u00e1ruh\u00e1z\",\"url\":\"https:\/\/www.eurosmart.hu\/shop\/\",\"logo\":{\"@type\":\"ImageObject\",\"inLanguage\":\"hu\",\"@id\":\"https:\/\/www.eurosmart.hu\/shop\/#\/schema\/logo\/image\/\",\"url\":\"https:\/\/www.eurosmart.hu\/shop\/wp-content\/uploads\/2023\/10\/milwaukee-logo-1.png\",\"contentUrl\":\"https:\/\/www.eurosmart.hu\/shop\/wp-content\/uploads\/2023\/10\/milwaukee-logo-1.png\",\"width\":500,\"height\":200,\"caption\":\"Eurosmart - Milwaukee web\u00e1ruh\u00e1z\"},\"image\":{\"@id\":\"https:\/\/www.eurosmart.hu\/shop\/#\/schema\/logo\/image\/\"},\"sameAs\":[\"https:\/\/www.facebook.com\/EurosmartKft\"]}]}<\/script>\n<meta property=\"product:price:amount\" content=\"0\" \/>\n<meta property=\"product:price:currency\" content=\"HUF\" \/>\n<meta property=\"og:availability\" content=\"backorder\" \/>\n<meta property=\"product:availability\" content=\"available for order\" \/>\n<meta property=\"product:retailer_item_id\" content=\"4933459278\" \/>\n<meta property=\"product:condition\" content=\"new\" \/>\n<!-- \/ Yoast SEO Premium plugin. -->","yoast_head_json":{"title":"MILWAUKEE LDM 100 L\u00c9ZERES T\u00c1VOLS\u00c1GM\u00c9R\u0150 100 M SZERSZ\u00c1MT\u00c1SK\u00c1BAN (4933459278) - Eurosmart - Milwaukee web\u00e1ruh\u00e1z","robots":{"index":"index","follow":"follow","max-snippet":"max-snippet:-1","max-image-preview":"max-image-preview:large","max-video-preview":"max-video-preview:-1"},"canonical":"https:\/\/www.eurosmart.hu\/shop\/index.php\/termek\/milwaukee-ldm-100-lezeres-tavolsagmero-100-m-szerszamtaskaban-4933459278\/","og_locale":"hu_HU","og_type":"article","og_title":"MILWAUKEE LDM 100 L\u00c9ZERES T\u00c1VOLS\u00c1GM\u00c9R\u0150 100 M SZERSZ\u00c1MT\u00c1SK\u00c1BAN (4933459278)","og_description":"A k\u00e9szlet tartalma:   1 db LDM 100 l\u00e9zeres t\u00e1vols\u00e1gm\u00e9r\u0151  1 db Szersz\u00e1mt\u00e1ska","og_url":"https:\/\/www.eurosmart.hu\/shop\/index.php\/termek\/milwaukee-ldm-100-lezeres-tavolsagmero-100-m-szerszamtaskaban-4933459278\/","og_site_name":"Eurosmart - Milwaukee web\u00e1ruh\u00e1z","article_publisher":"https:\/\/www.facebook.com\/EurosmartKft","article_modified_time":"2024-01-10T13:45:23+00:00","og_image":[{"width":1000,"height":1000,"url":"https:\/\/www.eurosmart.hu\/shop\/wp-content\/uploads\/2024\/01\/4933459278.webp","type":"image\/webp"}],"twitter_card":"summary_large_image","twitter_misc":{"Price":"","Availability":"On backorder"},"schema":{"@context":"https:\/\/schema.org","@graph":[{"@type":"WebPage","@id":"https:\/\/www.eurosmart.hu\/shop\/index.php\/termek\/milwaukee-ldm-100-lezeres-tavolsagmero-100-m-szerszamtaskaban-4933459278\/","url":"https:\/\/www.eurosmart.hu\/shop\/index.php\/termek\/milwaukee-ldm-100-lezeres-tavolsagmero-100-m-szerszamtaskaban-4933459278\/","name":"MILWAUKEE LDM 100 L\u00c9ZERES T\u00c1VOLS\u00c1GM\u00c9R\u0150 100 M SZERSZ\u00c1MT\u00c1SK\u00c1BAN (4933459278) - Eurosmart - Milwaukee web\u00e1ruh\u00e1z","isPartOf":{"@id":"https:\/\/www.eurosmart.hu\/shop\/#website"},"datePublished":"2024-01-10T13:41:11+00:00","dateModified":"2024-01-10T13:45:23+00:00","breadcrumb":{"@id":"https:\/\/www.eurosmart.hu\/shop\/index.php\/termek\/milwaukee-ldm-100-lezeres-tavolsagmero-100-m-szerszamtaskaban-4933459278\/#breadcrumb"},"inLanguage":"hu","potentialAction":[{"@type":"ReadAction","target":["https:\/\/www.eurosmart.hu\/shop\/index.php\/termek\/milwaukee-ldm-100-lezeres-tavolsagmero-100-m-szerszamtaskaban-4933459278\/"]}]},{"@type":"BreadcrumbList","@id":"https:\/\/www.eurosmart.hu\/shop\/index.php\/termek\/milwaukee-ldm-100-lezeres-tavolsagmero-100-m-szerszamtaskaban-4933459278\/#breadcrumb","itemListElement":[{"@type":"ListItem","position":1,"name":"Kezd\u0151lap","item":"https:\/\/www.eurosmart.hu\/shop\/"},{"@type":"ListItem","position":2,"name":"Term\u00e9keink","item":"https:\/\/www.eurosmart.hu\/shop\/index.php\/uzlet\/"},{"@type":"ListItem","position":3,"name":"MILWAUKEE LDM 100 L\u00c9ZERES T\u00c1VOLS\u00c1GM\u00c9R\u0150 100 M SZERSZ\u00c1MT\u00c1SK\u00c1BAN (4933459278)"}]},{"@type":"WebSite","@id":"https:\/\/www.eurosmart.hu\/shop\/#website","url":"https:\/\/www.eurosmart.hu\/shop\/","name":"Eurosmart - Milwaukee web\u00e1ruh\u00e1z","description":"Milwaukee web\u00e1ruh\u00e1z","publisher":{"@id":"https:\/\/www.eurosmart.hu\/shop\/#organization"},"potentialAction":[{"@type":"SearchAction","target":{"@type":"EntryPoint","urlTemplate":"https:\/\/www.eurosmart.hu\/shop\/?s={search_term_string}"},"query-input":"required name=search_term_string"}],"inLanguage":"hu"},{"@type":"Organization","@id":"https:\/\/www.eurosmart.hu\/shop\/#organization","name":"Eurosmart - Milwaukee web\u00e1ruh\u00e1z","url":"https:\/\/www.eurosmart.hu\/shop\/","logo":{"@type":"ImageObject","inLanguage":"hu","@id":"https:\/\/www.eurosmart.hu\/shop\/#\/schema\/logo\/image\/","url":"https:\/\/www.eurosmart.hu\/shop\/wp-content\/uploads\/2023\/10\/milwaukee-logo-1.png","contentUrl":"https:\/\/www.eurosmart.hu\/shop\/wp-content\/uploads\/2023\/10\/milwaukee-logo-1.png","width":500,"height":200,"caption":"Eurosmart - Milwaukee web\u00e1ruh\u00e1z"},"image":{"@id":"https:\/\/www.eurosmart.hu\/shop\/#\/schema\/logo\/image\/"},"sameAs":["https:\/\/www.facebook.com\/EurosmartKft"]}]},"product_price_currency":"HUF","og_availability":"backorder","product_availability":"available for order","product_retailer_item_id":"4933459278","product_condition":"new"},"_links":{"self":[{"href":"https:\/\/www.eurosmart.hu\/shop\/index.php\/wp-json\/wp\/v2\/product\/4699","targetHints":{"allow":["GET"]}}],"collection":[{"href":"https:\/\/www.eurosmart.hu\/shop\/index.php\/wp-json\/wp\/v2\/product"}],"about":[{"href":"https:\/\/www.eurosmart.hu\/shop\/index.php\/wp-json\/wp\/v2\/types\/product"}],"wp:featuredmedia":[{"embeddable":true,"href":"https:\/\/www.eurosmart.hu\/shop\/index.php\/wp-json\/wp\/v2\/media\/4700"}],"wp:attachment":[{"href":"https:\/\/www.eurosmart.hu\/shop\/index.php\/wp-json\/wp\/v2\/media?parent=4699"}],"wp:term":[{"taxonomy":"product_cat","embeddable":true,"href":"https:\/\/www.eurosmart.hu\/shop\/index.php\/wp-json\/wp\/v2\/product_cat?post=4699"},{"taxonomy":"product_tag","embeddable":true,"href":"https:\/\/www.eurosmart.hu\/shop\/index.php\/wp-json\/wp\/v2\/product_tag?post=4699"}],"curies":[{"name":"wp","href":"https:\/\/api.w.org\/{rel}","templated":true}]}}