{"id":4180,"date":"2023-12-11T10:41:46","date_gmt":"2023-12-11T10:41:46","guid":{"rendered":"https:\/\/www.eurosmart.hu\/shop\/?post_type=product&#038;p=4180"},"modified":"2023-12-11T10:44:50","modified_gmt":"2023-12-11T10:44:50","slug":"milwaukee-m12-fddxkit-202x-m12-fuel-cserelheto-tokmanyu-furocsavarozo-szett-hd-kofferben-4933464979","status":"publish","type":"product","link":"https:\/\/www.eurosmart.hu\/shop\/index.php\/termek\/milwaukee-m12-fddxkit-202x-m12-fuel-cserelheto-tokmanyu-furocsavarozo-szett-hd-kofferben-4933464979\/","title":{"rendered":"MILWAUKEE M12 FDDXKIT-202X M12 FUEL\u2122 CSER\u00c9LHET\u0150 TOKM\u00c1NY\u00da F\u00daR\u00d3CSAVAROZ\u00d3 SZETT HD KOFFERBEN (4933464979)"},"content":{"rendered":"<h5>Tulajdons\u00e1gok:<\/h5>\n<ul class=\"ProductFeaturesTextstyles__FeatureList-fxqvf2-1 dUrrwH\">\n<li class=\"ProductFeaturesTextstyles__Feature-fxqvf2-3 ggyeUS\">Nagy teljes\u00edtm\u00e9ny\u0171 szuperkompakt 4 az 1-ben f\u00far\u00f3csavaroz\u00f3 a sokoldal\u00fas\u00e1g\u00e9rt<\/li>\n<li class=\"ProductFeaturesTextstyles__Feature-fxqvf2-3 ggyeUS\">Cser\u00e9lhet\u0151 tokm\u00e1ny 4 k\u00fcl\u00f6nb\u00f6z\u0151 fejjel a sokoldal\u00fa alkalmaz\u00e1s\u00e9rt<\/li>\n<li class=\"ProductFeaturesTextstyles__Feature-fxqvf2-3 ggyeUS\">\u00bc\u2033 hatsz\u00f6g befog\u00e1s\u00fa tokm\u00e1ny, elt\u00e1vol\u00edt\u00e1sa eset\u00e9n cs\u00f6kken a f\u00far\u00f3g\u00e9p hossza 130 mm-re<\/li>\n<li class=\"ProductFeaturesTextstyles__Feature-fxqvf2-3 ggyeUS\">Egyenes vonal\u00fa foganty\u00fa kialak\u00edt\u00e1s<\/li>\n<li class=\"ProductFeaturesTextstyles__Feature-fxqvf2-3 ggyeUS\">Sz\u00e9nkefe n\u00e9lk\u00fcli POWERSTATE\u2122 motor ak\u00e1r 34 Nm nyomat\u00e9kot biztos\u00edt<\/li>\n<li class=\"ProductFeaturesTextstyles__Feature-fxqvf2-3 ggyeUS\">M\u00e1gneses tart\u00f3 a k\u00f6nny\u0171 bit hozz\u00e1f\u00e9r\u00e9s\u00e9rt<\/li>\n<li class=\"ProductFeaturesTextstyles__Feature-fxqvf2-3 ggyeUS\">FUEL\u2122 platformunk DNS-e \u00fajradefini\u00e1lja a vezet\u00e9k n\u00e9lk\u00fcli technol\u00f3gia egyens\u00faly\u00e1t. A MILWAUKEE\u00ae POWERSTATE\u2122 sz\u00e9nkefe n\u00e9lk\u00fcli motor, REDLITHIUM\u2122 akkumul\u00e1tor \u00e9s REDLINK PLUS\u2122 intelligens elektronika p\u00e1ratlan teljes\u00edtm\u00e9nyt, \u00fczemid\u0151t \u00e9s tart\u00f3ss\u00e1got biztos\u00edt.<\/li>\n<li class=\"ProductFeaturesTextstyles__Feature-fxqvf2-3 ggyeUS\">Rugalmas akkumul\u00e1tor rendszerrel &#8211; MILWAUKEE\u00ae\u00a0<a href=\"https:\/\/hu.milwaukeetool.eu\/systems\/m12\/\">M12\u2122<\/a>\u00a0akkumul\u00e1torokkal m\u0171k\u00f6dik<\/li>\n<\/ul>\n<h5>M\u0171szaki adatok:<\/h5>\n<ul>\n<li>T\u00cdPUS: AKKUMUL\u00c1TOROS (LI-ION 12V)<\/li>\n<li>\u00dcRESJ\u00c1RATI FORD.SZ. 1. SEB. FOKOZAT (FORD\/PERC): 0-400<\/li>\n<li>\u00dcRESJ\u00c1RATI FORD.SZ. 2. SEB. FOKOZAT (FORD\/PERC): 0-1600<\/li>\n<li>FACSAVAROK (MM): 10<\/li>\n<li>FORDULATSZ\u00c1M SZAB\u00c1LYOZ\u00c1S: 2<\/li>\n<li>MAX. F\u00daR\u00c1SI \u00c1TM\u00c9R\u0150 AC\u00c9LBAN (MM): 10<\/li>\n<li>MAX. F\u00daR\u00c1SI \u00c1TM\u00c9R\u0150 F\u00c1BAN (MM): 28<\/li>\n<li>MAX. NYOMAT\u00c9K (NM): 34<\/li>\n<li>TOKM\u00c1NY M\u00c9RETE (MM): 10<\/li>\n<li>S\u00daLY AKKUMUL\u00c1TORRAL (KG): 0.9<\/li>\n<\/ul>\n","protected":false},"excerpt":{"rendered":"<p><strong>A k\u00e9szlet tartalma:<\/strong><\/p>\n<ul>\n<li>1 db M12 FDDX FUEL\u2122 CSER\u00c9LHET\u0150 TOKM\u00c1NY\u00da F\u00daR\u00d3CSAVAROZ\u00d3<\/li>\n<li>2 db M12 B2 2,0 Ah akkumul\u00e1tor<\/li>\n<li>1 db M12 C12 C t\u00f6lt\u0151<\/li>\n<li>1 db Heavy Duty koffer<\/li>\n<li>10 mm f\u00e9m tokm\u00e1ny, sarokf\u00far\u00f3fej, pozicion\u00e1lt csavaroz\u00f3 fej, 6 mm hatsz\u00f6g befog\u00e1s\u00fa tokm\u00e1ny<\/li>\n<\/ul>\n","protected":false},"featured_media":4181,"template":"","meta":[],"product_cat":[167,165,231,59,228,89],"product_tag":[],"class_list":["post-4180","product","type-product","status-publish","has-post-thumbnail","hentry","product_cat-akkumulatoros-furas-veses-es-rogzites","product_cat-akkumulatoros-gepek","product_cat-m12-rendszer","product_cat-milwaukee","product_cat-rendszer","product_cat-termekek"],"yoast_head":"<!-- This site is optimized with the Yoast SEO Premium plugin v21.3 (Yoast SEO v21.3) - https:\/\/yoast.com\/wordpress\/plugins\/seo\/ -->\n<title>MILWAUKEE M12 FDDXKIT-202X M12 FUEL\u2122 CSER\u00c9LHET\u0150 TOKM\u00c1NY\u00da F\u00daR\u00d3CSAVAROZ\u00d3 SZETT HD KOFFERBEN (4933464979) - Eurosmart - Milwaukee web\u00e1ruh\u00e1z<\/title>\n<meta name=\"robots\" content=\"index, follow, max-snippet:-1, max-image-preview:large, max-video-preview:-1\" \/>\n<link rel=\"canonical\" href=\"https:\/\/www.eurosmart.hu\/shop\/index.php\/termek\/milwaukee-m12-fddxkit-202x-m12-fuel-cserelheto-tokmanyu-furocsavarozo-szett-hd-kofferben-4933464979\/\" \/>\n<meta property=\"og:locale\" content=\"hu_HU\" \/>\n<meta property=\"og:type\" content=\"article\" \/>\n<meta property=\"og:title\" content=\"MILWAUKEE M12 FDDXKIT-202X M12 FUEL\u2122 CSER\u00c9LHET\u0150 TOKM\u00c1NY\u00da F\u00daR\u00d3CSAVAROZ\u00d3 SZETT HD KOFFERBEN (4933464979)\" \/>\n<meta property=\"og:description\" content=\"A k\u00e9szlet tartalma:   1 db M12 FDDX FUEL\u2122 CSER\u00c9LHET\u0150 TOKM\u00c1NY\u00da F\u00daR\u00d3CSAVAROZ\u00d3  2 db M12 B2 2,0 Ah akkumul\u00e1tor  1 db M12 C12 C t\u00f6lt\u0151  1 db Heavy Duty koffer  10 mm f\u00e9m tokm\u00e1ny, sarokf\u00far\u00f3fej, pozicion\u00e1lt csavaroz\u00f3 fej, 6 mm hatsz\u00f6g befog\u00e1s\u00fa tokm\u00e1ny\" \/>\n<meta property=\"og:url\" content=\"https:\/\/www.eurosmart.hu\/shop\/index.php\/termek\/milwaukee-m12-fddxkit-202x-m12-fuel-cserelheto-tokmanyu-furocsavarozo-szett-hd-kofferben-4933464979\/\" \/>\n<meta property=\"og:site_name\" content=\"Eurosmart - Milwaukee web\u00e1ruh\u00e1z\" \/>\n<meta property=\"article:publisher\" content=\"https:\/\/www.facebook.com\/EurosmartKft\" \/>\n<meta property=\"article:modified_time\" content=\"2023-12-11T10:44:50+00:00\" \/>\n<meta property=\"og:image\" content=\"https:\/\/www.eurosmart.hu\/shop\/wp-content\/uploads\/2023\/12\/4933464979.webp\" \/>\n\t<meta property=\"og:image:width\" content=\"1000\" \/>\n\t<meta property=\"og:image:height\" content=\"1000\" \/>\n\t<meta property=\"og:image:type\" content=\"image\/webp\" \/>\n<meta name=\"twitter:card\" content=\"summary_large_image\" \/>\n<meta name=\"twitter:label1\" content=\"Price\" \/>\n\t<meta name=\"twitter:data1\" content=\"\" \/>\n\t<meta name=\"twitter:label2\" content=\"Availability\" \/>\n\t<meta name=\"twitter:data2\" content=\"On backorder\" \/>\n<script type=\"application\/ld+json\" class=\"yoast-schema-graph\">{\"@context\":\"https:\/\/schema.org\",\"@graph\":[{\"@type\":\"WebPage\",\"@id\":\"https:\/\/www.eurosmart.hu\/shop\/index.php\/termek\/milwaukee-m12-fddxkit-202x-m12-fuel-cserelheto-tokmanyu-furocsavarozo-szett-hd-kofferben-4933464979\/\",\"url\":\"https:\/\/www.eurosmart.hu\/shop\/index.php\/termek\/milwaukee-m12-fddxkit-202x-m12-fuel-cserelheto-tokmanyu-furocsavarozo-szett-hd-kofferben-4933464979\/\",\"name\":\"MILWAUKEE M12 FDDXKIT-202X M12 FUEL\u2122 CSER\u00c9LHET\u0150 TOKM\u00c1NY\u00da F\u00daR\u00d3CSAVAROZ\u00d3 SZETT HD KOFFERBEN (4933464979) - Eurosmart - Milwaukee web\u00e1ruh\u00e1z\",\"isPartOf\":{\"@id\":\"https:\/\/www.eurosmart.hu\/shop\/#website\"},\"datePublished\":\"2023-12-11T10:41:46+00:00\",\"dateModified\":\"2023-12-11T10:44:50+00:00\",\"breadcrumb\":{\"@id\":\"https:\/\/www.eurosmart.hu\/shop\/index.php\/termek\/milwaukee-m12-fddxkit-202x-m12-fuel-cserelheto-tokmanyu-furocsavarozo-szett-hd-kofferben-4933464979\/#breadcrumb\"},\"inLanguage\":\"hu\",\"potentialAction\":[{\"@type\":\"ReadAction\",\"target\":[\"https:\/\/www.eurosmart.hu\/shop\/index.php\/termek\/milwaukee-m12-fddxkit-202x-m12-fuel-cserelheto-tokmanyu-furocsavarozo-szett-hd-kofferben-4933464979\/\"]}]},{\"@type\":\"BreadcrumbList\",\"@id\":\"https:\/\/www.eurosmart.hu\/shop\/index.php\/termek\/milwaukee-m12-fddxkit-202x-m12-fuel-cserelheto-tokmanyu-furocsavarozo-szett-hd-kofferben-4933464979\/#breadcrumb\",\"itemListElement\":[{\"@type\":\"ListItem\",\"position\":1,\"name\":\"Kezd\u0151lap\",\"item\":\"https:\/\/www.eurosmart.hu\/shop\/\"},{\"@type\":\"ListItem\",\"position\":2,\"name\":\"Term\u00e9keink\",\"item\":\"https:\/\/www.eurosmart.hu\/shop\/index.php\/uzlet\/\"},{\"@type\":\"ListItem\",\"position\":3,\"name\":\"MILWAUKEE M12 FDDXKIT-202X M12 FUEL\u2122 CSER\u00c9LHET\u0150 TOKM\u00c1NY\u00da F\u00daR\u00d3CSAVAROZ\u00d3 SZETT HD KOFFERBEN (4933464979)\"}]},{\"@type\":\"WebSite\",\"@id\":\"https:\/\/www.eurosmart.hu\/shop\/#website\",\"url\":\"https:\/\/www.eurosmart.hu\/shop\/\",\"name\":\"Eurosmart - Milwaukee web\u00e1ruh\u00e1z\",\"description\":\"Milwaukee web\u00e1ruh\u00e1z\",\"publisher\":{\"@id\":\"https:\/\/www.eurosmart.hu\/shop\/#organization\"},\"potentialAction\":[{\"@type\":\"SearchAction\",\"target\":{\"@type\":\"EntryPoint\",\"urlTemplate\":\"https:\/\/www.eurosmart.hu\/shop\/?s={search_term_string}\"},\"query-input\":\"required name=search_term_string\"}],\"inLanguage\":\"hu\"},{\"@type\":\"Organization\",\"@id\":\"https:\/\/www.eurosmart.hu\/shop\/#organization\",\"name\":\"Eurosmart - Milwaukee web\u00e1ruh\u00e1z\",\"url\":\"https:\/\/www.eurosmart.hu\/shop\/\",\"logo\":{\"@type\":\"ImageObject\",\"inLanguage\":\"hu\",\"@id\":\"https:\/\/www.eurosmart.hu\/shop\/#\/schema\/logo\/image\/\",\"url\":\"https:\/\/www.eurosmart.hu\/shop\/wp-content\/uploads\/2023\/10\/milwaukee-logo-1.png\",\"contentUrl\":\"https:\/\/www.eurosmart.hu\/shop\/wp-content\/uploads\/2023\/10\/milwaukee-logo-1.png\",\"width\":500,\"height\":200,\"caption\":\"Eurosmart - Milwaukee web\u00e1ruh\u00e1z\"},\"image\":{\"@id\":\"https:\/\/www.eurosmart.hu\/shop\/#\/schema\/logo\/image\/\"},\"sameAs\":[\"https:\/\/www.facebook.com\/EurosmartKft\"]}]}<\/script>\n<meta property=\"product:price:amount\" content=\"0\" \/>\n<meta property=\"product:price:currency\" content=\"HUF\" \/>\n<meta property=\"og:availability\" content=\"backorder\" \/>\n<meta property=\"product:availability\" content=\"available for order\" \/>\n<meta property=\"product:retailer_item_id\" content=\"4933464979\" \/>\n<meta property=\"product:condition\" content=\"new\" \/>\n<!-- \/ Yoast SEO Premium plugin. -->","yoast_head_json":{"title":"MILWAUKEE M12 FDDXKIT-202X M12 FUEL\u2122 CSER\u00c9LHET\u0150 TOKM\u00c1NY\u00da F\u00daR\u00d3CSAVAROZ\u00d3 SZETT HD KOFFERBEN (4933464979) - Eurosmart - Milwaukee web\u00e1ruh\u00e1z","robots":{"index":"index","follow":"follow","max-snippet":"max-snippet:-1","max-image-preview":"max-image-preview:large","max-video-preview":"max-video-preview:-1"},"canonical":"https:\/\/www.eurosmart.hu\/shop\/index.php\/termek\/milwaukee-m12-fddxkit-202x-m12-fuel-cserelheto-tokmanyu-furocsavarozo-szett-hd-kofferben-4933464979\/","og_locale":"hu_HU","og_type":"article","og_title":"MILWAUKEE M12 FDDXKIT-202X M12 FUEL\u2122 CSER\u00c9LHET\u0150 TOKM\u00c1NY\u00da F\u00daR\u00d3CSAVAROZ\u00d3 SZETT HD KOFFERBEN (4933464979)","og_description":"A k\u00e9szlet tartalma:   1 db M12 FDDX FUEL\u2122 CSER\u00c9LHET\u0150 TOKM\u00c1NY\u00da F\u00daR\u00d3CSAVAROZ\u00d3  2 db M12 B2 2,0 Ah akkumul\u00e1tor  1 db M12 C12 C t\u00f6lt\u0151  1 db Heavy Duty koffer  10 mm f\u00e9m tokm\u00e1ny, sarokf\u00far\u00f3fej, pozicion\u00e1lt csavaroz\u00f3 fej, 6 mm hatsz\u00f6g befog\u00e1s\u00fa tokm\u00e1ny","og_url":"https:\/\/www.eurosmart.hu\/shop\/index.php\/termek\/milwaukee-m12-fddxkit-202x-m12-fuel-cserelheto-tokmanyu-furocsavarozo-szett-hd-kofferben-4933464979\/","og_site_name":"Eurosmart - Milwaukee web\u00e1ruh\u00e1z","article_publisher":"https:\/\/www.facebook.com\/EurosmartKft","article_modified_time":"2023-12-11T10:44:50+00:00","og_image":[{"width":1000,"height":1000,"url":"https:\/\/www.eurosmart.hu\/shop\/wp-content\/uploads\/2023\/12\/4933464979.webp","type":"image\/webp"}],"twitter_card":"summary_large_image","twitter_misc":{"Price":"","Availability":"On backorder"},"schema":{"@context":"https:\/\/schema.org","@graph":[{"@type":"WebPage","@id":"https:\/\/www.eurosmart.hu\/shop\/index.php\/termek\/milwaukee-m12-fddxkit-202x-m12-fuel-cserelheto-tokmanyu-furocsavarozo-szett-hd-kofferben-4933464979\/","url":"https:\/\/www.eurosmart.hu\/shop\/index.php\/termek\/milwaukee-m12-fddxkit-202x-m12-fuel-cserelheto-tokmanyu-furocsavarozo-szett-hd-kofferben-4933464979\/","name":"MILWAUKEE M12 FDDXKIT-202X M12 FUEL\u2122 CSER\u00c9LHET\u0150 TOKM\u00c1NY\u00da F\u00daR\u00d3CSAVAROZ\u00d3 SZETT HD KOFFERBEN (4933464979) - Eurosmart - Milwaukee web\u00e1ruh\u00e1z","isPartOf":{"@id":"https:\/\/www.eurosmart.hu\/shop\/#website"},"datePublished":"2023-12-11T10:41:46+00:00","dateModified":"2023-12-11T10:44:50+00:00","breadcrumb":{"@id":"https:\/\/www.eurosmart.hu\/shop\/index.php\/termek\/milwaukee-m12-fddxkit-202x-m12-fuel-cserelheto-tokmanyu-furocsavarozo-szett-hd-kofferben-4933464979\/#breadcrumb"},"inLanguage":"hu","potentialAction":[{"@type":"ReadAction","target":["https:\/\/www.eurosmart.hu\/shop\/index.php\/termek\/milwaukee-m12-fddxkit-202x-m12-fuel-cserelheto-tokmanyu-furocsavarozo-szett-hd-kofferben-4933464979\/"]}]},{"@type":"BreadcrumbList","@id":"https:\/\/www.eurosmart.hu\/shop\/index.php\/termek\/milwaukee-m12-fddxkit-202x-m12-fuel-cserelheto-tokmanyu-furocsavarozo-szett-hd-kofferben-4933464979\/#breadcrumb","itemListElement":[{"@type":"ListItem","position":1,"name":"Kezd\u0151lap","item":"https:\/\/www.eurosmart.hu\/shop\/"},{"@type":"ListItem","position":2,"name":"Term\u00e9keink","item":"https:\/\/www.eurosmart.hu\/shop\/index.php\/uzlet\/"},{"@type":"ListItem","position":3,"name":"MILWAUKEE M12 FDDXKIT-202X M12 FUEL\u2122 CSER\u00c9LHET\u0150 TOKM\u00c1NY\u00da F\u00daR\u00d3CSAVAROZ\u00d3 SZETT HD KOFFERBEN (4933464979)"}]},{"@type":"WebSite","@id":"https:\/\/www.eurosmart.hu\/shop\/#website","url":"https:\/\/www.eurosmart.hu\/shop\/","name":"Eurosmart - Milwaukee web\u00e1ruh\u00e1z","description":"Milwaukee web\u00e1ruh\u00e1z","publisher":{"@id":"https:\/\/www.eurosmart.hu\/shop\/#organization"},"potentialAction":[{"@type":"SearchAction","target":{"@type":"EntryPoint","urlTemplate":"https:\/\/www.eurosmart.hu\/shop\/?s={search_term_string}"},"query-input":"required name=search_term_string"}],"inLanguage":"hu"},{"@type":"Organization","@id":"https:\/\/www.eurosmart.hu\/shop\/#organization","name":"Eurosmart - Milwaukee web\u00e1ruh\u00e1z","url":"https:\/\/www.eurosmart.hu\/shop\/","logo":{"@type":"ImageObject","inLanguage":"hu","@id":"https:\/\/www.eurosmart.hu\/shop\/#\/schema\/logo\/image\/","url":"https:\/\/www.eurosmart.hu\/shop\/wp-content\/uploads\/2023\/10\/milwaukee-logo-1.png","contentUrl":"https:\/\/www.eurosmart.hu\/shop\/wp-content\/uploads\/2023\/10\/milwaukee-logo-1.png","width":500,"height":200,"caption":"Eurosmart - Milwaukee web\u00e1ruh\u00e1z"},"image":{"@id":"https:\/\/www.eurosmart.hu\/shop\/#\/schema\/logo\/image\/"},"sameAs":["https:\/\/www.facebook.com\/EurosmartKft"]}]},"product_price_currency":"HUF","og_availability":"backorder","product_availability":"available for order","product_retailer_item_id":"4933464979","product_condition":"new"},"_links":{"self":[{"href":"https:\/\/www.eurosmart.hu\/shop\/index.php\/wp-json\/wp\/v2\/product\/4180","targetHints":{"allow":["GET"]}}],"collection":[{"href":"https:\/\/www.eurosmart.hu\/shop\/index.php\/wp-json\/wp\/v2\/product"}],"about":[{"href":"https:\/\/www.eurosmart.hu\/shop\/index.php\/wp-json\/wp\/v2\/types\/product"}],"wp:featuredmedia":[{"embeddable":true,"href":"https:\/\/www.eurosmart.hu\/shop\/index.php\/wp-json\/wp\/v2\/media\/4181"}],"wp:attachment":[{"href":"https:\/\/www.eurosmart.hu\/shop\/index.php\/wp-json\/wp\/v2\/media?parent=4180"}],"wp:term":[{"taxonomy":"product_cat","embeddable":true,"href":"https:\/\/www.eurosmart.hu\/shop\/index.php\/wp-json\/wp\/v2\/product_cat?post=4180"},{"taxonomy":"product_tag","embeddable":true,"href":"https:\/\/www.eurosmart.hu\/shop\/index.php\/wp-json\/wp\/v2\/product_tag?post=4180"}],"curies":[{"name":"wp","href":"https:\/\/api.w.org\/{rel}","templated":true}]}}