{"id":3726,"date":"2023-10-16T09:39:07","date_gmt":"2023-10-16T09:39:07","guid":{"rendered":"https:\/\/www.eurosmart.hu\/shop\/?post_type=product&#038;p=3726"},"modified":"2024-03-05T15:18:58","modified_gmt":"2024-03-05T15:18:58","slug":"milwaukee-karacsonyi-ajandekcsomag-diszdobozban-4932492673","status":"publish","type":"product","link":"https:\/\/www.eurosmart.hu\/shop\/index.php\/termek\/milwaukee-karacsonyi-ajandekcsomag-diszdobozban-4932492673\/","title":{"rendered":"MILWAUKEE KAR\u00c1CSONYI AJ\u00c1ND\u00c9KCSOMAG D\u00cdSZDOBOZBAN 2023 (4932492673)"},"content":{"rendered":"<h5>Tulajdons\u00e1gok:<\/h5>\n<ul>\n<li class=\"ProductFeaturesTextstyles__Feature-fxqvf2-3 ggyeUS\">PACKOUT\u2122 poh\u00e1r duplafal\u00fa v\u00e1kuumszigetel\u00e9ssel rendelkezik az eg\u00e9sz napos melegen vagy hidegen tart\u00e1s\u00e9rt. 18\/8-as rozsdamentes ac\u00e9l a tart\u00f3ss\u00e1g \u00e9rdek\u00e9ben.<\/li>\n<li class=\"ProductFeaturesTextstyles__Feature-fxqvf2-3 ggyeUS\">Racsnis marokcsavarh\u00faz\u00f3 revolver st\u00edlus\u00fa bit t\u00e1rol\u00f3val a foganty\u00faban a bitek gyors \u00e9s egyszer\u0171 el\u00e9r\u00e9s\u00e9hez.<\/li>\n<li class=\"ProductFeaturesTextstyles__Feature-fxqvf2-3 ggyeUS\">Imbuszkulcs k\u00e9szlet \u201eCsavard \u00e9s z\u00e1rd\u201c funkci\u00f3j\u00fa tokkal az \u00f6sszes kulcs k\u00f6nny\u0171 hozz\u00e1f\u00e9r\u00e9s\u00e9hez. A g\u00f6mbfej 30\u00b0-os hozz\u00e1f\u00e9r\u00e9st biztos\u00edt b\u00e1rmely hatsz\u00f6glet\u0171 csavarhoz<\/li>\n<li class=\"ProductFeaturesTextstyles__Feature-fxqvf2-3 ggyeUS\">Limit\u00e1lt kiad\u00e1s\u00fa fekete \u00f6sszecsukhat\u00f3 k\u00e9s kompakt m\u00e9retben a zsebben val\u00f3 hord\u00e1shoz. \u00dajra\u00e9lezhet\u0151 rozsdamentes ac\u00e9l penge.<\/li>\n<li class=\"ProductFeaturesTextstyles__Feature-fxqvf2-3 ggyeUS\">SHOCKWAVE\u2122 IMPACT DUTY karabineres bit k\u00e9szlet &#8211; l\u00e9zerrel edzett WEAR GUARD TIP\u2122 a jobb kop\u00e1s\u00e1ll\u00f3s\u00e1g\u00e9rt \u00e9s az illeszked\u00e9s v\u00e9delm\u00e9\u00e9rt a szersz\u00e1m \u00e9lettartama alatt.<\/li>\n<\/ul>\n","protected":false},"excerpt":{"rendered":"<h5>A k\u00e9szlet tartalma:<\/h5>\n<ul>\n<li>1 db PACKOUT poh\u00e1r<\/li>\n<li>1 db Racsnis marokcsavarh\u00faz\u00f3 bitfejekkel<\/li>\n<li>1 db Imbuszkulcs k\u00e9szlet<\/li>\n<li>1 db \u00d6sszecsukhat\u00f3 k\u00e9s<\/li>\n<li>1 db IMPACT DUTY karabineres bit k\u00e9szlet<\/li>\n<\/ul>\n","protected":false},"featured_media":3727,"template":"","meta":[],"product_cat":[214,212,208,59,198,232,228,197,89],"product_tag":[],"class_list":["post-3726","product","type-product","status-publish","has-post-thumbnail","hentry","product_cat-csavarhuzok","product_cat-kesek-es-ollok","product_cat-keziszerszamok-termekek","product_cat-milwaukee","product_cat-packout","product_cat-packout-modularis-tarolorendszer","product_cat-rendszer","product_cat-tarolas","product_cat-termekek"],"yoast_head":"<!-- This site is optimized with the Yoast SEO Premium plugin v21.3 (Yoast SEO v21.3) - https:\/\/yoast.com\/wordpress\/plugins\/seo\/ -->\n<title>MILWAUKEE KAR\u00c1CSONYI AJ\u00c1ND\u00c9KCSOMAG D\u00cdSZDOBOZBAN 2023 (4932492673) - Eurosmart - Milwaukee web\u00e1ruh\u00e1z<\/title>\n<meta name=\"robots\" content=\"index, follow, max-snippet:-1, max-image-preview:large, max-video-preview:-1\" \/>\n<link rel=\"canonical\" href=\"https:\/\/www.eurosmart.hu\/shop\/index.php\/termek\/milwaukee-karacsonyi-ajandekcsomag-diszdobozban-4932492673\/\" \/>\n<meta property=\"og:locale\" content=\"hu_HU\" \/>\n<meta property=\"og:type\" content=\"article\" \/>\n<meta property=\"og:title\" content=\"MILWAUKEE KAR\u00c1CSONYI AJ\u00c1ND\u00c9KCSOMAG D\u00cdSZDOBOZBAN 2023 (4932492673)\" \/>\n<meta property=\"og:description\" content=\"A k\u00e9szlet tartalma:   1 db PACKOUT poh\u00e1r  1 db Racsnis marokcsavarh\u00faz\u00f3 bitfejekkel  1 db Imbuszkulcs k\u00e9szlet  1 db \u00d6sszecsukhat\u00f3 k\u00e9s  1 db IMPACT DUTY karabineres bit k\u00e9szlet\" \/>\n<meta property=\"og:url\" content=\"https:\/\/www.eurosmart.hu\/shop\/index.php\/termek\/milwaukee-karacsonyi-ajandekcsomag-diszdobozban-4932492673\/\" \/>\n<meta property=\"og:site_name\" content=\"Eurosmart - Milwaukee web\u00e1ruh\u00e1z\" \/>\n<meta property=\"article:publisher\" content=\"https:\/\/www.facebook.com\/EurosmartKft\" \/>\n<meta property=\"article:modified_time\" content=\"2024-03-05T15:18:58+00:00\" \/>\n<meta property=\"og:image\" content=\"https:\/\/www.eurosmart.hu\/shop\/wp-content\/uploads\/2023\/10\/4932492673.jpg\" \/>\n\t<meta property=\"og:image:width\" content=\"1000\" \/>\n\t<meta property=\"og:image:height\" content=\"1000\" \/>\n\t<meta property=\"og:image:type\" content=\"image\/jpeg\" \/>\n<meta name=\"twitter:card\" content=\"summary_large_image\" \/>\n<meta name=\"twitter:label1\" content=\"Price\" \/>\n\t<meta name=\"twitter:data1\" content=\"\" \/>\n\t<meta name=\"twitter:label2\" content=\"Availability\" \/>\n\t<meta name=\"twitter:data2\" content=\"On backorder\" \/>\n<script type=\"application\/ld+json\" class=\"yoast-schema-graph\">{\"@context\":\"https:\/\/schema.org\",\"@graph\":[{\"@type\":\"WebPage\",\"@id\":\"https:\/\/www.eurosmart.hu\/shop\/index.php\/termek\/milwaukee-karacsonyi-ajandekcsomag-diszdobozban-4932492673\/\",\"url\":\"https:\/\/www.eurosmart.hu\/shop\/index.php\/termek\/milwaukee-karacsonyi-ajandekcsomag-diszdobozban-4932492673\/\",\"name\":\"MILWAUKEE KAR\u00c1CSONYI AJ\u00c1ND\u00c9KCSOMAG D\u00cdSZDOBOZBAN 2023 (4932492673) - Eurosmart - Milwaukee web\u00e1ruh\u00e1z\",\"isPartOf\":{\"@id\":\"https:\/\/www.eurosmart.hu\/shop\/#website\"},\"datePublished\":\"2023-10-16T09:39:07+00:00\",\"dateModified\":\"2024-03-05T15:18:58+00:00\",\"breadcrumb\":{\"@id\":\"https:\/\/www.eurosmart.hu\/shop\/index.php\/termek\/milwaukee-karacsonyi-ajandekcsomag-diszdobozban-4932492673\/#breadcrumb\"},\"inLanguage\":\"hu\",\"potentialAction\":[{\"@type\":\"ReadAction\",\"target\":[\"https:\/\/www.eurosmart.hu\/shop\/index.php\/termek\/milwaukee-karacsonyi-ajandekcsomag-diszdobozban-4932492673\/\"]}]},{\"@type\":\"BreadcrumbList\",\"@id\":\"https:\/\/www.eurosmart.hu\/shop\/index.php\/termek\/milwaukee-karacsonyi-ajandekcsomag-diszdobozban-4932492673\/#breadcrumb\",\"itemListElement\":[{\"@type\":\"ListItem\",\"position\":1,\"name\":\"Kezd\u0151lap\",\"item\":\"https:\/\/www.eurosmart.hu\/shop\/\"},{\"@type\":\"ListItem\",\"position\":2,\"name\":\"Term\u00e9keink\",\"item\":\"https:\/\/www.eurosmart.hu\/shop\/index.php\/uzlet\/\"},{\"@type\":\"ListItem\",\"position\":3,\"name\":\"MILWAUKEE KAR\u00c1CSONYI AJ\u00c1ND\u00c9KCSOMAG D\u00cdSZDOBOZBAN 2023 (4932492673)\"}]},{\"@type\":\"WebSite\",\"@id\":\"https:\/\/www.eurosmart.hu\/shop\/#website\",\"url\":\"https:\/\/www.eurosmart.hu\/shop\/\",\"name\":\"Eurosmart - Milwaukee web\u00e1ruh\u00e1z\",\"description\":\"Milwaukee web\u00e1ruh\u00e1z\",\"publisher\":{\"@id\":\"https:\/\/www.eurosmart.hu\/shop\/#organization\"},\"potentialAction\":[{\"@type\":\"SearchAction\",\"target\":{\"@type\":\"EntryPoint\",\"urlTemplate\":\"https:\/\/www.eurosmart.hu\/shop\/?s={search_term_string}\"},\"query-input\":\"required name=search_term_string\"}],\"inLanguage\":\"hu\"},{\"@type\":\"Organization\",\"@id\":\"https:\/\/www.eurosmart.hu\/shop\/#organization\",\"name\":\"Eurosmart - Milwaukee web\u00e1ruh\u00e1z\",\"url\":\"https:\/\/www.eurosmart.hu\/shop\/\",\"logo\":{\"@type\":\"ImageObject\",\"inLanguage\":\"hu\",\"@id\":\"https:\/\/www.eurosmart.hu\/shop\/#\/schema\/logo\/image\/\",\"url\":\"https:\/\/www.eurosmart.hu\/shop\/wp-content\/uploads\/2023\/10\/milwaukee-logo-1.png\",\"contentUrl\":\"https:\/\/www.eurosmart.hu\/shop\/wp-content\/uploads\/2023\/10\/milwaukee-logo-1.png\",\"width\":500,\"height\":200,\"caption\":\"Eurosmart - Milwaukee web\u00e1ruh\u00e1z\"},\"image\":{\"@id\":\"https:\/\/www.eurosmart.hu\/shop\/#\/schema\/logo\/image\/\"},\"sameAs\":[\"https:\/\/www.facebook.com\/EurosmartKft\"]}]}<\/script>\n<meta property=\"product:price:amount\" content=\"0\" \/>\n<meta property=\"product:price:currency\" content=\"HUF\" \/>\n<meta property=\"og:availability\" content=\"backorder\" \/>\n<meta property=\"product:availability\" content=\"available for order\" \/>\n<meta property=\"product:retailer_item_id\" content=\"4932492673\" \/>\n<meta property=\"product:condition\" content=\"new\" \/>\n<!-- \/ Yoast SEO Premium plugin. -->","yoast_head_json":{"title":"MILWAUKEE KAR\u00c1CSONYI AJ\u00c1ND\u00c9KCSOMAG D\u00cdSZDOBOZBAN 2023 (4932492673) - Eurosmart - Milwaukee web\u00e1ruh\u00e1z","robots":{"index":"index","follow":"follow","max-snippet":"max-snippet:-1","max-image-preview":"max-image-preview:large","max-video-preview":"max-video-preview:-1"},"canonical":"https:\/\/www.eurosmart.hu\/shop\/index.php\/termek\/milwaukee-karacsonyi-ajandekcsomag-diszdobozban-4932492673\/","og_locale":"hu_HU","og_type":"article","og_title":"MILWAUKEE KAR\u00c1CSONYI AJ\u00c1ND\u00c9KCSOMAG D\u00cdSZDOBOZBAN 2023 (4932492673)","og_description":"A k\u00e9szlet tartalma:   1 db PACKOUT poh\u00e1r  1 db Racsnis marokcsavarh\u00faz\u00f3 bitfejekkel  1 db Imbuszkulcs k\u00e9szlet  1 db \u00d6sszecsukhat\u00f3 k\u00e9s  1 db IMPACT DUTY karabineres bit k\u00e9szlet","og_url":"https:\/\/www.eurosmart.hu\/shop\/index.php\/termek\/milwaukee-karacsonyi-ajandekcsomag-diszdobozban-4932492673\/","og_site_name":"Eurosmart - Milwaukee web\u00e1ruh\u00e1z","article_publisher":"https:\/\/www.facebook.com\/EurosmartKft","article_modified_time":"2024-03-05T15:18:58+00:00","og_image":[{"width":1000,"height":1000,"url":"https:\/\/www.eurosmart.hu\/shop\/wp-content\/uploads\/2023\/10\/4932492673.jpg","type":"image\/jpeg"}],"twitter_card":"summary_large_image","twitter_misc":{"Price":"","Availability":"On backorder"},"schema":{"@context":"https:\/\/schema.org","@graph":[{"@type":"WebPage","@id":"https:\/\/www.eurosmart.hu\/shop\/index.php\/termek\/milwaukee-karacsonyi-ajandekcsomag-diszdobozban-4932492673\/","url":"https:\/\/www.eurosmart.hu\/shop\/index.php\/termek\/milwaukee-karacsonyi-ajandekcsomag-diszdobozban-4932492673\/","name":"MILWAUKEE KAR\u00c1CSONYI AJ\u00c1ND\u00c9KCSOMAG D\u00cdSZDOBOZBAN 2023 (4932492673) - Eurosmart - Milwaukee web\u00e1ruh\u00e1z","isPartOf":{"@id":"https:\/\/www.eurosmart.hu\/shop\/#website"},"datePublished":"2023-10-16T09:39:07+00:00","dateModified":"2024-03-05T15:18:58+00:00","breadcrumb":{"@id":"https:\/\/www.eurosmart.hu\/shop\/index.php\/termek\/milwaukee-karacsonyi-ajandekcsomag-diszdobozban-4932492673\/#breadcrumb"},"inLanguage":"hu","potentialAction":[{"@type":"ReadAction","target":["https:\/\/www.eurosmart.hu\/shop\/index.php\/termek\/milwaukee-karacsonyi-ajandekcsomag-diszdobozban-4932492673\/"]}]},{"@type":"BreadcrumbList","@id":"https:\/\/www.eurosmart.hu\/shop\/index.php\/termek\/milwaukee-karacsonyi-ajandekcsomag-diszdobozban-4932492673\/#breadcrumb","itemListElement":[{"@type":"ListItem","position":1,"name":"Kezd\u0151lap","item":"https:\/\/www.eurosmart.hu\/shop\/"},{"@type":"ListItem","position":2,"name":"Term\u00e9keink","item":"https:\/\/www.eurosmart.hu\/shop\/index.php\/uzlet\/"},{"@type":"ListItem","position":3,"name":"MILWAUKEE KAR\u00c1CSONYI AJ\u00c1ND\u00c9KCSOMAG D\u00cdSZDOBOZBAN 2023 (4932492673)"}]},{"@type":"WebSite","@id":"https:\/\/www.eurosmart.hu\/shop\/#website","url":"https:\/\/www.eurosmart.hu\/shop\/","name":"Eurosmart - Milwaukee web\u00e1ruh\u00e1z","description":"Milwaukee web\u00e1ruh\u00e1z","publisher":{"@id":"https:\/\/www.eurosmart.hu\/shop\/#organization"},"potentialAction":[{"@type":"SearchAction","target":{"@type":"EntryPoint","urlTemplate":"https:\/\/www.eurosmart.hu\/shop\/?s={search_term_string}"},"query-input":"required name=search_term_string"}],"inLanguage":"hu"},{"@type":"Organization","@id":"https:\/\/www.eurosmart.hu\/shop\/#organization","name":"Eurosmart - Milwaukee web\u00e1ruh\u00e1z","url":"https:\/\/www.eurosmart.hu\/shop\/","logo":{"@type":"ImageObject","inLanguage":"hu","@id":"https:\/\/www.eurosmart.hu\/shop\/#\/schema\/logo\/image\/","url":"https:\/\/www.eurosmart.hu\/shop\/wp-content\/uploads\/2023\/10\/milwaukee-logo-1.png","contentUrl":"https:\/\/www.eurosmart.hu\/shop\/wp-content\/uploads\/2023\/10\/milwaukee-logo-1.png","width":500,"height":200,"caption":"Eurosmart - Milwaukee web\u00e1ruh\u00e1z"},"image":{"@id":"https:\/\/www.eurosmart.hu\/shop\/#\/schema\/logo\/image\/"},"sameAs":["https:\/\/www.facebook.com\/EurosmartKft"]}]},"product_price_currency":"HUF","og_availability":"backorder","product_availability":"available for order","product_retailer_item_id":"4932492673","product_condition":"new"},"_links":{"self":[{"href":"https:\/\/www.eurosmart.hu\/shop\/index.php\/wp-json\/wp\/v2\/product\/3726","targetHints":{"allow":["GET"]}}],"collection":[{"href":"https:\/\/www.eurosmart.hu\/shop\/index.php\/wp-json\/wp\/v2\/product"}],"about":[{"href":"https:\/\/www.eurosmart.hu\/shop\/index.php\/wp-json\/wp\/v2\/types\/product"}],"wp:featuredmedia":[{"embeddable":true,"href":"https:\/\/www.eurosmart.hu\/shop\/index.php\/wp-json\/wp\/v2\/media\/3727"}],"wp:attachment":[{"href":"https:\/\/www.eurosmart.hu\/shop\/index.php\/wp-json\/wp\/v2\/media?parent=3726"}],"wp:term":[{"taxonomy":"product_cat","embeddable":true,"href":"https:\/\/www.eurosmart.hu\/shop\/index.php\/wp-json\/wp\/v2\/product_cat?post=3726"},{"taxonomy":"product_tag","embeddable":true,"href":"https:\/\/www.eurosmart.hu\/shop\/index.php\/wp-json\/wp\/v2\/product_tag?post=3726"}],"curies":[{"name":"wp","href":"https:\/\/api.w.org\/{rel}","templated":true}]}}