{"id":2850,"date":"2023-10-02T06:58:19","date_gmt":"2023-10-02T06:58:19","guid":{"rendered":"https:\/\/www.eurosmart.hu\/shop\/?post_type=product&#038;p=2850"},"modified":"2023-10-04T13:51:50","modified_gmt":"2023-10-04T13:51:50","slug":"milwaukee-heavy-duty-ax-carbide-szablyafureszlap-230-mm-szeges-fahoz-5-db-csomag-48005226","status":"publish","type":"product","link":"https:\/\/www.eurosmart.hu\/shop\/index.php\/termek\/milwaukee-heavy-duty-ax-carbide-szablyafureszlap-230-mm-szeges-fahoz-5-db-csomag-48005226\/","title":{"rendered":"MILWAUKEE HEAVY DUTY AX CARBIDE\u2122 SZABLYAF\u0170R\u00c9SZLAP 230 MM SZEGES F\u00c1HOZ 5 DB\/CSOMAG (48005226)"},"content":{"rendered":"<h5>Tulajdons\u00e1gok:<\/h5>\n<ul class=\"ProductFeaturesTextstyles__FeatureList-fxqvf2-1 dUrrwH\">\n<li class=\"ProductFeaturesTextstyles__Feature-fxqvf2-3 ggyeUS\">Ak\u00e1r 50x hosszabb az \u00e9lettartama mint a hagyom\u00e1nyos Bi-met\u00e1l f\u0171r\u00e9szlapnak. Karbid fogak biztos\u00edtj\u00e1k a hosszabb \u00e9lettartamot az extr\u00e9m tart\u00f3ss\u00e1got a legkem\u00e9nyebb haszn\u00e1latokn\u00e1l. V\u00e1gja az edzett csavarokat \u00e9s r\u00f6gz\u00edt\u0151ket, sz\u00fcrke vas\u00f6ntv\u00e9nyt, karossz\u00e9ria elemeket.<\/li>\n<li class=\"ProductFeaturesTextstyles__Feature-fxqvf2-3 ggyeUS\">Ak\u00e1r 2x gyorsabban v\u00e1g mint a hagyom\u00e1nyos Bi-met\u00e1l f\u0171r\u00e9szlap. A gyors \u00e9s agressz\u00edv 5TPi fogminta lehet\u0151v\u00e9 teszi a leggyorsabb v\u00e1g\u00e1st a szegezett f\u00e1kn\u00e1l \u00e9s az \u00e9p\u00edt\u0151anyagok sz\u00e9les k\u00f6r\u00e9ben (fa\/szegek\/csavarok\/ szegecsek\/sz\u00fcrke vas\u00f6ntv\u00e9ny\/tet\u0151zsindelyek).<\/li>\n<li class=\"ProductFeaturesTextstyles__Feature-fxqvf2-3 ggyeUS\">Ak\u00e1r 25%-kal t\u00f6bb v\u00e1g\u00e1s egy akkumul\u00e1tor t\u00f6lt\u00e9ssel a hagyom\u00e1nyos Bi-met\u00e1l f\u0171r\u00e9szlapkhoz viszony\u00edtva. Akkumul\u00e1toros szablyaf\u0171r\u00e9szekhez optimaliz\u00e1lva<\/li>\n<li class=\"ProductFeaturesTextstyles__Feature-fxqvf2-3 ggyeUS\">FANG TIP\u2122 Gyorsabb, s\u00fcllyesztett v\u00e1g\u00e1shoz \u00e9s a sz\u0171k helyek el\u00e9r\u00e9s\u00e9hez<\/li>\n<li class=\"ProductFeaturesTextstyles__Feature-fxqvf2-3 ggyeUS\">NAIL GUARD\u2122 Megv\u00e9di a f\u0171r\u00e9szfogakat a szegek \u00e1ltal okozott k\u00e1rosod\u00e1st\u00f3l, ezzel meghosszabb\u00edtva annak \u00e9lettartam\u00e1t \u00e9s tart\u00f3ss\u00e1g\u00e1t<\/li>\n<li class=\"ProductFeaturesTextstyles__Feature-fxqvf2-3 ggyeUS\">R\u00e9zs\u0171s alak: Kiv\u00e1l\u00f3 a s\u00fcllyesztett v\u00e1g\u00e1shoz, a sz\u0171k helyeket is el\u00e9ri<\/li>\n<\/ul>\n","protected":false},"excerpt":{"rendered":"<p><strong>A k\u00e9szlet tartalma:<\/strong> 5 db HEAVY DUTY AX CARBIDE\u2122 SZABLYAF\u0170R\u00c9SZLAP<\/p>\n","protected":false},"featured_media":2851,"template":"","meta":[],"product_cat":[59,217,89,220],"product_tag":[],"class_list":["post-2850","product","type-product","status-publish","has-post-thumbnail","hentry","product_cat-milwaukee","product_cat-tartozekok-termekek","product_cat-termekek","product_cat-vagas-es-csiszolas"],"yoast_head":"<!-- This site is optimized with the Yoast SEO Premium plugin v21.3 (Yoast SEO v21.3) - https:\/\/yoast.com\/wordpress\/plugins\/seo\/ -->\n<title>MILWAUKEE HEAVY DUTY AX CARBIDE\u2122 SZABLYAF\u0170R\u00c9SZLAP 230 MM SZEGES F\u00c1HOZ 5 DB\/CSOMAG (48005226) - Eurosmart - Milwaukee web\u00e1ruh\u00e1z<\/title>\n<meta name=\"robots\" content=\"index, follow, max-snippet:-1, max-image-preview:large, max-video-preview:-1\" \/>\n<link rel=\"canonical\" href=\"https:\/\/www.eurosmart.hu\/shop\/index.php\/termek\/milwaukee-heavy-duty-ax-carbide-szablyafureszlap-230-mm-szeges-fahoz-5-db-csomag-48005226\/\" \/>\n<meta property=\"og:locale\" content=\"hu_HU\" \/>\n<meta property=\"og:type\" content=\"article\" \/>\n<meta property=\"og:title\" content=\"MILWAUKEE HEAVY DUTY AX CARBIDE\u2122 SZABLYAF\u0170R\u00c9SZLAP 230 MM SZEGES F\u00c1HOZ 5 DB\/CSOMAG (48005226)\" \/>\n<meta property=\"og:description\" content=\"A k\u00e9szlet tartalma: 5 db HEAVY DUTY AX CARBIDE\u2122 SZABLYAF\u0170R\u00c9SZLAP\" \/>\n<meta property=\"og:url\" content=\"https:\/\/www.eurosmart.hu\/shop\/index.php\/termek\/milwaukee-heavy-duty-ax-carbide-szablyafureszlap-230-mm-szeges-fahoz-5-db-csomag-48005226\/\" \/>\n<meta property=\"og:site_name\" content=\"Eurosmart - Milwaukee web\u00e1ruh\u00e1z\" \/>\n<meta property=\"article:publisher\" content=\"https:\/\/www.facebook.com\/EurosmartKft\" \/>\n<meta property=\"article:modified_time\" content=\"2023-10-04T13:51:50+00:00\" \/>\n<meta property=\"og:image\" content=\"https:\/\/www.eurosmart.hu\/shop\/wp-content\/uploads\/2023\/10\/48005226.jpg\" \/>\n\t<meta property=\"og:image:width\" content=\"600\" \/>\n\t<meta property=\"og:image:height\" content=\"600\" \/>\n\t<meta property=\"og:image:type\" content=\"image\/jpeg\" \/>\n<meta name=\"twitter:card\" content=\"summary_large_image\" \/>\n<meta name=\"twitter:label1\" content=\"Price\" \/>\n\t<meta name=\"twitter:data1\" content=\"\" \/>\n\t<meta name=\"twitter:label2\" content=\"Availability\" \/>\n\t<meta name=\"twitter:data2\" content=\"In stock\" \/>\n<script type=\"application\/ld+json\" class=\"yoast-schema-graph\">{\"@context\":\"https:\/\/schema.org\",\"@graph\":[{\"@type\":\"WebPage\",\"@id\":\"https:\/\/www.eurosmart.hu\/shop\/index.php\/termek\/milwaukee-heavy-duty-ax-carbide-szablyafureszlap-230-mm-szeges-fahoz-5-db-csomag-48005226\/\",\"url\":\"https:\/\/www.eurosmart.hu\/shop\/index.php\/termek\/milwaukee-heavy-duty-ax-carbide-szablyafureszlap-230-mm-szeges-fahoz-5-db-csomag-48005226\/\",\"name\":\"MILWAUKEE HEAVY DUTY AX CARBIDE\u2122 SZABLYAF\u0170R\u00c9SZLAP 230 MM SZEGES F\u00c1HOZ 5 DB\/CSOMAG (48005226) - Eurosmart - Milwaukee web\u00e1ruh\u00e1z\",\"isPartOf\":{\"@id\":\"https:\/\/www.eurosmart.hu\/shop\/#website\"},\"datePublished\":\"2023-10-02T06:58:19+00:00\",\"dateModified\":\"2023-10-04T13:51:50+00:00\",\"breadcrumb\":{\"@id\":\"https:\/\/www.eurosmart.hu\/shop\/index.php\/termek\/milwaukee-heavy-duty-ax-carbide-szablyafureszlap-230-mm-szeges-fahoz-5-db-csomag-48005226\/#breadcrumb\"},\"inLanguage\":\"hu\",\"potentialAction\":[{\"@type\":\"ReadAction\",\"target\":[\"https:\/\/www.eurosmart.hu\/shop\/index.php\/termek\/milwaukee-heavy-duty-ax-carbide-szablyafureszlap-230-mm-szeges-fahoz-5-db-csomag-48005226\/\"]}]},{\"@type\":\"BreadcrumbList\",\"@id\":\"https:\/\/www.eurosmart.hu\/shop\/index.php\/termek\/milwaukee-heavy-duty-ax-carbide-szablyafureszlap-230-mm-szeges-fahoz-5-db-csomag-48005226\/#breadcrumb\",\"itemListElement\":[{\"@type\":\"ListItem\",\"position\":1,\"name\":\"Kezd\u0151lap\",\"item\":\"https:\/\/www.eurosmart.hu\/shop\/\"},{\"@type\":\"ListItem\",\"position\":2,\"name\":\"Term\u00e9keink\",\"item\":\"https:\/\/www.eurosmart.hu\/shop\/index.php\/uzlet\/\"},{\"@type\":\"ListItem\",\"position\":3,\"name\":\"MILWAUKEE HEAVY DUTY AX CARBIDE\u2122 SZABLYAF\u0170R\u00c9SZLAP 230 MM SZEGES F\u00c1HOZ 5 DB\/CSOMAG (48005226)\"}]},{\"@type\":\"WebSite\",\"@id\":\"https:\/\/www.eurosmart.hu\/shop\/#website\",\"url\":\"https:\/\/www.eurosmart.hu\/shop\/\",\"name\":\"Eurosmart - Milwaukee web\u00e1ruh\u00e1z\",\"description\":\"Milwaukee web\u00e1ruh\u00e1z\",\"publisher\":{\"@id\":\"https:\/\/www.eurosmart.hu\/shop\/#organization\"},\"potentialAction\":[{\"@type\":\"SearchAction\",\"target\":{\"@type\":\"EntryPoint\",\"urlTemplate\":\"https:\/\/www.eurosmart.hu\/shop\/?s={search_term_string}\"},\"query-input\":\"required name=search_term_string\"}],\"inLanguage\":\"hu\"},{\"@type\":\"Organization\",\"@id\":\"https:\/\/www.eurosmart.hu\/shop\/#organization\",\"name\":\"Eurosmart - Milwaukee web\u00e1ruh\u00e1z\",\"url\":\"https:\/\/www.eurosmart.hu\/shop\/\",\"logo\":{\"@type\":\"ImageObject\",\"inLanguage\":\"hu\",\"@id\":\"https:\/\/www.eurosmart.hu\/shop\/#\/schema\/logo\/image\/\",\"url\":\"https:\/\/www.eurosmart.hu\/shop\/wp-content\/uploads\/2023\/10\/milwaukee-logo-1.png\",\"contentUrl\":\"https:\/\/www.eurosmart.hu\/shop\/wp-content\/uploads\/2023\/10\/milwaukee-logo-1.png\",\"width\":500,\"height\":200,\"caption\":\"Eurosmart - Milwaukee web\u00e1ruh\u00e1z\"},\"image\":{\"@id\":\"https:\/\/www.eurosmart.hu\/shop\/#\/schema\/logo\/image\/\"},\"sameAs\":[\"https:\/\/www.facebook.com\/EurosmartKft\"]}]}<\/script>\n<meta property=\"product:price:amount\" content=\"0\" \/>\n<meta property=\"product:price:currency\" content=\"HUF\" \/>\n<meta property=\"og:availability\" content=\"instock\" \/>\n<meta property=\"product:availability\" content=\"instock\" \/>\n<meta property=\"product:retailer_item_id\" content=\"48005226\" \/>\n<meta property=\"product:condition\" content=\"new\" \/>\n<!-- \/ Yoast SEO Premium plugin. -->","yoast_head_json":{"title":"MILWAUKEE HEAVY DUTY AX CARBIDE\u2122 SZABLYAF\u0170R\u00c9SZLAP 230 MM SZEGES F\u00c1HOZ 5 DB\/CSOMAG (48005226) - Eurosmart - Milwaukee web\u00e1ruh\u00e1z","robots":{"index":"index","follow":"follow","max-snippet":"max-snippet:-1","max-image-preview":"max-image-preview:large","max-video-preview":"max-video-preview:-1"},"canonical":"https:\/\/www.eurosmart.hu\/shop\/index.php\/termek\/milwaukee-heavy-duty-ax-carbide-szablyafureszlap-230-mm-szeges-fahoz-5-db-csomag-48005226\/","og_locale":"hu_HU","og_type":"article","og_title":"MILWAUKEE HEAVY DUTY AX CARBIDE\u2122 SZABLYAF\u0170R\u00c9SZLAP 230 MM SZEGES F\u00c1HOZ 5 DB\/CSOMAG (48005226)","og_description":"A k\u00e9szlet tartalma: 5 db HEAVY DUTY AX CARBIDE\u2122 SZABLYAF\u0170R\u00c9SZLAP","og_url":"https:\/\/www.eurosmart.hu\/shop\/index.php\/termek\/milwaukee-heavy-duty-ax-carbide-szablyafureszlap-230-mm-szeges-fahoz-5-db-csomag-48005226\/","og_site_name":"Eurosmart - Milwaukee web\u00e1ruh\u00e1z","article_publisher":"https:\/\/www.facebook.com\/EurosmartKft","article_modified_time":"2023-10-04T13:51:50+00:00","og_image":[{"width":600,"height":600,"url":"https:\/\/www.eurosmart.hu\/shop\/wp-content\/uploads\/2023\/10\/48005226.jpg","type":"image\/jpeg"}],"twitter_card":"summary_large_image","twitter_misc":{"Price":"","Availability":"In stock"},"schema":{"@context":"https:\/\/schema.org","@graph":[{"@type":"WebPage","@id":"https:\/\/www.eurosmart.hu\/shop\/index.php\/termek\/milwaukee-heavy-duty-ax-carbide-szablyafureszlap-230-mm-szeges-fahoz-5-db-csomag-48005226\/","url":"https:\/\/www.eurosmart.hu\/shop\/index.php\/termek\/milwaukee-heavy-duty-ax-carbide-szablyafureszlap-230-mm-szeges-fahoz-5-db-csomag-48005226\/","name":"MILWAUKEE HEAVY DUTY AX CARBIDE\u2122 SZABLYAF\u0170R\u00c9SZLAP 230 MM SZEGES F\u00c1HOZ 5 DB\/CSOMAG (48005226) - Eurosmart - Milwaukee web\u00e1ruh\u00e1z","isPartOf":{"@id":"https:\/\/www.eurosmart.hu\/shop\/#website"},"datePublished":"2023-10-02T06:58:19+00:00","dateModified":"2023-10-04T13:51:50+00:00","breadcrumb":{"@id":"https:\/\/www.eurosmart.hu\/shop\/index.php\/termek\/milwaukee-heavy-duty-ax-carbide-szablyafureszlap-230-mm-szeges-fahoz-5-db-csomag-48005226\/#breadcrumb"},"inLanguage":"hu","potentialAction":[{"@type":"ReadAction","target":["https:\/\/www.eurosmart.hu\/shop\/index.php\/termek\/milwaukee-heavy-duty-ax-carbide-szablyafureszlap-230-mm-szeges-fahoz-5-db-csomag-48005226\/"]}]},{"@type":"BreadcrumbList","@id":"https:\/\/www.eurosmart.hu\/shop\/index.php\/termek\/milwaukee-heavy-duty-ax-carbide-szablyafureszlap-230-mm-szeges-fahoz-5-db-csomag-48005226\/#breadcrumb","itemListElement":[{"@type":"ListItem","position":1,"name":"Kezd\u0151lap","item":"https:\/\/www.eurosmart.hu\/shop\/"},{"@type":"ListItem","position":2,"name":"Term\u00e9keink","item":"https:\/\/www.eurosmart.hu\/shop\/index.php\/uzlet\/"},{"@type":"ListItem","position":3,"name":"MILWAUKEE HEAVY DUTY AX CARBIDE\u2122 SZABLYAF\u0170R\u00c9SZLAP 230 MM SZEGES F\u00c1HOZ 5 DB\/CSOMAG (48005226)"}]},{"@type":"WebSite","@id":"https:\/\/www.eurosmart.hu\/shop\/#website","url":"https:\/\/www.eurosmart.hu\/shop\/","name":"Eurosmart - Milwaukee web\u00e1ruh\u00e1z","description":"Milwaukee web\u00e1ruh\u00e1z","publisher":{"@id":"https:\/\/www.eurosmart.hu\/shop\/#organization"},"potentialAction":[{"@type":"SearchAction","target":{"@type":"EntryPoint","urlTemplate":"https:\/\/www.eurosmart.hu\/shop\/?s={search_term_string}"},"query-input":"required name=search_term_string"}],"inLanguage":"hu"},{"@type":"Organization","@id":"https:\/\/www.eurosmart.hu\/shop\/#organization","name":"Eurosmart - Milwaukee web\u00e1ruh\u00e1z","url":"https:\/\/www.eurosmart.hu\/shop\/","logo":{"@type":"ImageObject","inLanguage":"hu","@id":"https:\/\/www.eurosmart.hu\/shop\/#\/schema\/logo\/image\/","url":"https:\/\/www.eurosmart.hu\/shop\/wp-content\/uploads\/2023\/10\/milwaukee-logo-1.png","contentUrl":"https:\/\/www.eurosmart.hu\/shop\/wp-content\/uploads\/2023\/10\/milwaukee-logo-1.png","width":500,"height":200,"caption":"Eurosmart - Milwaukee web\u00e1ruh\u00e1z"},"image":{"@id":"https:\/\/www.eurosmart.hu\/shop\/#\/schema\/logo\/image\/"},"sameAs":["https:\/\/www.facebook.com\/EurosmartKft"]}]},"product_price_currency":"HUF","og_availability":"instock","product_availability":"instock","product_retailer_item_id":"48005226","product_condition":"new"},"_links":{"self":[{"href":"https:\/\/www.eurosmart.hu\/shop\/index.php\/wp-json\/wp\/v2\/product\/2850","targetHints":{"allow":["GET"]}}],"collection":[{"href":"https:\/\/www.eurosmart.hu\/shop\/index.php\/wp-json\/wp\/v2\/product"}],"about":[{"href":"https:\/\/www.eurosmart.hu\/shop\/index.php\/wp-json\/wp\/v2\/types\/product"}],"wp:featuredmedia":[{"embeddable":true,"href":"https:\/\/www.eurosmart.hu\/shop\/index.php\/wp-json\/wp\/v2\/media\/2851"}],"wp:attachment":[{"href":"https:\/\/www.eurosmart.hu\/shop\/index.php\/wp-json\/wp\/v2\/media?parent=2850"}],"wp:term":[{"taxonomy":"product_cat","embeddable":true,"href":"https:\/\/www.eurosmart.hu\/shop\/index.php\/wp-json\/wp\/v2\/product_cat?post=2850"},{"taxonomy":"product_tag","embeddable":true,"href":"https:\/\/www.eurosmart.hu\/shop\/index.php\/wp-json\/wp\/v2\/product_tag?post=2850"}],"curies":[{"name":"wp","href":"https:\/\/api.w.org\/{rel}","templated":true}]}}