{"id":2848,"date":"2023-10-02T06:53:35","date_gmt":"2023-10-02T06:53:35","guid":{"rendered":"https:\/\/www.eurosmart.hu\/shop\/?post_type=product&#038;p=2848"},"modified":"2023-10-04T13:51:50","modified_gmt":"2023-10-04T13:51:50","slug":"milwaukee-thin-kerf-bimetal-szablyafureszlap-230-5-42-szeges-fahoz-5-db-csomag-48005036","status":"publish","type":"product","link":"https:\/\/www.eurosmart.hu\/shop\/index.php\/termek\/milwaukee-thin-kerf-bimetal-szablyafureszlap-230-5-42-szeges-fahoz-5-db-csomag-48005036\/","title":{"rendered":"MILWAUKEE THIN KERF BIMETAL SZABLYAF\u0170R\u00c9SZLAP 230\/5\/4,2 SZEGES F\u00c1HOZ 5 DB\/CSOMAG (48005036)"},"content":{"rendered":"<h5>Tulajdons\u00e1gok:<\/h5>\n<ul class=\"ProductFeaturesTextstyles__FeatureList-fxqvf2-1 dUrrwH\">\n<li class=\"ProductFeaturesTextstyles__Feature-fxqvf2-3 ggyeUS\">FANG TIP\u2122: Gyorsabb, s\u00fcllyesztett v\u00e1g\u00e1shoz \u00e9s a sz\u0171k helyek el\u00e9r\u00e9s\u00e9hez<\/li>\n<li class=\"ProductFeaturesTextstyles__Feature-fxqvf2-3 ggyeUS\">NAIL GUARD\u2122: Megv\u00e9di a f\u0171r\u00e9szfogakat a szegek \u00e1ltal okozott k\u00e1rosod\u00e1st\u00f3l, ezzel meghosszabb\u00edtva annak \u00e9lettartam\u00e1t \u00e9s tart\u00f3ss\u00e1g\u00e1t.<\/li>\n<li class=\"ProductFeaturesTextstyles__Feature-fxqvf2-3 ggyeUS\">Er\u0151s: Nagyon vastag laptest (1,60 mm) maxim\u00e1lis tart\u00f3ss\u00e1got \u00e9s \u00e9lettartamot biztos\u00edt, ennek k\u00f6sz\u00f6nhet\u0151en t\u00f6k\u00e9letes szegelt vagy csavaros f\u00e1hoz.<\/li>\n<li class=\"ProductFeaturesTextstyles__Feature-fxqvf2-3 ggyeUS\">Gyors: Agressz\u00edv 5 TPI fogas geometria t\u00f6bb anyagot t\u00e1vol\u00edt el h\u00faz\u00e1sonk\u00e9nt &#8211; \u00edgy gyorsabb a v\u00e1g\u00e1s.<\/li>\n<li class=\"ProductFeaturesTextstyles__Feature-fxqvf2-3 ggyeUS\">R\u00e9zs\u0171s alak: Kiv\u00e1l\u00f3 a s\u00fcllyesztett v\u00e1g\u00e1shoz, a sz\u0171k helyeket is el\u00e9ri.<\/li>\n<li class=\"ProductFeaturesTextstyles__Feature-fxqvf2-3 ggyeUS\">Ejt\u00e9s\u00e1ll\u00f3: Bimet\u00e1l konstrukci\u00f3ja k\u00f6vetkezt\u00e9ben a f\u0171r\u00e9szlap hajl\u00edthat\u00f3 \u00e9s rugalmas, nem t\u00f6rik el.<\/li>\n<\/ul>\n","protected":false},"excerpt":{"rendered":"<p><strong>A k\u00e9szlet tartalma:<\/strong> 5 db THIN KERF BIMETAL SZABLYAF\u0170R\u00c9SZLAP<\/p>\n","protected":false},"featured_media":2849,"template":"","meta":[],"product_cat":[59,217,89,220],"product_tag":[],"class_list":["post-2848","product","type-product","status-publish","has-post-thumbnail","hentry","product_cat-milwaukee","product_cat-tartozekok-termekek","product_cat-termekek","product_cat-vagas-es-csiszolas"],"yoast_head":"<!-- This site is optimized with the Yoast SEO Premium plugin v21.3 (Yoast SEO v21.3) - https:\/\/yoast.com\/wordpress\/plugins\/seo\/ -->\n<title>MILWAUKEE THIN KERF BIMETAL SZABLYAF\u0170R\u00c9SZLAP 230\/5\/4,2 SZEGES F\u00c1HOZ 5 DB\/CSOMAG (48005036) - Eurosmart - Milwaukee web\u00e1ruh\u00e1z<\/title>\n<meta name=\"robots\" content=\"index, follow, max-snippet:-1, max-image-preview:large, max-video-preview:-1\" \/>\n<link rel=\"canonical\" href=\"https:\/\/www.eurosmart.hu\/shop\/index.php\/termek\/milwaukee-thin-kerf-bimetal-szablyafureszlap-230-5-42-szeges-fahoz-5-db-csomag-48005036\/\" \/>\n<meta property=\"og:locale\" content=\"hu_HU\" \/>\n<meta property=\"og:type\" content=\"article\" \/>\n<meta property=\"og:title\" content=\"MILWAUKEE THIN KERF BIMETAL SZABLYAF\u0170R\u00c9SZLAP 230\/5\/4,2 SZEGES F\u00c1HOZ 5 DB\/CSOMAG (48005036)\" \/>\n<meta property=\"og:description\" content=\"A k\u00e9szlet tartalma: 5 db THIN KERF BIMETAL SZABLYAF\u0170R\u00c9SZLAP\" \/>\n<meta property=\"og:url\" content=\"https:\/\/www.eurosmart.hu\/shop\/index.php\/termek\/milwaukee-thin-kerf-bimetal-szablyafureszlap-230-5-42-szeges-fahoz-5-db-csomag-48005036\/\" \/>\n<meta property=\"og:site_name\" content=\"Eurosmart - Milwaukee web\u00e1ruh\u00e1z\" \/>\n<meta property=\"article:publisher\" content=\"https:\/\/www.facebook.com\/EurosmartKft\" \/>\n<meta property=\"article:modified_time\" content=\"2023-10-04T13:51:50+00:00\" \/>\n<meta property=\"og:image\" content=\"https:\/\/www.eurosmart.hu\/shop\/wp-content\/uploads\/2023\/10\/48005036.jpg\" \/>\n\t<meta property=\"og:image:width\" content=\"600\" \/>\n\t<meta property=\"og:image:height\" content=\"600\" \/>\n\t<meta property=\"og:image:type\" content=\"image\/jpeg\" \/>\n<meta name=\"twitter:card\" content=\"summary_large_image\" \/>\n<meta name=\"twitter:label1\" content=\"Price\" \/>\n\t<meta name=\"twitter:data1\" content=\"\" \/>\n\t<meta name=\"twitter:label2\" content=\"Availability\" \/>\n\t<meta name=\"twitter:data2\" content=\"In stock\" \/>\n<script type=\"application\/ld+json\" class=\"yoast-schema-graph\">{\"@context\":\"https:\/\/schema.org\",\"@graph\":[{\"@type\":\"WebPage\",\"@id\":\"https:\/\/www.eurosmart.hu\/shop\/index.php\/termek\/milwaukee-thin-kerf-bimetal-szablyafureszlap-230-5-42-szeges-fahoz-5-db-csomag-48005036\/\",\"url\":\"https:\/\/www.eurosmart.hu\/shop\/index.php\/termek\/milwaukee-thin-kerf-bimetal-szablyafureszlap-230-5-42-szeges-fahoz-5-db-csomag-48005036\/\",\"name\":\"MILWAUKEE THIN KERF BIMETAL SZABLYAF\u0170R\u00c9SZLAP 230\/5\/4,2 SZEGES F\u00c1HOZ 5 DB\/CSOMAG (48005036) - Eurosmart - Milwaukee web\u00e1ruh\u00e1z\",\"isPartOf\":{\"@id\":\"https:\/\/www.eurosmart.hu\/shop\/#website\"},\"datePublished\":\"2023-10-02T06:53:35+00:00\",\"dateModified\":\"2023-10-04T13:51:50+00:00\",\"breadcrumb\":{\"@id\":\"https:\/\/www.eurosmart.hu\/shop\/index.php\/termek\/milwaukee-thin-kerf-bimetal-szablyafureszlap-230-5-42-szeges-fahoz-5-db-csomag-48005036\/#breadcrumb\"},\"inLanguage\":\"hu\",\"potentialAction\":[{\"@type\":\"ReadAction\",\"target\":[\"https:\/\/www.eurosmart.hu\/shop\/index.php\/termek\/milwaukee-thin-kerf-bimetal-szablyafureszlap-230-5-42-szeges-fahoz-5-db-csomag-48005036\/\"]}]},{\"@type\":\"BreadcrumbList\",\"@id\":\"https:\/\/www.eurosmart.hu\/shop\/index.php\/termek\/milwaukee-thin-kerf-bimetal-szablyafureszlap-230-5-42-szeges-fahoz-5-db-csomag-48005036\/#breadcrumb\",\"itemListElement\":[{\"@type\":\"ListItem\",\"position\":1,\"name\":\"Kezd\u0151lap\",\"item\":\"https:\/\/www.eurosmart.hu\/shop\/\"},{\"@type\":\"ListItem\",\"position\":2,\"name\":\"Term\u00e9keink\",\"item\":\"https:\/\/www.eurosmart.hu\/shop\/index.php\/uzlet\/\"},{\"@type\":\"ListItem\",\"position\":3,\"name\":\"MILWAUKEE THIN KERF BIMETAL SZABLYAF\u0170R\u00c9SZLAP 230\/5\/4,2 SZEGES F\u00c1HOZ 5 DB\/CSOMAG (48005036)\"}]},{\"@type\":\"WebSite\",\"@id\":\"https:\/\/www.eurosmart.hu\/shop\/#website\",\"url\":\"https:\/\/www.eurosmart.hu\/shop\/\",\"name\":\"Eurosmart - Milwaukee web\u00e1ruh\u00e1z\",\"description\":\"Milwaukee web\u00e1ruh\u00e1z\",\"publisher\":{\"@id\":\"https:\/\/www.eurosmart.hu\/shop\/#organization\"},\"potentialAction\":[{\"@type\":\"SearchAction\",\"target\":{\"@type\":\"EntryPoint\",\"urlTemplate\":\"https:\/\/www.eurosmart.hu\/shop\/?s={search_term_string}\"},\"query-input\":\"required name=search_term_string\"}],\"inLanguage\":\"hu\"},{\"@type\":\"Organization\",\"@id\":\"https:\/\/www.eurosmart.hu\/shop\/#organization\",\"name\":\"Eurosmart - Milwaukee web\u00e1ruh\u00e1z\",\"url\":\"https:\/\/www.eurosmart.hu\/shop\/\",\"logo\":{\"@type\":\"ImageObject\",\"inLanguage\":\"hu\",\"@id\":\"https:\/\/www.eurosmart.hu\/shop\/#\/schema\/logo\/image\/\",\"url\":\"https:\/\/www.eurosmart.hu\/shop\/wp-content\/uploads\/2023\/10\/milwaukee-logo-1.png\",\"contentUrl\":\"https:\/\/www.eurosmart.hu\/shop\/wp-content\/uploads\/2023\/10\/milwaukee-logo-1.png\",\"width\":500,\"height\":200,\"caption\":\"Eurosmart - Milwaukee web\u00e1ruh\u00e1z\"},\"image\":{\"@id\":\"https:\/\/www.eurosmart.hu\/shop\/#\/schema\/logo\/image\/\"},\"sameAs\":[\"https:\/\/www.facebook.com\/EurosmartKft\"]}]}<\/script>\n<meta property=\"product:price:amount\" content=\"0\" \/>\n<meta property=\"product:price:currency\" content=\"HUF\" \/>\n<meta property=\"og:availability\" content=\"instock\" \/>\n<meta property=\"product:availability\" content=\"instock\" \/>\n<meta property=\"product:retailer_item_id\" content=\"48005036\" \/>\n<meta property=\"product:condition\" content=\"new\" \/>\n<!-- \/ Yoast SEO Premium plugin. -->","yoast_head_json":{"title":"MILWAUKEE THIN KERF BIMETAL SZABLYAF\u0170R\u00c9SZLAP 230\/5\/4,2 SZEGES F\u00c1HOZ 5 DB\/CSOMAG (48005036) - Eurosmart - Milwaukee web\u00e1ruh\u00e1z","robots":{"index":"index","follow":"follow","max-snippet":"max-snippet:-1","max-image-preview":"max-image-preview:large","max-video-preview":"max-video-preview:-1"},"canonical":"https:\/\/www.eurosmart.hu\/shop\/index.php\/termek\/milwaukee-thin-kerf-bimetal-szablyafureszlap-230-5-42-szeges-fahoz-5-db-csomag-48005036\/","og_locale":"hu_HU","og_type":"article","og_title":"MILWAUKEE THIN KERF BIMETAL SZABLYAF\u0170R\u00c9SZLAP 230\/5\/4,2 SZEGES F\u00c1HOZ 5 DB\/CSOMAG (48005036)","og_description":"A k\u00e9szlet tartalma: 5 db THIN KERF BIMETAL SZABLYAF\u0170R\u00c9SZLAP","og_url":"https:\/\/www.eurosmart.hu\/shop\/index.php\/termek\/milwaukee-thin-kerf-bimetal-szablyafureszlap-230-5-42-szeges-fahoz-5-db-csomag-48005036\/","og_site_name":"Eurosmart - Milwaukee web\u00e1ruh\u00e1z","article_publisher":"https:\/\/www.facebook.com\/EurosmartKft","article_modified_time":"2023-10-04T13:51:50+00:00","og_image":[{"width":600,"height":600,"url":"https:\/\/www.eurosmart.hu\/shop\/wp-content\/uploads\/2023\/10\/48005036.jpg","type":"image\/jpeg"}],"twitter_card":"summary_large_image","twitter_misc":{"Price":"","Availability":"In stock"},"schema":{"@context":"https:\/\/schema.org","@graph":[{"@type":"WebPage","@id":"https:\/\/www.eurosmart.hu\/shop\/index.php\/termek\/milwaukee-thin-kerf-bimetal-szablyafureszlap-230-5-42-szeges-fahoz-5-db-csomag-48005036\/","url":"https:\/\/www.eurosmart.hu\/shop\/index.php\/termek\/milwaukee-thin-kerf-bimetal-szablyafureszlap-230-5-42-szeges-fahoz-5-db-csomag-48005036\/","name":"MILWAUKEE THIN KERF BIMETAL SZABLYAF\u0170R\u00c9SZLAP 230\/5\/4,2 SZEGES F\u00c1HOZ 5 DB\/CSOMAG (48005036) - Eurosmart - Milwaukee web\u00e1ruh\u00e1z","isPartOf":{"@id":"https:\/\/www.eurosmart.hu\/shop\/#website"},"datePublished":"2023-10-02T06:53:35+00:00","dateModified":"2023-10-04T13:51:50+00:00","breadcrumb":{"@id":"https:\/\/www.eurosmart.hu\/shop\/index.php\/termek\/milwaukee-thin-kerf-bimetal-szablyafureszlap-230-5-42-szeges-fahoz-5-db-csomag-48005036\/#breadcrumb"},"inLanguage":"hu","potentialAction":[{"@type":"ReadAction","target":["https:\/\/www.eurosmart.hu\/shop\/index.php\/termek\/milwaukee-thin-kerf-bimetal-szablyafureszlap-230-5-42-szeges-fahoz-5-db-csomag-48005036\/"]}]},{"@type":"BreadcrumbList","@id":"https:\/\/www.eurosmart.hu\/shop\/index.php\/termek\/milwaukee-thin-kerf-bimetal-szablyafureszlap-230-5-42-szeges-fahoz-5-db-csomag-48005036\/#breadcrumb","itemListElement":[{"@type":"ListItem","position":1,"name":"Kezd\u0151lap","item":"https:\/\/www.eurosmart.hu\/shop\/"},{"@type":"ListItem","position":2,"name":"Term\u00e9keink","item":"https:\/\/www.eurosmart.hu\/shop\/index.php\/uzlet\/"},{"@type":"ListItem","position":3,"name":"MILWAUKEE THIN KERF BIMETAL SZABLYAF\u0170R\u00c9SZLAP 230\/5\/4,2 SZEGES F\u00c1HOZ 5 DB\/CSOMAG (48005036)"}]},{"@type":"WebSite","@id":"https:\/\/www.eurosmart.hu\/shop\/#website","url":"https:\/\/www.eurosmart.hu\/shop\/","name":"Eurosmart - Milwaukee web\u00e1ruh\u00e1z","description":"Milwaukee web\u00e1ruh\u00e1z","publisher":{"@id":"https:\/\/www.eurosmart.hu\/shop\/#organization"},"potentialAction":[{"@type":"SearchAction","target":{"@type":"EntryPoint","urlTemplate":"https:\/\/www.eurosmart.hu\/shop\/?s={search_term_string}"},"query-input":"required name=search_term_string"}],"inLanguage":"hu"},{"@type":"Organization","@id":"https:\/\/www.eurosmart.hu\/shop\/#organization","name":"Eurosmart - Milwaukee web\u00e1ruh\u00e1z","url":"https:\/\/www.eurosmart.hu\/shop\/","logo":{"@type":"ImageObject","inLanguage":"hu","@id":"https:\/\/www.eurosmart.hu\/shop\/#\/schema\/logo\/image\/","url":"https:\/\/www.eurosmart.hu\/shop\/wp-content\/uploads\/2023\/10\/milwaukee-logo-1.png","contentUrl":"https:\/\/www.eurosmart.hu\/shop\/wp-content\/uploads\/2023\/10\/milwaukee-logo-1.png","width":500,"height":200,"caption":"Eurosmart - Milwaukee web\u00e1ruh\u00e1z"},"image":{"@id":"https:\/\/www.eurosmart.hu\/shop\/#\/schema\/logo\/image\/"},"sameAs":["https:\/\/www.facebook.com\/EurosmartKft"]}]},"product_price_currency":"HUF","og_availability":"instock","product_availability":"instock","product_retailer_item_id":"48005036","product_condition":"new"},"_links":{"self":[{"href":"https:\/\/www.eurosmart.hu\/shop\/index.php\/wp-json\/wp\/v2\/product\/2848","targetHints":{"allow":["GET"]}}],"collection":[{"href":"https:\/\/www.eurosmart.hu\/shop\/index.php\/wp-json\/wp\/v2\/product"}],"about":[{"href":"https:\/\/www.eurosmart.hu\/shop\/index.php\/wp-json\/wp\/v2\/types\/product"}],"wp:featuredmedia":[{"embeddable":true,"href":"https:\/\/www.eurosmart.hu\/shop\/index.php\/wp-json\/wp\/v2\/media\/2849"}],"wp:attachment":[{"href":"https:\/\/www.eurosmart.hu\/shop\/index.php\/wp-json\/wp\/v2\/media?parent=2848"}],"wp:term":[{"taxonomy":"product_cat","embeddable":true,"href":"https:\/\/www.eurosmart.hu\/shop\/index.php\/wp-json\/wp\/v2\/product_cat?post=2848"},{"taxonomy":"product_tag","embeddable":true,"href":"https:\/\/www.eurosmart.hu\/shop\/index.php\/wp-json\/wp\/v2\/product_tag?post=2848"}],"curies":[{"name":"wp","href":"https:\/\/api.w.org\/{rel}","templated":true}]}}