{"id":2832,"date":"2023-09-29T10:39:50","date_gmt":"2023-09-29T10:39:50","guid":{"rendered":"https:\/\/www.eurosmart.hu\/shop\/?post_type=product&#038;p=2832"},"modified":"2023-10-04T14:11:05","modified_gmt":"2023-10-04T14:11:05","slug":"milwaukee-sds-plus-mx4-furoszar-10x200-265-10-darabos-kiszereles-4932471254","status":"publish","type":"product","link":"https:\/\/www.eurosmart.hu\/shop\/index.php\/termek\/milwaukee-sds-plus-mx4-furoszar-10x200-265-10-darabos-kiszereles-4932471254\/","title":{"rendered":"MILWAUKEE SDS-PLUS MX4 F\u00daR\u00d3SZ\u00c1R 10X200\/265 10 DARABOS KISZEREL\u00c9S (4932471254)"},"content":{"rendered":"<h5>Tulajdons\u00e1gok:<\/h5>\n<ul class=\"ProductFeaturesTextstyles__FeatureList-fxqvf2-1 dUrrwH\">\n<li>Szimmetrikus 4 v\u00e1g\u00f3\u00e9l geometria (4 x 90\u00b0). T\u00f6k\u00e9letes kerek furatok az optim\u00e1lis r\u00f6gz\u00edt\u00e9s \u00e9rdek\u00e9ben.<\/li>\n<li>A 4 spir\u00e1los horony kialak\u00edt\u00e1s biztos\u00edtja a por \u00e9s t\u00f6rmel\u00e9k optim\u00e1lis elt\u00e1vol\u00edt\u00e1s\u00e1t<\/li>\n<li>K\u00f6zpontos\u00edt\u00f3 hegy- k\u00f6nnyed, prec\u00edz pontf\u00far\u00e1st tesz lehet\u0151v\u00e9<\/li>\n<li>A t\u00f6m\u00f6r kem\u00e9nyf\u00e9m f\u00far\u00f3fej, hegesztve van a f\u00far\u00f3sz\u00e1rra 5-10 mm \u00e1tm\u00e9r\u0151ig. Ez lehet\u0151v\u00e9 teszi a sz\u00e9lesebb horony bemenetet, ami megn\u00f6veli a sebess\u00e9get. A t\u00f6bb kem\u00e9nyf\u00e9m, a f\u00far\u00f3fej nagyobb tart\u00f3ss\u00e1g\u00e1hoz \u00e9s hosszabb \u00e9lettartamhoz vezet.<\/li>\n<li>4 z\u00faz\u00f3pont &#8211; hat\u00e9konyabb f\u00far\u00e1s, intenz\u00edvebb z\u00faz\u00f3 k\u00e9pess\u00e9g.<\/li>\n<li>Tov\u00e1bbfejlesztett betonac\u00e9lt\u00f3l v\u00e9d\u0151 elemek, nagyobb ellen\u00e1ll\u00f3k\u00e9pess\u00e9get fejtenek ki, amikor betonac\u00e9lba \u00fctk\u00f6znek.<\/li>\n<li>\u00daj v\u00e1ltoz\u00f3 geometri\u00e1j\u00fa \u00e9lszalagok. Keskeny \u00e9lszalag a cs\u00facson maxim\u00e1lis t\u00f6rmel\u00e9k elvezet\u00e9st, nagyobb sebess\u00e9get eredm\u00e9nyez \u00e9s kev\u00e9sb\u00e9 s\u00farl\u00f3dik. Sz\u00e9les \u00e9lszalag a f\u00far\u00f3sz\u00e1r t\u00f6v\u00e9n\u00e9l a nagyobb stabilit\u00e1s \u00e9s a minim\u00e1lis t\u00f6r\u00e9s \u00e9rdek\u00e9ben. Ak\u00e1r 20%-kal t\u00f6bb furat \/ akkumul\u00e1tor t\u00f6lt\u00e9s, az el\u0151z\u0151 gener\u00e1ci\u00f3s 4 \u00e9l\u0171 f\u00far\u00f3sz\u00e1rakhoz k\u00e9pest.<\/li>\n<li>K\u00e9sz\u00fclt: N\u00e9metorsz\u00e1gban.<\/li>\n<li>\u00c1tm\u00e9r\u0151: 10 mm<\/li>\n<li>Munkahossz: 200 mm<\/li>\n<li>Teljes hossz: 265 mm<\/li>\n<\/ul>\n","protected":false},"excerpt":{"rendered":"<p><strong>A k\u00e9szlet tartalma:<\/strong> 10 db SDS-PLUX MX4 F\u00daR\u00d3SZ\u00c1R<\/p>\n","protected":false},"featured_media":2833,"template":"","meta":[],"product_cat":[59,218,217,89],"product_tag":[],"class_list":["post-2832","product","type-product","status-publish","has-post-thumbnail","hentry","product_cat-milwaukee","product_cat-sds-plus-furok","product_cat-tartozekok-termekek","product_cat-termekek"],"yoast_head":"<!-- This site is optimized with the Yoast SEO Premium plugin v21.3 (Yoast SEO v21.3) - https:\/\/yoast.com\/wordpress\/plugins\/seo\/ -->\n<title>MILWAUKEE SDS-PLUS MX4 F\u00daR\u00d3SZ\u00c1R 10X200\/265 10 DARABOS KISZEREL\u00c9S (4932471254) - Eurosmart - Milwaukee web\u00e1ruh\u00e1z<\/title>\n<meta name=\"robots\" content=\"index, follow, max-snippet:-1, max-image-preview:large, max-video-preview:-1\" \/>\n<link rel=\"canonical\" href=\"https:\/\/www.eurosmart.hu\/shop\/index.php\/termek\/milwaukee-sds-plus-mx4-furoszar-10x200-265-10-darabos-kiszereles-4932471254\/\" \/>\n<meta property=\"og:locale\" content=\"hu_HU\" \/>\n<meta property=\"og:type\" content=\"article\" \/>\n<meta property=\"og:title\" content=\"MILWAUKEE SDS-PLUS MX4 F\u00daR\u00d3SZ\u00c1R 10X200\/265 10 DARABOS KISZEREL\u00c9S (4932471254)\" \/>\n<meta property=\"og:description\" content=\"A k\u00e9szlet tartalma: 10 db SDS-PLUX MX4 F\u00daR\u00d3SZ\u00c1R\" \/>\n<meta property=\"og:url\" content=\"https:\/\/www.eurosmart.hu\/shop\/index.php\/termek\/milwaukee-sds-plus-mx4-furoszar-10x200-265-10-darabos-kiszereles-4932471254\/\" \/>\n<meta property=\"og:site_name\" content=\"Eurosmart - Milwaukee web\u00e1ruh\u00e1z\" \/>\n<meta property=\"article:publisher\" content=\"https:\/\/www.facebook.com\/EurosmartKft\" \/>\n<meta property=\"article:modified_time\" content=\"2023-10-04T14:11:05+00:00\" \/>\n<meta property=\"og:image\" content=\"https:\/\/www.eurosmart.hu\/shop\/wp-content\/uploads\/2023\/09\/4932471254.jpg\" \/>\n\t<meta property=\"og:image:width\" content=\"600\" \/>\n\t<meta property=\"og:image:height\" content=\"600\" \/>\n\t<meta property=\"og:image:type\" content=\"image\/jpeg\" \/>\n<meta name=\"twitter:card\" content=\"summary_large_image\" \/>\n<meta name=\"twitter:label1\" content=\"Price\" \/>\n\t<meta name=\"twitter:data1\" content=\"\" \/>\n\t<meta name=\"twitter:label2\" content=\"Availability\" \/>\n\t<meta name=\"twitter:data2\" content=\"In stock\" \/>\n<script type=\"application\/ld+json\" class=\"yoast-schema-graph\">{\"@context\":\"https:\/\/schema.org\",\"@graph\":[{\"@type\":\"WebPage\",\"@id\":\"https:\/\/www.eurosmart.hu\/shop\/index.php\/termek\/milwaukee-sds-plus-mx4-furoszar-10x200-265-10-darabos-kiszereles-4932471254\/\",\"url\":\"https:\/\/www.eurosmart.hu\/shop\/index.php\/termek\/milwaukee-sds-plus-mx4-furoszar-10x200-265-10-darabos-kiszereles-4932471254\/\",\"name\":\"MILWAUKEE SDS-PLUS MX4 F\u00daR\u00d3SZ\u00c1R 10X200\/265 10 DARABOS KISZEREL\u00c9S (4932471254) - Eurosmart - Milwaukee web\u00e1ruh\u00e1z\",\"isPartOf\":{\"@id\":\"https:\/\/www.eurosmart.hu\/shop\/#website\"},\"datePublished\":\"2023-09-29T10:39:50+00:00\",\"dateModified\":\"2023-10-04T14:11:05+00:00\",\"breadcrumb\":{\"@id\":\"https:\/\/www.eurosmart.hu\/shop\/index.php\/termek\/milwaukee-sds-plus-mx4-furoszar-10x200-265-10-darabos-kiszereles-4932471254\/#breadcrumb\"},\"inLanguage\":\"hu\",\"potentialAction\":[{\"@type\":\"ReadAction\",\"target\":[\"https:\/\/www.eurosmart.hu\/shop\/index.php\/termek\/milwaukee-sds-plus-mx4-furoszar-10x200-265-10-darabos-kiszereles-4932471254\/\"]}]},{\"@type\":\"BreadcrumbList\",\"@id\":\"https:\/\/www.eurosmart.hu\/shop\/index.php\/termek\/milwaukee-sds-plus-mx4-furoszar-10x200-265-10-darabos-kiszereles-4932471254\/#breadcrumb\",\"itemListElement\":[{\"@type\":\"ListItem\",\"position\":1,\"name\":\"Kezd\u0151lap\",\"item\":\"https:\/\/www.eurosmart.hu\/shop\/\"},{\"@type\":\"ListItem\",\"position\":2,\"name\":\"Term\u00e9keink\",\"item\":\"https:\/\/www.eurosmart.hu\/shop\/index.php\/uzlet\/\"},{\"@type\":\"ListItem\",\"position\":3,\"name\":\"MILWAUKEE SDS-PLUS MX4 F\u00daR\u00d3SZ\u00c1R 10X200\/265 10 DARABOS KISZEREL\u00c9S (4932471254)\"}]},{\"@type\":\"WebSite\",\"@id\":\"https:\/\/www.eurosmart.hu\/shop\/#website\",\"url\":\"https:\/\/www.eurosmart.hu\/shop\/\",\"name\":\"Eurosmart - Milwaukee web\u00e1ruh\u00e1z\",\"description\":\"Milwaukee web\u00e1ruh\u00e1z\",\"publisher\":{\"@id\":\"https:\/\/www.eurosmart.hu\/shop\/#organization\"},\"potentialAction\":[{\"@type\":\"SearchAction\",\"target\":{\"@type\":\"EntryPoint\",\"urlTemplate\":\"https:\/\/www.eurosmart.hu\/shop\/?s={search_term_string}\"},\"query-input\":\"required name=search_term_string\"}],\"inLanguage\":\"hu\"},{\"@type\":\"Organization\",\"@id\":\"https:\/\/www.eurosmart.hu\/shop\/#organization\",\"name\":\"Eurosmart - Milwaukee web\u00e1ruh\u00e1z\",\"url\":\"https:\/\/www.eurosmart.hu\/shop\/\",\"logo\":{\"@type\":\"ImageObject\",\"inLanguage\":\"hu\",\"@id\":\"https:\/\/www.eurosmart.hu\/shop\/#\/schema\/logo\/image\/\",\"url\":\"https:\/\/www.eurosmart.hu\/shop\/wp-content\/uploads\/2023\/10\/milwaukee-logo-1.png\",\"contentUrl\":\"https:\/\/www.eurosmart.hu\/shop\/wp-content\/uploads\/2023\/10\/milwaukee-logo-1.png\",\"width\":500,\"height\":200,\"caption\":\"Eurosmart - Milwaukee web\u00e1ruh\u00e1z\"},\"image\":{\"@id\":\"https:\/\/www.eurosmart.hu\/shop\/#\/schema\/logo\/image\/\"},\"sameAs\":[\"https:\/\/www.facebook.com\/EurosmartKft\"]}]}<\/script>\n<meta property=\"product:price:amount\" content=\"0\" \/>\n<meta property=\"product:price:currency\" content=\"HUF\" \/>\n<meta property=\"og:availability\" content=\"instock\" \/>\n<meta property=\"product:availability\" content=\"instock\" \/>\n<meta property=\"product:retailer_item_id\" content=\"4932471254\" \/>\n<meta property=\"product:condition\" content=\"new\" \/>\n<!-- \/ Yoast SEO Premium plugin. -->","yoast_head_json":{"title":"MILWAUKEE SDS-PLUS MX4 F\u00daR\u00d3SZ\u00c1R 10X200\/265 10 DARABOS KISZEREL\u00c9S (4932471254) - Eurosmart - Milwaukee web\u00e1ruh\u00e1z","robots":{"index":"index","follow":"follow","max-snippet":"max-snippet:-1","max-image-preview":"max-image-preview:large","max-video-preview":"max-video-preview:-1"},"canonical":"https:\/\/www.eurosmart.hu\/shop\/index.php\/termek\/milwaukee-sds-plus-mx4-furoszar-10x200-265-10-darabos-kiszereles-4932471254\/","og_locale":"hu_HU","og_type":"article","og_title":"MILWAUKEE SDS-PLUS MX4 F\u00daR\u00d3SZ\u00c1R 10X200\/265 10 DARABOS KISZEREL\u00c9S (4932471254)","og_description":"A k\u00e9szlet tartalma: 10 db SDS-PLUX MX4 F\u00daR\u00d3SZ\u00c1R","og_url":"https:\/\/www.eurosmart.hu\/shop\/index.php\/termek\/milwaukee-sds-plus-mx4-furoszar-10x200-265-10-darabos-kiszereles-4932471254\/","og_site_name":"Eurosmart - Milwaukee web\u00e1ruh\u00e1z","article_publisher":"https:\/\/www.facebook.com\/EurosmartKft","article_modified_time":"2023-10-04T14:11:05+00:00","og_image":[{"width":600,"height":600,"url":"https:\/\/www.eurosmart.hu\/shop\/wp-content\/uploads\/2023\/09\/4932471254.jpg","type":"image\/jpeg"}],"twitter_card":"summary_large_image","twitter_misc":{"Price":"","Availability":"In stock"},"schema":{"@context":"https:\/\/schema.org","@graph":[{"@type":"WebPage","@id":"https:\/\/www.eurosmart.hu\/shop\/index.php\/termek\/milwaukee-sds-plus-mx4-furoszar-10x200-265-10-darabos-kiszereles-4932471254\/","url":"https:\/\/www.eurosmart.hu\/shop\/index.php\/termek\/milwaukee-sds-plus-mx4-furoszar-10x200-265-10-darabos-kiszereles-4932471254\/","name":"MILWAUKEE SDS-PLUS MX4 F\u00daR\u00d3SZ\u00c1R 10X200\/265 10 DARABOS KISZEREL\u00c9S (4932471254) - Eurosmart - Milwaukee web\u00e1ruh\u00e1z","isPartOf":{"@id":"https:\/\/www.eurosmart.hu\/shop\/#website"},"datePublished":"2023-09-29T10:39:50+00:00","dateModified":"2023-10-04T14:11:05+00:00","breadcrumb":{"@id":"https:\/\/www.eurosmart.hu\/shop\/index.php\/termek\/milwaukee-sds-plus-mx4-furoszar-10x200-265-10-darabos-kiszereles-4932471254\/#breadcrumb"},"inLanguage":"hu","potentialAction":[{"@type":"ReadAction","target":["https:\/\/www.eurosmart.hu\/shop\/index.php\/termek\/milwaukee-sds-plus-mx4-furoszar-10x200-265-10-darabos-kiszereles-4932471254\/"]}]},{"@type":"BreadcrumbList","@id":"https:\/\/www.eurosmart.hu\/shop\/index.php\/termek\/milwaukee-sds-plus-mx4-furoszar-10x200-265-10-darabos-kiszereles-4932471254\/#breadcrumb","itemListElement":[{"@type":"ListItem","position":1,"name":"Kezd\u0151lap","item":"https:\/\/www.eurosmart.hu\/shop\/"},{"@type":"ListItem","position":2,"name":"Term\u00e9keink","item":"https:\/\/www.eurosmart.hu\/shop\/index.php\/uzlet\/"},{"@type":"ListItem","position":3,"name":"MILWAUKEE SDS-PLUS MX4 F\u00daR\u00d3SZ\u00c1R 10X200\/265 10 DARABOS KISZEREL\u00c9S (4932471254)"}]},{"@type":"WebSite","@id":"https:\/\/www.eurosmart.hu\/shop\/#website","url":"https:\/\/www.eurosmart.hu\/shop\/","name":"Eurosmart - Milwaukee web\u00e1ruh\u00e1z","description":"Milwaukee web\u00e1ruh\u00e1z","publisher":{"@id":"https:\/\/www.eurosmart.hu\/shop\/#organization"},"potentialAction":[{"@type":"SearchAction","target":{"@type":"EntryPoint","urlTemplate":"https:\/\/www.eurosmart.hu\/shop\/?s={search_term_string}"},"query-input":"required name=search_term_string"}],"inLanguage":"hu"},{"@type":"Organization","@id":"https:\/\/www.eurosmart.hu\/shop\/#organization","name":"Eurosmart - Milwaukee web\u00e1ruh\u00e1z","url":"https:\/\/www.eurosmart.hu\/shop\/","logo":{"@type":"ImageObject","inLanguage":"hu","@id":"https:\/\/www.eurosmart.hu\/shop\/#\/schema\/logo\/image\/","url":"https:\/\/www.eurosmart.hu\/shop\/wp-content\/uploads\/2023\/10\/milwaukee-logo-1.png","contentUrl":"https:\/\/www.eurosmart.hu\/shop\/wp-content\/uploads\/2023\/10\/milwaukee-logo-1.png","width":500,"height":200,"caption":"Eurosmart - Milwaukee web\u00e1ruh\u00e1z"},"image":{"@id":"https:\/\/www.eurosmart.hu\/shop\/#\/schema\/logo\/image\/"},"sameAs":["https:\/\/www.facebook.com\/EurosmartKft"]}]},"product_price_currency":"HUF","og_availability":"instock","product_availability":"instock","product_retailer_item_id":"4932471254","product_condition":"new"},"_links":{"self":[{"href":"https:\/\/www.eurosmart.hu\/shop\/index.php\/wp-json\/wp\/v2\/product\/2832","targetHints":{"allow":["GET"]}}],"collection":[{"href":"https:\/\/www.eurosmart.hu\/shop\/index.php\/wp-json\/wp\/v2\/product"}],"about":[{"href":"https:\/\/www.eurosmart.hu\/shop\/index.php\/wp-json\/wp\/v2\/types\/product"}],"wp:featuredmedia":[{"embeddable":true,"href":"https:\/\/www.eurosmart.hu\/shop\/index.php\/wp-json\/wp\/v2\/media\/2833"}],"wp:attachment":[{"href":"https:\/\/www.eurosmart.hu\/shop\/index.php\/wp-json\/wp\/v2\/media?parent=2832"}],"wp:term":[{"taxonomy":"product_cat","embeddable":true,"href":"https:\/\/www.eurosmart.hu\/shop\/index.php\/wp-json\/wp\/v2\/product_cat?post=2832"},{"taxonomy":"product_tag","embeddable":true,"href":"https:\/\/www.eurosmart.hu\/shop\/index.php\/wp-json\/wp\/v2\/product_tag?post=2832"}],"curies":[{"name":"wp","href":"https:\/\/api.w.org\/{rel}","templated":true}]}}