{"id":2789,"date":"2023-09-29T07:55:51","date_gmt":"2023-09-29T07:55:51","guid":{"rendered":"https:\/\/www.eurosmart.hu\/shop\/?post_type=product&#038;p=2789"},"modified":"2024-02-14T08:55:12","modified_gmt":"2024-02-14T08:55:12","slug":"milwaukee-msl-3000-3-m-ig-meghosszabithato-univerzalis-gervago-allvany-4933411565","status":"publish","type":"product","link":"https:\/\/www.eurosmart.hu\/shop\/index.php\/termek\/milwaukee-msl-3000-3-m-ig-meghosszabithato-univerzalis-gervago-allvany-4933411565\/","title":{"rendered":"MILWAUKEE MSL 3000 3M-IG MEGHOSSZAB\u00cdTHAT\u00d3 G\u00c9RV\u00c1G\u00d3 \u00c1LLV\u00c1NY (4933411565)"},"content":{"rendered":"<h5>Tulajdons\u00e1gok:<\/h5>\n<ul class=\"ProductFeaturesTextstyles__FeatureList-fxqvf2-1 dUrrwH\">\n<li class=\"ProductFeaturesTextstyles__Feature-fxqvf2-3 ggyeUS\">K\u00f6nny\u0171 s\u00faly \u00e9s kerekek \u2013 k\u00f6nnyen sz\u00e1ll\u00edthat\u00f3 a munkahelyen<\/li>\n<li class=\"ProductFeaturesTextstyles__Feature-fxqvf2-3 ggyeUS\">Ak\u00e1r 1200 mm-esre is \u00f6sszecsukhat\u00f3 \u2013 k\u00f6sz\u00f6nhet\u0151en az \u00f6sszehajthat\u00f3 l\u00e1baknak \u00e9s a kompakt form\u00e1nak<\/li>\n<li class=\"ProductFeaturesTextstyles__Feature-fxqvf2-3 ggyeUS\">3 m-ig meghosszabb\u00edthat\u00f3 \u2013 k\u00f6nny\u0171v\u00e9 teszi a nagym\u00e9ret\u0171 munkadarabok hosszanti v\u00e1g\u00e1s\u00e1t<\/li>\n<li class=\"ProductFeaturesTextstyles__Feature-fxqvf2-3 ggyeUS\">Heavy Duty \u2013 ak\u00e1r 250 kg-ig terhelhet\u0151<\/li>\n<li class=\"ProductFeaturesTextstyles__Feature-fxqvf2-3 ggyeUS\">Egy pontos l\u00e1b \u00e1ll\u00edt\u00e1s az egyenetlen talajon t\u00f6rt\u00e9n\u0151 korrig\u00e1l\u00e1s\u00e9rt<\/li>\n<li class=\"ProductFeaturesTextstyles__Feature-fxqvf2-3 ggyeUS\">K\u00e9nyelmes munkamagass\u00e1g 81 cm<\/li>\n<li class=\"ProductFeaturesTextstyles__Feature-fxqvf2-3 ggyeUS\">Teljesen be\u00e1ll\u00edthat\u00f3 munkadarabok \u2013 nagy hossz\u00fas\u00e1g\u00fa anyagok v\u00e1g\u00e1sa is lehets\u00e9ges \u2013 egyszer\u0171 be\u00e1ll\u00edt\u00f3gombok<\/li>\n<li class=\"ProductFeaturesTextstyles__Feature-fxqvf2-3 ggyeUS\">Gyors \u00f6ssze\u00e1ll\u00edt\u00e1s \u2013 m\u00e1sodpercek alatt t\u00f6rt\u00e9n\u0151 fel\u00e1ll\u00edt\u00e1s<\/li>\n<li class=\"ProductFeaturesTextstyles__Feature-fxqvf2-3 ggyeUS\">G\u00f6rg\u0151k \u2013 a hat\u00e9kony anyag al\u00e1t\u00e1maszt\u00e1s\u00e9rt<\/li>\n<\/ul>\n<h5>M\u0171szaki adatok:<\/h5>\n<ul class=\"ProductFeaturesTextstyles__FeatureList-fxqvf2-1 dUrrwH\">\n<li>\u00d6sszecsukhat\u00f3 m\u00e9ret (mm): 1200<\/li>\n<li>Alaplap m\u00e9rete (mm): 1100<\/li>\n<li>Magass\u00e1g (mm): 810<\/li>\n<li>Meghosszabb\u00edthat\u00f3 -ig (mm): 3000<\/li>\n<li>Terhelhet\u0151s\u00e9g (kg): 250<\/li>\n<li>S\u00faly (kg): 23.0<\/li>\n<\/ul>\n","protected":false},"excerpt":{"rendered":"<p><strong>A k\u00e9szlet tartalma:<\/strong> 1 db MSL 3000 g\u00e9rv\u00e1g\u00f3 \u00e1llv\u00e1ny<\/p>\n","protected":false},"featured_media":2790,"template":"","meta":[],"product_cat":[59,227,217,89],"product_tag":[],"class_list":["post-2789","product","type-product","status-publish","has-post-thumbnail","hentry","product_cat-milwaukee","product_cat-specifikus-tartozekok","product_cat-tartozekok-termekek","product_cat-termekek"],"yoast_head":"<!-- This site is optimized with the Yoast SEO Premium plugin v21.3 (Yoast SEO v21.3) - https:\/\/yoast.com\/wordpress\/plugins\/seo\/ -->\n<title>MILWAUKEE MSL 3000 3M-IG MEGHOSSZAB\u00cdTHAT\u00d3 G\u00c9RV\u00c1G\u00d3 \u00c1LLV\u00c1NY (4933411565) - Eurosmart - Milwaukee web\u00e1ruh\u00e1z<\/title>\n<meta name=\"robots\" content=\"index, follow, max-snippet:-1, max-image-preview:large, max-video-preview:-1\" \/>\n<link rel=\"canonical\" href=\"https:\/\/www.eurosmart.hu\/shop\/index.php\/termek\/milwaukee-msl-3000-3-m-ig-meghosszabithato-univerzalis-gervago-allvany-4933411565\/\" \/>\n<meta property=\"og:locale\" content=\"hu_HU\" \/>\n<meta property=\"og:type\" content=\"article\" \/>\n<meta property=\"og:title\" content=\"MILWAUKEE MSL 3000 3M-IG MEGHOSSZAB\u00cdTHAT\u00d3 G\u00c9RV\u00c1G\u00d3 \u00c1LLV\u00c1NY (4933411565)\" \/>\n<meta property=\"og:description\" content=\"A k\u00e9szlet tartalma: 1 db MSL 3000 g\u00e9rv\u00e1g\u00f3 \u00e1llv\u00e1ny\" \/>\n<meta property=\"og:url\" content=\"https:\/\/www.eurosmart.hu\/shop\/index.php\/termek\/milwaukee-msl-3000-3-m-ig-meghosszabithato-univerzalis-gervago-allvany-4933411565\/\" \/>\n<meta property=\"og:site_name\" content=\"Eurosmart - Milwaukee web\u00e1ruh\u00e1z\" \/>\n<meta property=\"article:publisher\" content=\"https:\/\/www.facebook.com\/EurosmartKft\" \/>\n<meta property=\"article:modified_time\" content=\"2024-02-14T08:55:12+00:00\" \/>\n<meta property=\"og:image\" content=\"https:\/\/www.eurosmart.hu\/shop\/wp-content\/uploads\/2023\/09\/4933411565.jpg\" \/>\n\t<meta property=\"og:image:width\" content=\"600\" \/>\n\t<meta property=\"og:image:height\" content=\"600\" \/>\n\t<meta property=\"og:image:type\" content=\"image\/jpeg\" \/>\n<meta name=\"twitter:card\" content=\"summary_large_image\" \/>\n<meta name=\"twitter:label1\" content=\"Price\" \/>\n\t<meta name=\"twitter:data1\" content=\"\" \/>\n\t<meta name=\"twitter:label2\" content=\"Availability\" \/>\n\t<meta name=\"twitter:data2\" content=\"In stock\" \/>\n<script type=\"application\/ld+json\" class=\"yoast-schema-graph\">{\"@context\":\"https:\/\/schema.org\",\"@graph\":[{\"@type\":\"WebPage\",\"@id\":\"https:\/\/www.eurosmart.hu\/shop\/index.php\/termek\/milwaukee-msl-3000-3-m-ig-meghosszabithato-univerzalis-gervago-allvany-4933411565\/\",\"url\":\"https:\/\/www.eurosmart.hu\/shop\/index.php\/termek\/milwaukee-msl-3000-3-m-ig-meghosszabithato-univerzalis-gervago-allvany-4933411565\/\",\"name\":\"MILWAUKEE MSL 3000 3M-IG MEGHOSSZAB\u00cdTHAT\u00d3 G\u00c9RV\u00c1G\u00d3 \u00c1LLV\u00c1NY (4933411565) - Eurosmart - Milwaukee web\u00e1ruh\u00e1z\",\"isPartOf\":{\"@id\":\"https:\/\/www.eurosmart.hu\/shop\/#website\"},\"datePublished\":\"2023-09-29T07:55:51+00:00\",\"dateModified\":\"2024-02-14T08:55:12+00:00\",\"breadcrumb\":{\"@id\":\"https:\/\/www.eurosmart.hu\/shop\/index.php\/termek\/milwaukee-msl-3000-3-m-ig-meghosszabithato-univerzalis-gervago-allvany-4933411565\/#breadcrumb\"},\"inLanguage\":\"hu\",\"potentialAction\":[{\"@type\":\"ReadAction\",\"target\":[\"https:\/\/www.eurosmart.hu\/shop\/index.php\/termek\/milwaukee-msl-3000-3-m-ig-meghosszabithato-univerzalis-gervago-allvany-4933411565\/\"]}]},{\"@type\":\"BreadcrumbList\",\"@id\":\"https:\/\/www.eurosmart.hu\/shop\/index.php\/termek\/milwaukee-msl-3000-3-m-ig-meghosszabithato-univerzalis-gervago-allvany-4933411565\/#breadcrumb\",\"itemListElement\":[{\"@type\":\"ListItem\",\"position\":1,\"name\":\"Kezd\u0151lap\",\"item\":\"https:\/\/www.eurosmart.hu\/shop\/\"},{\"@type\":\"ListItem\",\"position\":2,\"name\":\"Term\u00e9keink\",\"item\":\"https:\/\/www.eurosmart.hu\/shop\/index.php\/uzlet\/\"},{\"@type\":\"ListItem\",\"position\":3,\"name\":\"MILWAUKEE MSL 3000 3M-IG MEGHOSSZAB\u00cdTHAT\u00d3 G\u00c9RV\u00c1G\u00d3 \u00c1LLV\u00c1NY (4933411565)\"}]},{\"@type\":\"WebSite\",\"@id\":\"https:\/\/www.eurosmart.hu\/shop\/#website\",\"url\":\"https:\/\/www.eurosmart.hu\/shop\/\",\"name\":\"Eurosmart - Milwaukee web\u00e1ruh\u00e1z\",\"description\":\"Milwaukee web\u00e1ruh\u00e1z\",\"publisher\":{\"@id\":\"https:\/\/www.eurosmart.hu\/shop\/#organization\"},\"potentialAction\":[{\"@type\":\"SearchAction\",\"target\":{\"@type\":\"EntryPoint\",\"urlTemplate\":\"https:\/\/www.eurosmart.hu\/shop\/?s={search_term_string}\"},\"query-input\":\"required name=search_term_string\"}],\"inLanguage\":\"hu\"},{\"@type\":\"Organization\",\"@id\":\"https:\/\/www.eurosmart.hu\/shop\/#organization\",\"name\":\"Eurosmart - Milwaukee web\u00e1ruh\u00e1z\",\"url\":\"https:\/\/www.eurosmart.hu\/shop\/\",\"logo\":{\"@type\":\"ImageObject\",\"inLanguage\":\"hu\",\"@id\":\"https:\/\/www.eurosmart.hu\/shop\/#\/schema\/logo\/image\/\",\"url\":\"https:\/\/www.eurosmart.hu\/shop\/wp-content\/uploads\/2023\/10\/milwaukee-logo-1.png\",\"contentUrl\":\"https:\/\/www.eurosmart.hu\/shop\/wp-content\/uploads\/2023\/10\/milwaukee-logo-1.png\",\"width\":500,\"height\":200,\"caption\":\"Eurosmart - Milwaukee web\u00e1ruh\u00e1z\"},\"image\":{\"@id\":\"https:\/\/www.eurosmart.hu\/shop\/#\/schema\/logo\/image\/\"},\"sameAs\":[\"https:\/\/www.facebook.com\/EurosmartKft\"]}]}<\/script>\n<meta property=\"product:price:amount\" content=\"0\" \/>\n<meta property=\"product:price:currency\" content=\"HUF\" \/>\n<meta property=\"og:availability\" content=\"instock\" \/>\n<meta property=\"product:availability\" content=\"instock\" \/>\n<meta property=\"product:retailer_item_id\" content=\"4933411565\" \/>\n<meta property=\"product:condition\" content=\"new\" \/>\n<!-- \/ Yoast SEO Premium plugin. -->","yoast_head_json":{"title":"MILWAUKEE MSL 3000 3M-IG MEGHOSSZAB\u00cdTHAT\u00d3 G\u00c9RV\u00c1G\u00d3 \u00c1LLV\u00c1NY (4933411565) - Eurosmart - Milwaukee web\u00e1ruh\u00e1z","robots":{"index":"index","follow":"follow","max-snippet":"max-snippet:-1","max-image-preview":"max-image-preview:large","max-video-preview":"max-video-preview:-1"},"canonical":"https:\/\/www.eurosmart.hu\/shop\/index.php\/termek\/milwaukee-msl-3000-3-m-ig-meghosszabithato-univerzalis-gervago-allvany-4933411565\/","og_locale":"hu_HU","og_type":"article","og_title":"MILWAUKEE MSL 3000 3M-IG MEGHOSSZAB\u00cdTHAT\u00d3 G\u00c9RV\u00c1G\u00d3 \u00c1LLV\u00c1NY (4933411565)","og_description":"A k\u00e9szlet tartalma: 1 db MSL 3000 g\u00e9rv\u00e1g\u00f3 \u00e1llv\u00e1ny","og_url":"https:\/\/www.eurosmart.hu\/shop\/index.php\/termek\/milwaukee-msl-3000-3-m-ig-meghosszabithato-univerzalis-gervago-allvany-4933411565\/","og_site_name":"Eurosmart - Milwaukee web\u00e1ruh\u00e1z","article_publisher":"https:\/\/www.facebook.com\/EurosmartKft","article_modified_time":"2024-02-14T08:55:12+00:00","og_image":[{"width":600,"height":600,"url":"https:\/\/www.eurosmart.hu\/shop\/wp-content\/uploads\/2023\/09\/4933411565.jpg","type":"image\/jpeg"}],"twitter_card":"summary_large_image","twitter_misc":{"Price":"","Availability":"In stock"},"schema":{"@context":"https:\/\/schema.org","@graph":[{"@type":"WebPage","@id":"https:\/\/www.eurosmart.hu\/shop\/index.php\/termek\/milwaukee-msl-3000-3-m-ig-meghosszabithato-univerzalis-gervago-allvany-4933411565\/","url":"https:\/\/www.eurosmart.hu\/shop\/index.php\/termek\/milwaukee-msl-3000-3-m-ig-meghosszabithato-univerzalis-gervago-allvany-4933411565\/","name":"MILWAUKEE MSL 3000 3M-IG MEGHOSSZAB\u00cdTHAT\u00d3 G\u00c9RV\u00c1G\u00d3 \u00c1LLV\u00c1NY (4933411565) - Eurosmart - Milwaukee web\u00e1ruh\u00e1z","isPartOf":{"@id":"https:\/\/www.eurosmart.hu\/shop\/#website"},"datePublished":"2023-09-29T07:55:51+00:00","dateModified":"2024-02-14T08:55:12+00:00","breadcrumb":{"@id":"https:\/\/www.eurosmart.hu\/shop\/index.php\/termek\/milwaukee-msl-3000-3-m-ig-meghosszabithato-univerzalis-gervago-allvany-4933411565\/#breadcrumb"},"inLanguage":"hu","potentialAction":[{"@type":"ReadAction","target":["https:\/\/www.eurosmart.hu\/shop\/index.php\/termek\/milwaukee-msl-3000-3-m-ig-meghosszabithato-univerzalis-gervago-allvany-4933411565\/"]}]},{"@type":"BreadcrumbList","@id":"https:\/\/www.eurosmart.hu\/shop\/index.php\/termek\/milwaukee-msl-3000-3-m-ig-meghosszabithato-univerzalis-gervago-allvany-4933411565\/#breadcrumb","itemListElement":[{"@type":"ListItem","position":1,"name":"Kezd\u0151lap","item":"https:\/\/www.eurosmart.hu\/shop\/"},{"@type":"ListItem","position":2,"name":"Term\u00e9keink","item":"https:\/\/www.eurosmart.hu\/shop\/index.php\/uzlet\/"},{"@type":"ListItem","position":3,"name":"MILWAUKEE MSL 3000 3M-IG MEGHOSSZAB\u00cdTHAT\u00d3 G\u00c9RV\u00c1G\u00d3 \u00c1LLV\u00c1NY (4933411565)"}]},{"@type":"WebSite","@id":"https:\/\/www.eurosmart.hu\/shop\/#website","url":"https:\/\/www.eurosmart.hu\/shop\/","name":"Eurosmart - Milwaukee web\u00e1ruh\u00e1z","description":"Milwaukee web\u00e1ruh\u00e1z","publisher":{"@id":"https:\/\/www.eurosmart.hu\/shop\/#organization"},"potentialAction":[{"@type":"SearchAction","target":{"@type":"EntryPoint","urlTemplate":"https:\/\/www.eurosmart.hu\/shop\/?s={search_term_string}"},"query-input":"required name=search_term_string"}],"inLanguage":"hu"},{"@type":"Organization","@id":"https:\/\/www.eurosmart.hu\/shop\/#organization","name":"Eurosmart - Milwaukee web\u00e1ruh\u00e1z","url":"https:\/\/www.eurosmart.hu\/shop\/","logo":{"@type":"ImageObject","inLanguage":"hu","@id":"https:\/\/www.eurosmart.hu\/shop\/#\/schema\/logo\/image\/","url":"https:\/\/www.eurosmart.hu\/shop\/wp-content\/uploads\/2023\/10\/milwaukee-logo-1.png","contentUrl":"https:\/\/www.eurosmart.hu\/shop\/wp-content\/uploads\/2023\/10\/milwaukee-logo-1.png","width":500,"height":200,"caption":"Eurosmart - Milwaukee web\u00e1ruh\u00e1z"},"image":{"@id":"https:\/\/www.eurosmart.hu\/shop\/#\/schema\/logo\/image\/"},"sameAs":["https:\/\/www.facebook.com\/EurosmartKft"]}]},"product_price_currency":"HUF","og_availability":"instock","product_availability":"instock","product_retailer_item_id":"4933411565","product_condition":"new"},"_links":{"self":[{"href":"https:\/\/www.eurosmart.hu\/shop\/index.php\/wp-json\/wp\/v2\/product\/2789","targetHints":{"allow":["GET"]}}],"collection":[{"href":"https:\/\/www.eurosmart.hu\/shop\/index.php\/wp-json\/wp\/v2\/product"}],"about":[{"href":"https:\/\/www.eurosmart.hu\/shop\/index.php\/wp-json\/wp\/v2\/types\/product"}],"wp:featuredmedia":[{"embeddable":true,"href":"https:\/\/www.eurosmart.hu\/shop\/index.php\/wp-json\/wp\/v2\/media\/2790"}],"wp:attachment":[{"href":"https:\/\/www.eurosmart.hu\/shop\/index.php\/wp-json\/wp\/v2\/media?parent=2789"}],"wp:term":[{"taxonomy":"product_cat","embeddable":true,"href":"https:\/\/www.eurosmart.hu\/shop\/index.php\/wp-json\/wp\/v2\/product_cat?post=2789"},{"taxonomy":"product_tag","embeddable":true,"href":"https:\/\/www.eurosmart.hu\/shop\/index.php\/wp-json\/wp\/v2\/product_tag?post=2789"}],"curies":[{"name":"wp","href":"https:\/\/api.w.org\/{rel}","templated":true}]}}