{"id":2779,"date":"2023-09-29T07:33:06","date_gmt":"2023-09-29T07:33:06","guid":{"rendered":"https:\/\/www.eurosmart.hu\/shop\/?post_type=product&#038;p=2779"},"modified":"2023-10-04T14:21:09","modified_gmt":"2023-10-04T14:21:09","slug":"milwaukee-stud-gen2-magneses-meroszalag-5x33-metrikus-trilobe-sornyito-4932478794","status":"publish","type":"product","link":"https:\/\/www.eurosmart.hu\/shop\/index.php\/termek\/milwaukee-stud-gen2-magneses-meroszalag-5x33-metrikus-trilobe-sornyito-4932478794\/","title":{"rendered":"MILWAUKEE STUD\u2122 GEN2 M\u00c1GNESES M\u00c9R\u0150SZALAG 5X33 METRIKUS + TRILOBE S\u00d6RNYIT\u00d3 (4932478794)"},"content":{"rendered":"<h5>Tulajdons\u00e1gok:<\/h5>\n<ul>\n<li class=\"ProductFeaturesTextstyles__Feature-fxqvf2-3 ggyeUS\">Az EXO 360\u2122 szalag technol\u00f3gi\u00e1ja tart\u00f3s, kop\u00e1s\u00e1ll\u00f3 \u00e9s szennyez\u0151d\u00e9s \u00e1ll\u00f3<\/li>\n<li class=\"ProductFeaturesTextstyles__Feature-fxqvf2-3 ggyeUS\">Er\u0151s m\u00e1gnes a szalag elej\u00e9n, \u00edgy k\u00f6nnyen r\u00e1akaszthat\u00f3 ak\u00e1r lapos fel\u00fcletre, ak\u00e1r kerek cs\u0151re<\/li>\n<li class=\"ProductFeaturesTextstyles__Feature-fxqvf2-3 ggyeUS\">Ak\u00e1r 4 m hossz\u00fas\u00e1gig kih\u00fazhat\u00f3, megt\u00f6r\u00e9s n\u00e9lk\u00fcl<\/li>\n<li class=\"ProductFeaturesTextstyles__Feature-fxqvf2-3 ggyeUS\">Szakad\u00e1sg\u00e1tl\u00f3 bevonat &#8211; meger\u0151s\u00edti a szalag els\u0151 15 cm-\u00e9t<\/li>\n<li class=\"ProductFeaturesTextstyles__Feature-fxqvf2-3 ggyeUS\">M\u00e9r\u0151sk\u00e1la mind a k\u00e9t oldalon &#8211; n\u00f6veli az olvashat\u00f3s\u00e1got<\/li>\n<li class=\"ProductFeaturesTextstyles__Feature-fxqvf2-3 ggyeUS\">Szabadalmazott ujjal meg\u00e1ll\u00edt\u00f3: megv\u00e9di ujjait a szalag visszah\u00faz\u00f3d\u00e1s\u00e1t\u00f3l<\/li>\n<li class=\"ProductFeaturesTextstyles__Feature-fxqvf2-3 ggyeUS\">ABS h\u00e1z \u00fct\u00e9s\u00e1ll\u00f3 markolattal a k\u00e9nyelem \u00e9s a munkater\u00fcleti tart\u00f3ss\u00e1g \u00e9rdek\u00e9ben<\/li>\n<li class=\"ProductFeaturesTextstyles__Feature-fxqvf2-3 ggyeUS\">Huzal alak\u00fa \u00f6vcsipesz: cs\u00f6kkenti a zsebszakad\u00e1st<\/li>\n<li class=\"ProductFeaturesTextstyles__Feature-fxqvf2-3 ggyeUS\">Szersz\u00e1mk\u00f6t\u00e9l lyuk &#8211; gyors \u00e9s egyszer\u0171 r\u00f6gz\u00edt\u00e9s<\/li>\n<li class=\"ProductFeaturesTextstyles__Feature-fxqvf2-3 ggyeUS\">II. pontoss\u00e1gi oszt\u00e1ly<\/li>\n<li class=\"ProductFeaturesTextstyles__Feature-fxqvf2-3 ggyeUS\">Hossz: 5 m<\/li>\n<li>Szalag sz\u00e9less\u00e9ge: 33 mm<\/li>\n<\/ul>\n<p>A csomag tartamaz m\u00e9g egy k\u00e9nyelmes gumi markolat\u00fa Milwaukee \u00fcvegnyit\u00f3t!<\/p>\n","protected":false},"excerpt":{"rendered":"<p><strong>A k\u00e9szlet tartalma:<\/strong><\/p>\n<ul>\n<li>1 db STUD\u2122 GEN2 M\u00c9R\u0150SZALAG<\/li>\n<li>1 db TRILOBE \u00dcVEGNYIT\u00d3<\/li>\n<\/ul>\n","protected":false},"featured_media":2780,"template":"","meta":[],"product_cat":[208,209,59,89],"product_tag":[],"class_list":["post-2779","product","type-product","status-publish","has-post-thumbnail","hentry","product_cat-keziszerszamok-termekek","product_cat-meromuszerek","product_cat-milwaukee","product_cat-termekek"],"yoast_head":"<!-- This site is optimized with the Yoast SEO Premium plugin v21.3 (Yoast SEO v21.3) - https:\/\/yoast.com\/wordpress\/plugins\/seo\/ -->\n<title>MILWAUKEE STUD\u2122 GEN2 M\u00c1GNESES M\u00c9R\u0150SZALAG 5X33 METRIKUS + TRILOBE S\u00d6RNYIT\u00d3 (4932478794) - Eurosmart - Milwaukee web\u00e1ruh\u00e1z<\/title>\n<meta name=\"robots\" content=\"index, follow, max-snippet:-1, max-image-preview:large, max-video-preview:-1\" \/>\n<link rel=\"canonical\" href=\"https:\/\/www.eurosmart.hu\/shop\/index.php\/termek\/milwaukee-stud-gen2-magneses-meroszalag-5x33-metrikus-trilobe-sornyito-4932478794\/\" \/>\n<meta property=\"og:locale\" content=\"hu_HU\" \/>\n<meta property=\"og:type\" content=\"article\" \/>\n<meta property=\"og:title\" content=\"MILWAUKEE STUD\u2122 GEN2 M\u00c1GNESES M\u00c9R\u0150SZALAG 5X33 METRIKUS + TRILOBE S\u00d6RNYIT\u00d3 (4932478794)\" \/>\n<meta property=\"og:description\" content=\"A k\u00e9szlet tartalma:   1 db STUD\u2122 GEN2 M\u00c9R\u0150SZALAG  1 db TRILOBE \u00dcVEGNYIT\u00d3\" \/>\n<meta property=\"og:url\" content=\"https:\/\/www.eurosmart.hu\/shop\/index.php\/termek\/milwaukee-stud-gen2-magneses-meroszalag-5x33-metrikus-trilobe-sornyito-4932478794\/\" \/>\n<meta property=\"og:site_name\" content=\"Eurosmart - Milwaukee web\u00e1ruh\u00e1z\" \/>\n<meta property=\"article:publisher\" content=\"https:\/\/www.facebook.com\/EurosmartKft\" \/>\n<meta property=\"article:modified_time\" content=\"2023-10-04T14:21:09+00:00\" \/>\n<meta property=\"og:image\" content=\"https:\/\/www.eurosmart.hu\/shop\/wp-content\/uploads\/2023\/09\/4932478794.jpg\" \/>\n\t<meta property=\"og:image:width\" content=\"600\" \/>\n\t<meta property=\"og:image:height\" content=\"600\" \/>\n\t<meta property=\"og:image:type\" content=\"image\/jpeg\" \/>\n<meta name=\"twitter:card\" content=\"summary_large_image\" \/>\n<meta name=\"twitter:label1\" content=\"Price\" \/>\n\t<meta name=\"twitter:data1\" content=\"\" \/>\n\t<meta name=\"twitter:label2\" content=\"Availability\" \/>\n\t<meta name=\"twitter:data2\" content=\"In stock\" \/>\n<script type=\"application\/ld+json\" class=\"yoast-schema-graph\">{\"@context\":\"https:\/\/schema.org\",\"@graph\":[{\"@type\":\"WebPage\",\"@id\":\"https:\/\/www.eurosmart.hu\/shop\/index.php\/termek\/milwaukee-stud-gen2-magneses-meroszalag-5x33-metrikus-trilobe-sornyito-4932478794\/\",\"url\":\"https:\/\/www.eurosmart.hu\/shop\/index.php\/termek\/milwaukee-stud-gen2-magneses-meroszalag-5x33-metrikus-trilobe-sornyito-4932478794\/\",\"name\":\"MILWAUKEE STUD\u2122 GEN2 M\u00c1GNESES M\u00c9R\u0150SZALAG 5X33 METRIKUS + TRILOBE S\u00d6RNYIT\u00d3 (4932478794) - Eurosmart - Milwaukee web\u00e1ruh\u00e1z\",\"isPartOf\":{\"@id\":\"https:\/\/www.eurosmart.hu\/shop\/#website\"},\"datePublished\":\"2023-09-29T07:33:06+00:00\",\"dateModified\":\"2023-10-04T14:21:09+00:00\",\"breadcrumb\":{\"@id\":\"https:\/\/www.eurosmart.hu\/shop\/index.php\/termek\/milwaukee-stud-gen2-magneses-meroszalag-5x33-metrikus-trilobe-sornyito-4932478794\/#breadcrumb\"},\"inLanguage\":\"hu\",\"potentialAction\":[{\"@type\":\"ReadAction\",\"target\":[\"https:\/\/www.eurosmart.hu\/shop\/index.php\/termek\/milwaukee-stud-gen2-magneses-meroszalag-5x33-metrikus-trilobe-sornyito-4932478794\/\"]}]},{\"@type\":\"BreadcrumbList\",\"@id\":\"https:\/\/www.eurosmart.hu\/shop\/index.php\/termek\/milwaukee-stud-gen2-magneses-meroszalag-5x33-metrikus-trilobe-sornyito-4932478794\/#breadcrumb\",\"itemListElement\":[{\"@type\":\"ListItem\",\"position\":1,\"name\":\"Kezd\u0151lap\",\"item\":\"https:\/\/www.eurosmart.hu\/shop\/\"},{\"@type\":\"ListItem\",\"position\":2,\"name\":\"Term\u00e9keink\",\"item\":\"https:\/\/www.eurosmart.hu\/shop\/index.php\/uzlet\/\"},{\"@type\":\"ListItem\",\"position\":3,\"name\":\"MILWAUKEE STUD\u2122 GEN2 M\u00c1GNESES M\u00c9R\u0150SZALAG 5X33 METRIKUS + TRILOBE S\u00d6RNYIT\u00d3 (4932478794)\"}]},{\"@type\":\"WebSite\",\"@id\":\"https:\/\/www.eurosmart.hu\/shop\/#website\",\"url\":\"https:\/\/www.eurosmart.hu\/shop\/\",\"name\":\"Eurosmart - Milwaukee web\u00e1ruh\u00e1z\",\"description\":\"Milwaukee web\u00e1ruh\u00e1z\",\"publisher\":{\"@id\":\"https:\/\/www.eurosmart.hu\/shop\/#organization\"},\"potentialAction\":[{\"@type\":\"SearchAction\",\"target\":{\"@type\":\"EntryPoint\",\"urlTemplate\":\"https:\/\/www.eurosmart.hu\/shop\/?s={search_term_string}\"},\"query-input\":\"required name=search_term_string\"}],\"inLanguage\":\"hu\"},{\"@type\":\"Organization\",\"@id\":\"https:\/\/www.eurosmart.hu\/shop\/#organization\",\"name\":\"Eurosmart - Milwaukee web\u00e1ruh\u00e1z\",\"url\":\"https:\/\/www.eurosmart.hu\/shop\/\",\"logo\":{\"@type\":\"ImageObject\",\"inLanguage\":\"hu\",\"@id\":\"https:\/\/www.eurosmart.hu\/shop\/#\/schema\/logo\/image\/\",\"url\":\"https:\/\/www.eurosmart.hu\/shop\/wp-content\/uploads\/2023\/10\/milwaukee-logo-1.png\",\"contentUrl\":\"https:\/\/www.eurosmart.hu\/shop\/wp-content\/uploads\/2023\/10\/milwaukee-logo-1.png\",\"width\":500,\"height\":200,\"caption\":\"Eurosmart - Milwaukee web\u00e1ruh\u00e1z\"},\"image\":{\"@id\":\"https:\/\/www.eurosmart.hu\/shop\/#\/schema\/logo\/image\/\"},\"sameAs\":[\"https:\/\/www.facebook.com\/EurosmartKft\"]}]}<\/script>\n<meta property=\"product:price:amount\" content=\"0\" \/>\n<meta property=\"product:price:currency\" content=\"HUF\" \/>\n<meta property=\"og:availability\" content=\"instock\" \/>\n<meta property=\"product:availability\" content=\"instock\" \/>\n<meta property=\"product:retailer_item_id\" content=\"4932478794\" \/>\n<meta property=\"product:condition\" content=\"new\" \/>\n<!-- \/ Yoast SEO Premium plugin. -->","yoast_head_json":{"title":"MILWAUKEE STUD\u2122 GEN2 M\u00c1GNESES M\u00c9R\u0150SZALAG 5X33 METRIKUS + TRILOBE S\u00d6RNYIT\u00d3 (4932478794) - Eurosmart - Milwaukee web\u00e1ruh\u00e1z","robots":{"index":"index","follow":"follow","max-snippet":"max-snippet:-1","max-image-preview":"max-image-preview:large","max-video-preview":"max-video-preview:-1"},"canonical":"https:\/\/www.eurosmart.hu\/shop\/index.php\/termek\/milwaukee-stud-gen2-magneses-meroszalag-5x33-metrikus-trilobe-sornyito-4932478794\/","og_locale":"hu_HU","og_type":"article","og_title":"MILWAUKEE STUD\u2122 GEN2 M\u00c1GNESES M\u00c9R\u0150SZALAG 5X33 METRIKUS + TRILOBE S\u00d6RNYIT\u00d3 (4932478794)","og_description":"A k\u00e9szlet tartalma:   1 db STUD\u2122 GEN2 M\u00c9R\u0150SZALAG  1 db TRILOBE \u00dcVEGNYIT\u00d3","og_url":"https:\/\/www.eurosmart.hu\/shop\/index.php\/termek\/milwaukee-stud-gen2-magneses-meroszalag-5x33-metrikus-trilobe-sornyito-4932478794\/","og_site_name":"Eurosmart - Milwaukee web\u00e1ruh\u00e1z","article_publisher":"https:\/\/www.facebook.com\/EurosmartKft","article_modified_time":"2023-10-04T14:21:09+00:00","og_image":[{"width":600,"height":600,"url":"https:\/\/www.eurosmart.hu\/shop\/wp-content\/uploads\/2023\/09\/4932478794.jpg","type":"image\/jpeg"}],"twitter_card":"summary_large_image","twitter_misc":{"Price":"","Availability":"In stock"},"schema":{"@context":"https:\/\/schema.org","@graph":[{"@type":"WebPage","@id":"https:\/\/www.eurosmart.hu\/shop\/index.php\/termek\/milwaukee-stud-gen2-magneses-meroszalag-5x33-metrikus-trilobe-sornyito-4932478794\/","url":"https:\/\/www.eurosmart.hu\/shop\/index.php\/termek\/milwaukee-stud-gen2-magneses-meroszalag-5x33-metrikus-trilobe-sornyito-4932478794\/","name":"MILWAUKEE STUD\u2122 GEN2 M\u00c1GNESES M\u00c9R\u0150SZALAG 5X33 METRIKUS + TRILOBE S\u00d6RNYIT\u00d3 (4932478794) - Eurosmart - Milwaukee web\u00e1ruh\u00e1z","isPartOf":{"@id":"https:\/\/www.eurosmart.hu\/shop\/#website"},"datePublished":"2023-09-29T07:33:06+00:00","dateModified":"2023-10-04T14:21:09+00:00","breadcrumb":{"@id":"https:\/\/www.eurosmart.hu\/shop\/index.php\/termek\/milwaukee-stud-gen2-magneses-meroszalag-5x33-metrikus-trilobe-sornyito-4932478794\/#breadcrumb"},"inLanguage":"hu","potentialAction":[{"@type":"ReadAction","target":["https:\/\/www.eurosmart.hu\/shop\/index.php\/termek\/milwaukee-stud-gen2-magneses-meroszalag-5x33-metrikus-trilobe-sornyito-4932478794\/"]}]},{"@type":"BreadcrumbList","@id":"https:\/\/www.eurosmart.hu\/shop\/index.php\/termek\/milwaukee-stud-gen2-magneses-meroszalag-5x33-metrikus-trilobe-sornyito-4932478794\/#breadcrumb","itemListElement":[{"@type":"ListItem","position":1,"name":"Kezd\u0151lap","item":"https:\/\/www.eurosmart.hu\/shop\/"},{"@type":"ListItem","position":2,"name":"Term\u00e9keink","item":"https:\/\/www.eurosmart.hu\/shop\/index.php\/uzlet\/"},{"@type":"ListItem","position":3,"name":"MILWAUKEE STUD\u2122 GEN2 M\u00c1GNESES M\u00c9R\u0150SZALAG 5X33 METRIKUS + TRILOBE S\u00d6RNYIT\u00d3 (4932478794)"}]},{"@type":"WebSite","@id":"https:\/\/www.eurosmart.hu\/shop\/#website","url":"https:\/\/www.eurosmart.hu\/shop\/","name":"Eurosmart - Milwaukee web\u00e1ruh\u00e1z","description":"Milwaukee web\u00e1ruh\u00e1z","publisher":{"@id":"https:\/\/www.eurosmart.hu\/shop\/#organization"},"potentialAction":[{"@type":"SearchAction","target":{"@type":"EntryPoint","urlTemplate":"https:\/\/www.eurosmart.hu\/shop\/?s={search_term_string}"},"query-input":"required name=search_term_string"}],"inLanguage":"hu"},{"@type":"Organization","@id":"https:\/\/www.eurosmart.hu\/shop\/#organization","name":"Eurosmart - Milwaukee web\u00e1ruh\u00e1z","url":"https:\/\/www.eurosmart.hu\/shop\/","logo":{"@type":"ImageObject","inLanguage":"hu","@id":"https:\/\/www.eurosmart.hu\/shop\/#\/schema\/logo\/image\/","url":"https:\/\/www.eurosmart.hu\/shop\/wp-content\/uploads\/2023\/10\/milwaukee-logo-1.png","contentUrl":"https:\/\/www.eurosmart.hu\/shop\/wp-content\/uploads\/2023\/10\/milwaukee-logo-1.png","width":500,"height":200,"caption":"Eurosmart - Milwaukee web\u00e1ruh\u00e1z"},"image":{"@id":"https:\/\/www.eurosmart.hu\/shop\/#\/schema\/logo\/image\/"},"sameAs":["https:\/\/www.facebook.com\/EurosmartKft"]}]},"product_price_currency":"HUF","og_availability":"instock","product_availability":"instock","product_retailer_item_id":"4932478794","product_condition":"new"},"_links":{"self":[{"href":"https:\/\/www.eurosmart.hu\/shop\/index.php\/wp-json\/wp\/v2\/product\/2779","targetHints":{"allow":["GET"]}}],"collection":[{"href":"https:\/\/www.eurosmart.hu\/shop\/index.php\/wp-json\/wp\/v2\/product"}],"about":[{"href":"https:\/\/www.eurosmart.hu\/shop\/index.php\/wp-json\/wp\/v2\/types\/product"}],"wp:featuredmedia":[{"embeddable":true,"href":"https:\/\/www.eurosmart.hu\/shop\/index.php\/wp-json\/wp\/v2\/media\/2780"}],"wp:attachment":[{"href":"https:\/\/www.eurosmart.hu\/shop\/index.php\/wp-json\/wp\/v2\/media?parent=2779"}],"wp:term":[{"taxonomy":"product_cat","embeddable":true,"href":"https:\/\/www.eurosmart.hu\/shop\/index.php\/wp-json\/wp\/v2\/product_cat?post=2779"},{"taxonomy":"product_tag","embeddable":true,"href":"https:\/\/www.eurosmart.hu\/shop\/index.php\/wp-json\/wp\/v2\/product_tag?post=2779"}],"curies":[{"name":"wp","href":"https:\/\/api.w.org\/{rel}","templated":true}]}}