{"id":2773,"date":"2023-09-29T07:23:07","date_gmt":"2023-09-29T07:23:07","guid":{"rendered":"https:\/\/www.eurosmart.hu\/shop\/?post_type=product&#038;p=2773"},"modified":"2023-10-04T14:22:13","modified_gmt":"2023-10-04T14:22:13","slug":"milwaukee-meroszalag-3x16-metrikus-4932451637","status":"publish","type":"product","link":"https:\/\/www.eurosmart.hu\/shop\/index.php\/termek\/milwaukee-meroszalag-3x16-metrikus-4932451637\/","title":{"rendered":"MILWAUKEE M\u00c9R\u0150SZALAG 3X16 METRIKUS (4932451637)"},"content":{"rendered":"<h5>Tulajdons\u00e1gok:<\/h5>\n<ul>\n<li>A szalag mindk\u00e9t oldal\u00e1n nylon bevonat. Kiv\u00e1l\u00f3 tart\u00f3ss\u00e1g, v\u00e9delem a por, piszok, t\u00f6rmel\u00e9k \u00e9s v\u00edz ellen.<\/li>\n<li>F\u00e9nyelnyel\u0151 bevonat a m\u00e9r\u0151szalagon, ami t\u00fckr\u00f6z\u0151d\u00e9smentess\u00e9 teszi a szalagot \u00e9s megk\u00f6nny\u00edti annak leolvas\u00e1s\u00e1t er\u0151s napf\u00e9nyben is.<\/li>\n<li>Ujjal t\u00f6rt\u00e9n\u0151 meg\u00e1ll\u00edt\u00e1s a k\u00e9nyelmesebb tart\u00e1s\u00e9rt, be\u00e9p\u00edtett ujjv\u00e9d\u0151, amely megv\u00e9di az ujjakat a szalag visszah\u00faz\u00f3d\u00e1sakor.<\/li>\n<li>M\u00e9rce mindk\u00e9t oldalon: v\u00edzszintes m\u00e9r\u00e9si sk\u00e1la az el\u00fcls\u0151 oldalon, f\u00fcgg\u0151leges m\u00e9r\u00e9si sk\u00e1la a h\u00e1toldalon a m\u00e9g jobb olvashat\u00f3s\u00e1g\u00e9rt.<\/li>\n<li>Pr\u00e9mium min\u0151s\u00e9g 16 mm szalag sz\u00e9less\u00e9ggel.<\/li>\n<li>5 ponton meger\u0151s\u00edtett h\u00e1z a tart\u00f3ss\u00e1g\u00e9rt.<\/li>\n<li>\u00d6vcsipesz: k\u00f6nny\u0171 felcsatol\u00e1s a ruha fels\u00e9rt\u00e9se n\u00e9lk\u00fcl.<\/li>\n<li>Extra nagy 360\u00b0-ban elford\u00edthat\u00f3 kamp\u00f3: az anyag minden oldal\u00e1ra k\u00f6nnyen felakaszthat\u00f3.<\/li>\n<li>\u00c9p\u00edt\u00e9sz m\u00e9rce: a berajzolt sk\u00e1l\u00e1k egyszer\u0171 leolvas\u00e1sa (ISO 5455). Lehet\u0151v\u00e9 teszi a t\u00e1vols\u00e1gok m\u00e9r\u00e9s\u00e9t \u00e9s az anyag ig\u00e9ny felm\u00e9r\u00e9s\u00e9t k\u00f6zvetlen\u00fcl az \u00e9p\u00edtkez\u00e9sen.<\/li>\n<li>Gum\u00edrozott fog\u00e1si fel\u00fclet az extra k\u00e9nyelem\u00e9rt \u00e9s tart\u00f3ss\u00e1g\u00e9rt.<\/li>\n<li>Hossz\u00fas\u00e1g: 3 m<\/li>\n<li>Szalag sz\u00e9less\u00e9ge: 16 mm<\/li>\n<\/ul>\n","protected":false},"excerpt":{"rendered":"<p><strong>A k\u00e9szlet tartalma:<\/strong> 1 db M\u00c9R\u0150SZALAG 3X16 METRIKUS<\/p>\n","protected":false},"featured_media":2774,"template":"","meta":[],"product_cat":[208,209,59,89],"product_tag":[],"class_list":["post-2773","product","type-product","status-publish","has-post-thumbnail","hentry","product_cat-keziszerszamok-termekek","product_cat-meromuszerek","product_cat-milwaukee","product_cat-termekek"],"yoast_head":"<!-- This site is optimized with the Yoast SEO Premium plugin v21.3 (Yoast SEO v21.3) - https:\/\/yoast.com\/wordpress\/plugins\/seo\/ -->\n<title>MILWAUKEE M\u00c9R\u0150SZALAG 3X16 METRIKUS (4932451637) - Eurosmart - Milwaukee web\u00e1ruh\u00e1z<\/title>\n<meta name=\"robots\" content=\"index, follow, max-snippet:-1, max-image-preview:large, max-video-preview:-1\" \/>\n<link rel=\"canonical\" href=\"https:\/\/www.eurosmart.hu\/shop\/index.php\/termek\/milwaukee-meroszalag-3x16-metrikus-4932451637\/\" \/>\n<meta property=\"og:locale\" content=\"hu_HU\" \/>\n<meta property=\"og:type\" content=\"article\" \/>\n<meta property=\"og:title\" content=\"MILWAUKEE M\u00c9R\u0150SZALAG 3X16 METRIKUS (4932451637)\" \/>\n<meta property=\"og:description\" content=\"A k\u00e9szlet tartalma: 1 db M\u00c9R\u0150SZALAG 3X16 METRIKUS\" \/>\n<meta property=\"og:url\" content=\"https:\/\/www.eurosmart.hu\/shop\/index.php\/termek\/milwaukee-meroszalag-3x16-metrikus-4932451637\/\" \/>\n<meta property=\"og:site_name\" content=\"Eurosmart - Milwaukee web\u00e1ruh\u00e1z\" \/>\n<meta property=\"article:publisher\" content=\"https:\/\/www.facebook.com\/EurosmartKft\" \/>\n<meta property=\"article:modified_time\" content=\"2023-10-04T14:22:13+00:00\" \/>\n<meta property=\"og:image\" content=\"https:\/\/www.eurosmart.hu\/shop\/wp-content\/uploads\/2023\/09\/4932451637.jpg\" \/>\n\t<meta property=\"og:image:width\" content=\"600\" \/>\n\t<meta property=\"og:image:height\" content=\"600\" \/>\n\t<meta property=\"og:image:type\" content=\"image\/jpeg\" \/>\n<meta name=\"twitter:card\" content=\"summary_large_image\" \/>\n<meta name=\"twitter:label1\" content=\"Price\" \/>\n\t<meta name=\"twitter:data1\" content=\"\" \/>\n\t<meta name=\"twitter:label2\" content=\"Availability\" \/>\n\t<meta name=\"twitter:data2\" content=\"In stock\" \/>\n<script type=\"application\/ld+json\" class=\"yoast-schema-graph\">{\"@context\":\"https:\/\/schema.org\",\"@graph\":[{\"@type\":\"WebPage\",\"@id\":\"https:\/\/www.eurosmart.hu\/shop\/index.php\/termek\/milwaukee-meroszalag-3x16-metrikus-4932451637\/\",\"url\":\"https:\/\/www.eurosmart.hu\/shop\/index.php\/termek\/milwaukee-meroszalag-3x16-metrikus-4932451637\/\",\"name\":\"MILWAUKEE M\u00c9R\u0150SZALAG 3X16 METRIKUS (4932451637) - Eurosmart - Milwaukee web\u00e1ruh\u00e1z\",\"isPartOf\":{\"@id\":\"https:\/\/www.eurosmart.hu\/shop\/#website\"},\"datePublished\":\"2023-09-29T07:23:07+00:00\",\"dateModified\":\"2023-10-04T14:22:13+00:00\",\"breadcrumb\":{\"@id\":\"https:\/\/www.eurosmart.hu\/shop\/index.php\/termek\/milwaukee-meroszalag-3x16-metrikus-4932451637\/#breadcrumb\"},\"inLanguage\":\"hu\",\"potentialAction\":[{\"@type\":\"ReadAction\",\"target\":[\"https:\/\/www.eurosmart.hu\/shop\/index.php\/termek\/milwaukee-meroszalag-3x16-metrikus-4932451637\/\"]}]},{\"@type\":\"BreadcrumbList\",\"@id\":\"https:\/\/www.eurosmart.hu\/shop\/index.php\/termek\/milwaukee-meroszalag-3x16-metrikus-4932451637\/#breadcrumb\",\"itemListElement\":[{\"@type\":\"ListItem\",\"position\":1,\"name\":\"Kezd\u0151lap\",\"item\":\"https:\/\/www.eurosmart.hu\/shop\/\"},{\"@type\":\"ListItem\",\"position\":2,\"name\":\"Term\u00e9keink\",\"item\":\"https:\/\/www.eurosmart.hu\/shop\/index.php\/uzlet\/\"},{\"@type\":\"ListItem\",\"position\":3,\"name\":\"MILWAUKEE M\u00c9R\u0150SZALAG 3X16 METRIKUS (4932451637)\"}]},{\"@type\":\"WebSite\",\"@id\":\"https:\/\/www.eurosmart.hu\/shop\/#website\",\"url\":\"https:\/\/www.eurosmart.hu\/shop\/\",\"name\":\"Eurosmart - Milwaukee web\u00e1ruh\u00e1z\",\"description\":\"Milwaukee web\u00e1ruh\u00e1z\",\"publisher\":{\"@id\":\"https:\/\/www.eurosmart.hu\/shop\/#organization\"},\"potentialAction\":[{\"@type\":\"SearchAction\",\"target\":{\"@type\":\"EntryPoint\",\"urlTemplate\":\"https:\/\/www.eurosmart.hu\/shop\/?s={search_term_string}\"},\"query-input\":\"required name=search_term_string\"}],\"inLanguage\":\"hu\"},{\"@type\":\"Organization\",\"@id\":\"https:\/\/www.eurosmart.hu\/shop\/#organization\",\"name\":\"Eurosmart - Milwaukee web\u00e1ruh\u00e1z\",\"url\":\"https:\/\/www.eurosmart.hu\/shop\/\",\"logo\":{\"@type\":\"ImageObject\",\"inLanguage\":\"hu\",\"@id\":\"https:\/\/www.eurosmart.hu\/shop\/#\/schema\/logo\/image\/\",\"url\":\"https:\/\/www.eurosmart.hu\/shop\/wp-content\/uploads\/2023\/10\/milwaukee-logo-1.png\",\"contentUrl\":\"https:\/\/www.eurosmart.hu\/shop\/wp-content\/uploads\/2023\/10\/milwaukee-logo-1.png\",\"width\":500,\"height\":200,\"caption\":\"Eurosmart - Milwaukee web\u00e1ruh\u00e1z\"},\"image\":{\"@id\":\"https:\/\/www.eurosmart.hu\/shop\/#\/schema\/logo\/image\/\"},\"sameAs\":[\"https:\/\/www.facebook.com\/EurosmartKft\"]}]}<\/script>\n<meta property=\"product:price:amount\" content=\"0\" \/>\n<meta property=\"product:price:currency\" content=\"HUF\" \/>\n<meta property=\"og:availability\" content=\"instock\" \/>\n<meta property=\"product:availability\" content=\"instock\" \/>\n<meta property=\"product:retailer_item_id\" content=\"4932451637\" \/>\n<meta property=\"product:condition\" content=\"new\" \/>\n<!-- \/ Yoast SEO Premium plugin. -->","yoast_head_json":{"title":"MILWAUKEE M\u00c9R\u0150SZALAG 3X16 METRIKUS (4932451637) - Eurosmart - Milwaukee web\u00e1ruh\u00e1z","robots":{"index":"index","follow":"follow","max-snippet":"max-snippet:-1","max-image-preview":"max-image-preview:large","max-video-preview":"max-video-preview:-1"},"canonical":"https:\/\/www.eurosmart.hu\/shop\/index.php\/termek\/milwaukee-meroszalag-3x16-metrikus-4932451637\/","og_locale":"hu_HU","og_type":"article","og_title":"MILWAUKEE M\u00c9R\u0150SZALAG 3X16 METRIKUS (4932451637)","og_description":"A k\u00e9szlet tartalma: 1 db M\u00c9R\u0150SZALAG 3X16 METRIKUS","og_url":"https:\/\/www.eurosmart.hu\/shop\/index.php\/termek\/milwaukee-meroszalag-3x16-metrikus-4932451637\/","og_site_name":"Eurosmart - Milwaukee web\u00e1ruh\u00e1z","article_publisher":"https:\/\/www.facebook.com\/EurosmartKft","article_modified_time":"2023-10-04T14:22:13+00:00","og_image":[{"width":600,"height":600,"url":"https:\/\/www.eurosmart.hu\/shop\/wp-content\/uploads\/2023\/09\/4932451637.jpg","type":"image\/jpeg"}],"twitter_card":"summary_large_image","twitter_misc":{"Price":"","Availability":"In stock"},"schema":{"@context":"https:\/\/schema.org","@graph":[{"@type":"WebPage","@id":"https:\/\/www.eurosmart.hu\/shop\/index.php\/termek\/milwaukee-meroszalag-3x16-metrikus-4932451637\/","url":"https:\/\/www.eurosmart.hu\/shop\/index.php\/termek\/milwaukee-meroszalag-3x16-metrikus-4932451637\/","name":"MILWAUKEE M\u00c9R\u0150SZALAG 3X16 METRIKUS (4932451637) - Eurosmart - Milwaukee web\u00e1ruh\u00e1z","isPartOf":{"@id":"https:\/\/www.eurosmart.hu\/shop\/#website"},"datePublished":"2023-09-29T07:23:07+00:00","dateModified":"2023-10-04T14:22:13+00:00","breadcrumb":{"@id":"https:\/\/www.eurosmart.hu\/shop\/index.php\/termek\/milwaukee-meroszalag-3x16-metrikus-4932451637\/#breadcrumb"},"inLanguage":"hu","potentialAction":[{"@type":"ReadAction","target":["https:\/\/www.eurosmart.hu\/shop\/index.php\/termek\/milwaukee-meroszalag-3x16-metrikus-4932451637\/"]}]},{"@type":"BreadcrumbList","@id":"https:\/\/www.eurosmart.hu\/shop\/index.php\/termek\/milwaukee-meroszalag-3x16-metrikus-4932451637\/#breadcrumb","itemListElement":[{"@type":"ListItem","position":1,"name":"Kezd\u0151lap","item":"https:\/\/www.eurosmart.hu\/shop\/"},{"@type":"ListItem","position":2,"name":"Term\u00e9keink","item":"https:\/\/www.eurosmart.hu\/shop\/index.php\/uzlet\/"},{"@type":"ListItem","position":3,"name":"MILWAUKEE M\u00c9R\u0150SZALAG 3X16 METRIKUS (4932451637)"}]},{"@type":"WebSite","@id":"https:\/\/www.eurosmart.hu\/shop\/#website","url":"https:\/\/www.eurosmart.hu\/shop\/","name":"Eurosmart - Milwaukee web\u00e1ruh\u00e1z","description":"Milwaukee web\u00e1ruh\u00e1z","publisher":{"@id":"https:\/\/www.eurosmart.hu\/shop\/#organization"},"potentialAction":[{"@type":"SearchAction","target":{"@type":"EntryPoint","urlTemplate":"https:\/\/www.eurosmart.hu\/shop\/?s={search_term_string}"},"query-input":"required name=search_term_string"}],"inLanguage":"hu"},{"@type":"Organization","@id":"https:\/\/www.eurosmart.hu\/shop\/#organization","name":"Eurosmart - Milwaukee web\u00e1ruh\u00e1z","url":"https:\/\/www.eurosmart.hu\/shop\/","logo":{"@type":"ImageObject","inLanguage":"hu","@id":"https:\/\/www.eurosmart.hu\/shop\/#\/schema\/logo\/image\/","url":"https:\/\/www.eurosmart.hu\/shop\/wp-content\/uploads\/2023\/10\/milwaukee-logo-1.png","contentUrl":"https:\/\/www.eurosmart.hu\/shop\/wp-content\/uploads\/2023\/10\/milwaukee-logo-1.png","width":500,"height":200,"caption":"Eurosmart - Milwaukee web\u00e1ruh\u00e1z"},"image":{"@id":"https:\/\/www.eurosmart.hu\/shop\/#\/schema\/logo\/image\/"},"sameAs":["https:\/\/www.facebook.com\/EurosmartKft"]}]},"product_price_currency":"HUF","og_availability":"instock","product_availability":"instock","product_retailer_item_id":"4932451637","product_condition":"new"},"_links":{"self":[{"href":"https:\/\/www.eurosmart.hu\/shop\/index.php\/wp-json\/wp\/v2\/product\/2773","targetHints":{"allow":["GET"]}}],"collection":[{"href":"https:\/\/www.eurosmart.hu\/shop\/index.php\/wp-json\/wp\/v2\/product"}],"about":[{"href":"https:\/\/www.eurosmart.hu\/shop\/index.php\/wp-json\/wp\/v2\/types\/product"}],"wp:featuredmedia":[{"embeddable":true,"href":"https:\/\/www.eurosmart.hu\/shop\/index.php\/wp-json\/wp\/v2\/media\/2774"}],"wp:attachment":[{"href":"https:\/\/www.eurosmart.hu\/shop\/index.php\/wp-json\/wp\/v2\/media?parent=2773"}],"wp:term":[{"taxonomy":"product_cat","embeddable":true,"href":"https:\/\/www.eurosmart.hu\/shop\/index.php\/wp-json\/wp\/v2\/product_cat?post=2773"},{"taxonomy":"product_tag","embeddable":true,"href":"https:\/\/www.eurosmart.hu\/shop\/index.php\/wp-json\/wp\/v2\/product_tag?post=2773"}],"curies":[{"name":"wp","href":"https:\/\/api.w.org\/{rel}","templated":true}]}}