{"id":2593,"date":"2023-09-27T07:25:43","date_gmt":"2023-09-27T07:25:43","guid":{"rendered":"https:\/\/www.eurosmart.hu\/shop\/?post_type=product&#038;p=2593"},"modified":"2023-10-05T06:37:50","modified_gmt":"2023-10-05T06:37:50","slug":"milwaukee-perfect-match-furoszar-es-bitkeszlet-39-reszes-4932479854","status":"publish","type":"product","link":"https:\/\/www.eurosmart.hu\/shop\/index.php\/termek\/milwaukee-perfect-match-furoszar-es-bitkeszlet-39-reszes-4932479854\/","title":{"rendered":"MILWAUKEE PERFECT MATCH F\u00daR\u00d3SZ\u00c1R \u00c9S BITK\u00c9SZLET 39 R\u00c9SZES (4932479854)"},"content":{"rendered":"<h5>Tulajdons\u00e1gok:<\/h5>\n<ul>\n<li>RED HEX SHOCKWAVE HSS-G tit\u00e1n-nitrid f\u00e9mf\u00far\u00f3k\n<ul>\n<li>\u00dctve- \u00e9s f\u00far\u00f3csavaroz\u00f3khoz ide\u00e1lis, de hagyom\u00e1nyos tokm\u00e1nnyal is befoghat\u00f3<\/li>\n<li>Tit\u00e1n-nitrid bevonata \u00e9s el\u0151f\u00far\u00f3 hegye gyors f\u00far\u00e1st tesz lehet\u0151v\u00e9<\/li>\n<li>135\u00b0-os cs\u00facssz\u00f6g gondoskodik a prec\u00edz f\u00far\u00e1skezd\u00e9sr\u0151l<\/li>\n<li>V\u00e1ltoz\u00f3 geometri\u00e1j\u00fa horonykivitelez\u00e9se gyorsabb forg\u00e1cskihord\u00e1st, ez\u00e1ltal kisebb h\u0151k\u00e9pz\u0151d\u00e9st eredm\u00e9nyez<\/li>\n<\/ul>\n<\/li>\n<li>T\u00f6bbfunkc i\u00f3s f\u00far\u00f3sz\u00e1rak 1\/4&#8243; HEX befog\u00e1ssal\n<ul>\n<li>\u00dctve- \u00e9s f\u00far\u00f3csavaroz\u00f3khoz ide\u00e1lis, de hagyom\u00e1nyos tokm\u00e1nnyal is befoghat\u00f3<\/li>\n<li>Volfr\u00e1m-karbid hegy\u00fck lehet\u0151v\u00e9 teszik a legt\u00f6bb anyag megmunk\u00e1l\u00e1s\u00e1t: beton, t\u00e9gla, tet\u0151cser\u00e9p, YTONG blokk, v\u00e9kony f\u00e9mlemez, alum\u00ednium, falazat, a puh\u00e1t\u00f3l a k\u00f6zepes kem\u00e9nys\u00e9g\u0171ig terjed\u0151 ker\u00e1miacsempe, az \u00f6sszes fat\u00edpus \u00e9s PVC<\/li>\n<li>Feh\u00e9r horonnyal a k\u00f6nny\u0171 megk\u00fcl\u00f6nb\u00f6ztet\u00e9s \u00e9rdek\u00e9ben<\/li>\n<\/ul>\n<\/li>\n<li>Shockwave Impact Duty csavaroz\u00f3 bitek\n<ul>\n<li>Alkalmas a kifejezetten nagy ig\u00e9nybev\u00e9tel\u0171 tev\u00e9kenys\u00e9ghez is<\/li>\n<li>&#8222;Sokk-Z\u00f3na geometria&#8221; kialak\u00edt\u00e1ssal rendelkezik, ez\u00e1ltal kisebb a hegy csorbul\u00e1s\u00e1nak lehet\u0151s\u00e9ge<\/li>\n<li>Egyedi tervez\u00e9s\u0171 ac\u00e9l anyag\u00e1b\u00f3l ad\u00f3d\u00f3an \u00fctvecsavaroz\u00e1shoz is haszn\u00e1lhat\u00f3<\/li>\n<li>Biztosan tart\u00f3 er\u0151s m\u00e1gnes heggyel rendelkezik<\/li>\n<li>Kov\u00e1csolt hegye hossz\u00fa \u00e9lettartamot biztos\u00edt<\/li>\n<\/ul>\n<\/li>\n<\/ul>\n<p><strong>A k\u00e9szlet tartalma:<\/strong><\/p>\n<ul>\n<li>23 db 25 mm-es bitfej\n<ul>\n<li>1 x PH1, 3 x PH2<\/li>\n<li>1 x PZ1, 3 x PZ2, 1 x PZ3<\/li>\n<li>2 x TX10, 2 x TX15, 4 x TX20, 3 x TX25, 3 x TX30<\/li>\n<\/ul>\n<\/li>\n<li>1 db 60 mm-es Bit tart\u00f3<\/li>\n<li>8 db 1\/4&#8243; hatsz\u00f6g befog\u00e1s\u00fa HSS-Tin f\u00e9mf\u00far\u00f3\n<ul>\n<li>2 mm, 3 mm, 3,5 mm, 4 mm, 4,5 mm, 2 x 5 mm, 6 mm<\/li>\n<\/ul>\n<\/li>\n<li>7 db 1\/4&#8243; hatsz\u00f6g befog\u00e1s\u00fa Multi f\u00far\u00f3sz\u00e1r\n<ul>\n<li>4 mm, 5 mm, 2 x 6 mm, 2 x 8 mm, 10 mm<\/li>\n<\/ul>\n<\/li>\n<\/ul>\n","protected":false},"excerpt":{"rendered":"<p><strong>A k\u00e9szlet tartalma:<\/strong> PERFECT MATCH F\u00daR\u00d3SZ\u00c1R \u00c9S BITK\u00c9SZLET 39 R\u00c9SZES<\/p>\n","protected":false},"featured_media":2594,"template":"","meta":[],"product_cat":[225,59,217,89],"product_tag":[],"class_list":["post-2593","product","type-product","status-publish","has-post-thumbnail","hentry","product_cat-csavarozas-rogzites","product_cat-milwaukee","product_cat-tartozekok-termekek","product_cat-termekek"],"yoast_head":"<!-- This site is optimized with the Yoast SEO Premium plugin v21.3 (Yoast SEO v21.3) - https:\/\/yoast.com\/wordpress\/plugins\/seo\/ -->\n<title>MILWAUKEE PERFECT MATCH F\u00daR\u00d3SZ\u00c1R \u00c9S BITK\u00c9SZLET 39 R\u00c9SZES (4932479854) - Eurosmart - Milwaukee web\u00e1ruh\u00e1z<\/title>\n<meta name=\"robots\" content=\"index, follow, max-snippet:-1, max-image-preview:large, max-video-preview:-1\" \/>\n<link rel=\"canonical\" href=\"https:\/\/www.eurosmart.hu\/shop\/index.php\/termek\/milwaukee-perfect-match-furoszar-es-bitkeszlet-39-reszes-4932479854\/\" \/>\n<meta property=\"og:locale\" content=\"hu_HU\" \/>\n<meta property=\"og:type\" content=\"article\" \/>\n<meta property=\"og:title\" content=\"MILWAUKEE PERFECT MATCH F\u00daR\u00d3SZ\u00c1R \u00c9S BITK\u00c9SZLET 39 R\u00c9SZES (4932479854)\" \/>\n<meta property=\"og:description\" content=\"A k\u00e9szlet tartalma: PERFECT MATCH F\u00daR\u00d3SZ\u00c1R \u00c9S BITK\u00c9SZLET 39 R\u00c9SZES\" \/>\n<meta property=\"og:url\" content=\"https:\/\/www.eurosmart.hu\/shop\/index.php\/termek\/milwaukee-perfect-match-furoszar-es-bitkeszlet-39-reszes-4932479854\/\" \/>\n<meta property=\"og:site_name\" content=\"Eurosmart - Milwaukee web\u00e1ruh\u00e1z\" \/>\n<meta property=\"article:publisher\" content=\"https:\/\/www.facebook.com\/EurosmartKft\" \/>\n<meta property=\"article:modified_time\" content=\"2023-10-05T06:37:50+00:00\" \/>\n<meta property=\"og:image\" content=\"https:\/\/www.eurosmart.hu\/shop\/wp-content\/uploads\/2023\/09\/4932479854.jpg\" \/>\n\t<meta property=\"og:image:width\" content=\"600\" \/>\n\t<meta property=\"og:image:height\" content=\"600\" \/>\n\t<meta property=\"og:image:type\" content=\"image\/jpeg\" \/>\n<meta name=\"twitter:card\" content=\"summary_large_image\" \/>\n<meta name=\"twitter:label1\" content=\"Price\" \/>\n\t<meta name=\"twitter:data1\" content=\"\" \/>\n\t<meta name=\"twitter:label2\" content=\"Availability\" \/>\n\t<meta name=\"twitter:data2\" content=\"In stock\" \/>\n<script type=\"application\/ld+json\" class=\"yoast-schema-graph\">{\"@context\":\"https:\/\/schema.org\",\"@graph\":[{\"@type\":\"WebPage\",\"@id\":\"https:\/\/www.eurosmart.hu\/shop\/index.php\/termek\/milwaukee-perfect-match-furoszar-es-bitkeszlet-39-reszes-4932479854\/\",\"url\":\"https:\/\/www.eurosmart.hu\/shop\/index.php\/termek\/milwaukee-perfect-match-furoszar-es-bitkeszlet-39-reszes-4932479854\/\",\"name\":\"MILWAUKEE PERFECT MATCH F\u00daR\u00d3SZ\u00c1R \u00c9S BITK\u00c9SZLET 39 R\u00c9SZES (4932479854) - Eurosmart - Milwaukee web\u00e1ruh\u00e1z\",\"isPartOf\":{\"@id\":\"https:\/\/www.eurosmart.hu\/shop\/#website\"},\"datePublished\":\"2023-09-27T07:25:43+00:00\",\"dateModified\":\"2023-10-05T06:37:50+00:00\",\"breadcrumb\":{\"@id\":\"https:\/\/www.eurosmart.hu\/shop\/index.php\/termek\/milwaukee-perfect-match-furoszar-es-bitkeszlet-39-reszes-4932479854\/#breadcrumb\"},\"inLanguage\":\"hu\",\"potentialAction\":[{\"@type\":\"ReadAction\",\"target\":[\"https:\/\/www.eurosmart.hu\/shop\/index.php\/termek\/milwaukee-perfect-match-furoszar-es-bitkeszlet-39-reszes-4932479854\/\"]}]},{\"@type\":\"BreadcrumbList\",\"@id\":\"https:\/\/www.eurosmart.hu\/shop\/index.php\/termek\/milwaukee-perfect-match-furoszar-es-bitkeszlet-39-reszes-4932479854\/#breadcrumb\",\"itemListElement\":[{\"@type\":\"ListItem\",\"position\":1,\"name\":\"Kezd\u0151lap\",\"item\":\"https:\/\/www.eurosmart.hu\/shop\/\"},{\"@type\":\"ListItem\",\"position\":2,\"name\":\"Term\u00e9keink\",\"item\":\"https:\/\/www.eurosmart.hu\/shop\/index.php\/uzlet\/\"},{\"@type\":\"ListItem\",\"position\":3,\"name\":\"MILWAUKEE PERFECT MATCH F\u00daR\u00d3SZ\u00c1R \u00c9S BITK\u00c9SZLET 39 R\u00c9SZES (4932479854)\"}]},{\"@type\":\"WebSite\",\"@id\":\"https:\/\/www.eurosmart.hu\/shop\/#website\",\"url\":\"https:\/\/www.eurosmart.hu\/shop\/\",\"name\":\"Eurosmart - Milwaukee web\u00e1ruh\u00e1z\",\"description\":\"Milwaukee web\u00e1ruh\u00e1z\",\"publisher\":{\"@id\":\"https:\/\/www.eurosmart.hu\/shop\/#organization\"},\"potentialAction\":[{\"@type\":\"SearchAction\",\"target\":{\"@type\":\"EntryPoint\",\"urlTemplate\":\"https:\/\/www.eurosmart.hu\/shop\/?s={search_term_string}\"},\"query-input\":\"required name=search_term_string\"}],\"inLanguage\":\"hu\"},{\"@type\":\"Organization\",\"@id\":\"https:\/\/www.eurosmart.hu\/shop\/#organization\",\"name\":\"Eurosmart - Milwaukee web\u00e1ruh\u00e1z\",\"url\":\"https:\/\/www.eurosmart.hu\/shop\/\",\"logo\":{\"@type\":\"ImageObject\",\"inLanguage\":\"hu\",\"@id\":\"https:\/\/www.eurosmart.hu\/shop\/#\/schema\/logo\/image\/\",\"url\":\"https:\/\/www.eurosmart.hu\/shop\/wp-content\/uploads\/2023\/10\/milwaukee-logo-1.png\",\"contentUrl\":\"https:\/\/www.eurosmart.hu\/shop\/wp-content\/uploads\/2023\/10\/milwaukee-logo-1.png\",\"width\":500,\"height\":200,\"caption\":\"Eurosmart - Milwaukee web\u00e1ruh\u00e1z\"},\"image\":{\"@id\":\"https:\/\/www.eurosmart.hu\/shop\/#\/schema\/logo\/image\/\"},\"sameAs\":[\"https:\/\/www.facebook.com\/EurosmartKft\"]}]}<\/script>\n<meta property=\"product:price:amount\" content=\"0\" \/>\n<meta property=\"product:price:currency\" content=\"HUF\" \/>\n<meta property=\"og:availability\" content=\"instock\" \/>\n<meta property=\"product:availability\" content=\"instock\" \/>\n<meta property=\"product:retailer_item_id\" content=\"4932479854\" \/>\n<meta property=\"product:condition\" content=\"new\" \/>\n<!-- \/ Yoast SEO Premium plugin. -->","yoast_head_json":{"title":"MILWAUKEE PERFECT MATCH F\u00daR\u00d3SZ\u00c1R \u00c9S BITK\u00c9SZLET 39 R\u00c9SZES (4932479854) - Eurosmart - Milwaukee web\u00e1ruh\u00e1z","robots":{"index":"index","follow":"follow","max-snippet":"max-snippet:-1","max-image-preview":"max-image-preview:large","max-video-preview":"max-video-preview:-1"},"canonical":"https:\/\/www.eurosmart.hu\/shop\/index.php\/termek\/milwaukee-perfect-match-furoszar-es-bitkeszlet-39-reszes-4932479854\/","og_locale":"hu_HU","og_type":"article","og_title":"MILWAUKEE PERFECT MATCH F\u00daR\u00d3SZ\u00c1R \u00c9S BITK\u00c9SZLET 39 R\u00c9SZES (4932479854)","og_description":"A k\u00e9szlet tartalma: PERFECT MATCH F\u00daR\u00d3SZ\u00c1R \u00c9S BITK\u00c9SZLET 39 R\u00c9SZES","og_url":"https:\/\/www.eurosmart.hu\/shop\/index.php\/termek\/milwaukee-perfect-match-furoszar-es-bitkeszlet-39-reszes-4932479854\/","og_site_name":"Eurosmart - Milwaukee web\u00e1ruh\u00e1z","article_publisher":"https:\/\/www.facebook.com\/EurosmartKft","article_modified_time":"2023-10-05T06:37:50+00:00","og_image":[{"width":600,"height":600,"url":"https:\/\/www.eurosmart.hu\/shop\/wp-content\/uploads\/2023\/09\/4932479854.jpg","type":"image\/jpeg"}],"twitter_card":"summary_large_image","twitter_misc":{"Price":"","Availability":"In stock"},"schema":{"@context":"https:\/\/schema.org","@graph":[{"@type":"WebPage","@id":"https:\/\/www.eurosmart.hu\/shop\/index.php\/termek\/milwaukee-perfect-match-furoszar-es-bitkeszlet-39-reszes-4932479854\/","url":"https:\/\/www.eurosmart.hu\/shop\/index.php\/termek\/milwaukee-perfect-match-furoszar-es-bitkeszlet-39-reszes-4932479854\/","name":"MILWAUKEE PERFECT MATCH F\u00daR\u00d3SZ\u00c1R \u00c9S BITK\u00c9SZLET 39 R\u00c9SZES (4932479854) - Eurosmart - Milwaukee web\u00e1ruh\u00e1z","isPartOf":{"@id":"https:\/\/www.eurosmart.hu\/shop\/#website"},"datePublished":"2023-09-27T07:25:43+00:00","dateModified":"2023-10-05T06:37:50+00:00","breadcrumb":{"@id":"https:\/\/www.eurosmart.hu\/shop\/index.php\/termek\/milwaukee-perfect-match-furoszar-es-bitkeszlet-39-reszes-4932479854\/#breadcrumb"},"inLanguage":"hu","potentialAction":[{"@type":"ReadAction","target":["https:\/\/www.eurosmart.hu\/shop\/index.php\/termek\/milwaukee-perfect-match-furoszar-es-bitkeszlet-39-reszes-4932479854\/"]}]},{"@type":"BreadcrumbList","@id":"https:\/\/www.eurosmart.hu\/shop\/index.php\/termek\/milwaukee-perfect-match-furoszar-es-bitkeszlet-39-reszes-4932479854\/#breadcrumb","itemListElement":[{"@type":"ListItem","position":1,"name":"Kezd\u0151lap","item":"https:\/\/www.eurosmart.hu\/shop\/"},{"@type":"ListItem","position":2,"name":"Term\u00e9keink","item":"https:\/\/www.eurosmart.hu\/shop\/index.php\/uzlet\/"},{"@type":"ListItem","position":3,"name":"MILWAUKEE PERFECT MATCH F\u00daR\u00d3SZ\u00c1R \u00c9S BITK\u00c9SZLET 39 R\u00c9SZES (4932479854)"}]},{"@type":"WebSite","@id":"https:\/\/www.eurosmart.hu\/shop\/#website","url":"https:\/\/www.eurosmart.hu\/shop\/","name":"Eurosmart - Milwaukee web\u00e1ruh\u00e1z","description":"Milwaukee web\u00e1ruh\u00e1z","publisher":{"@id":"https:\/\/www.eurosmart.hu\/shop\/#organization"},"potentialAction":[{"@type":"SearchAction","target":{"@type":"EntryPoint","urlTemplate":"https:\/\/www.eurosmart.hu\/shop\/?s={search_term_string}"},"query-input":"required name=search_term_string"}],"inLanguage":"hu"},{"@type":"Organization","@id":"https:\/\/www.eurosmart.hu\/shop\/#organization","name":"Eurosmart - Milwaukee web\u00e1ruh\u00e1z","url":"https:\/\/www.eurosmart.hu\/shop\/","logo":{"@type":"ImageObject","inLanguage":"hu","@id":"https:\/\/www.eurosmart.hu\/shop\/#\/schema\/logo\/image\/","url":"https:\/\/www.eurosmart.hu\/shop\/wp-content\/uploads\/2023\/10\/milwaukee-logo-1.png","contentUrl":"https:\/\/www.eurosmart.hu\/shop\/wp-content\/uploads\/2023\/10\/milwaukee-logo-1.png","width":500,"height":200,"caption":"Eurosmart - Milwaukee web\u00e1ruh\u00e1z"},"image":{"@id":"https:\/\/www.eurosmart.hu\/shop\/#\/schema\/logo\/image\/"},"sameAs":["https:\/\/www.facebook.com\/EurosmartKft"]}]},"product_price_currency":"HUF","og_availability":"instock","product_availability":"instock","product_retailer_item_id":"4932479854","product_condition":"new"},"_links":{"self":[{"href":"https:\/\/www.eurosmart.hu\/shop\/index.php\/wp-json\/wp\/v2\/product\/2593","targetHints":{"allow":["GET"]}}],"collection":[{"href":"https:\/\/www.eurosmart.hu\/shop\/index.php\/wp-json\/wp\/v2\/product"}],"about":[{"href":"https:\/\/www.eurosmart.hu\/shop\/index.php\/wp-json\/wp\/v2\/types\/product"}],"wp:featuredmedia":[{"embeddable":true,"href":"https:\/\/www.eurosmart.hu\/shop\/index.php\/wp-json\/wp\/v2\/media\/2594"}],"wp:attachment":[{"href":"https:\/\/www.eurosmart.hu\/shop\/index.php\/wp-json\/wp\/v2\/media?parent=2593"}],"wp:term":[{"taxonomy":"product_cat","embeddable":true,"href":"https:\/\/www.eurosmart.hu\/shop\/index.php\/wp-json\/wp\/v2\/product_cat?post=2593"},{"taxonomy":"product_tag","embeddable":true,"href":"https:\/\/www.eurosmart.hu\/shop\/index.php\/wp-json\/wp\/v2\/product_tag?post=2593"}],"curies":[{"name":"wp","href":"https:\/\/api.w.org\/{rel}","templated":true}]}}