{"id":2549,"date":"2023-09-26T10:46:52","date_gmt":"2023-09-26T10:46:52","guid":{"rendered":"https:\/\/www.eurosmart.hu\/shop\/?post_type=product&#038;p=2549"},"modified":"2024-02-22T11:35:46","modified_gmt":"2024-02-22T11:35:46","slug":"milwaukee-munkavedelmi-kesztyu-teli-verzio-9-l-meret-1-par-4932479567","status":"publish","type":"product","link":"https:\/\/www.eurosmart.hu\/shop\/index.php\/termek\/milwaukee-munkavedelmi-kesztyu-teli-verzio-9-l-meret-1-par-4932479567\/","title":{"rendered":"MILWAUKEE MUNKAV\u00c9DELMI KESZTY\u0170 &#8211; T\u00c9LI VERZI\u00d3 9\/L M\u00c9RET 1 P\u00c1R (4932479567)"},"content":{"rendered":"<h5>Tulajdons\u00e1gok:<\/h5>\n<ul class=\"ProductFeaturesTextstyles__FeatureList-fxqvf2-1 dUrrwH\">\n<li class=\"ProductFeaturesTextstyles__Feature-fxqvf2-3 ggyeUS\">H\u0151szigetel\u0151 r\u00e9teg \u00e9s dupla akril r\u00e9teg hidegben val\u00f3 munkav\u00e9gz\u00e9shez<\/li>\n<li class=\"ProductFeaturesTextstyles__Feature-fxqvf2-3 ggyeUS\">V\u00edz-\u00e9s sz\u00e9l\u00e1ll\u00f3 r\u00e9teg a teny\u00e9r r\u00e9szen kiv\u00e1l\u00f3 szigetel\u00e9st biztos\u00edt sz\u00e9ls\u0151s\u00e9ges k\u00f6rnyezetben<\/li>\n<li class=\"ProductFeaturesTextstyles__Feature-fxqvf2-3 ggyeUS\">P\u00e1rn\u00e1zott teny\u00e9rr\u00e9sz \u00e9s ujjbegyek a nagyobb tart\u00f3ss\u00e1g \u00e9s k\u00e9nyelem \u00e9rdek\u00e9ben<\/li>\n<li class=\"ProductFeaturesTextstyles__Feature-fxqvf2-3 ggyeUS\">SMARTSWIPE\u2122 mutat\u00f3ujj &#8211; \u00e9rint\u0151k\u00e9perny\u0151s eszk\u00f6z\u00f6ket haszn\u00e1lhat keszty\u0171k elt\u00e1vol\u00edt\u00e1sa vagy piszkos ujjhegy haszn\u00e1lata n\u00e9lk\u00fcl<\/li>\n<li class=\"ProductFeaturesTextstyles__Feature-fxqvf2-3 ggyeUS\">Be\u00e9p\u00edtett izzadts\u00e1gt\u00f6rl\u0151 frott\u00edr ronggyal a h\u00fcvelykujjn\u00e1l a szem\u00fcveg k\u00f6nny\u0171 tiszt\u00e1ntart\u00e1s\u00e1\u00e9rt<\/li>\n<li class=\"ProductFeaturesTextstyles__Feature-fxqvf2-3 ggyeUS\">Megfelel\u00e9s az EN ISO 21420, EN388:2016 (2122A), EN511 (14X), UKCA szabv\u00e1nyoknak<\/li>\n<\/ul>\n","protected":false},"excerpt":{"rendered":"<p><strong>A k\u00e9szlet tartalma:<\/strong> 1 P\u00c1R MUNKAV\u00c9DELMI KESZTY\u0170 &#8211; T\u00c9LI VERZI\u00d3<\/p>\n","protected":false},"featured_media":2550,"template":"","meta":[],"product_cat":[59,200,207,89],"product_tag":[],"class_list":["post-2549","product","type-product","status-publish","has-post-thumbnail","hentry","product_cat-milwaukee","product_cat-munkavedelem-termekek","product_cat-munkavedelmi-kesztyuk","product_cat-termekek"],"yoast_head":"<!-- This site is optimized with the Yoast SEO Premium plugin v21.3 (Yoast SEO v21.3) - https:\/\/yoast.com\/wordpress\/plugins\/seo\/ -->\n<title>MILWAUKEE MUNKAV\u00c9DELMI KESZTY\u0170 - T\u00c9LI VERZI\u00d3 9\/L M\u00c9RET 1 P\u00c1R (4932479567) - Eurosmart - Milwaukee web\u00e1ruh\u00e1z<\/title>\n<meta name=\"robots\" content=\"index, follow, max-snippet:-1, max-image-preview:large, max-video-preview:-1\" \/>\n<link rel=\"canonical\" href=\"https:\/\/www.eurosmart.hu\/shop\/index.php\/termek\/milwaukee-munkavedelmi-kesztyu-teli-verzio-9-l-meret-1-par-4932479567\/\" \/>\n<meta property=\"og:locale\" content=\"hu_HU\" \/>\n<meta property=\"og:type\" content=\"article\" \/>\n<meta property=\"og:title\" content=\"MILWAUKEE MUNKAV\u00c9DELMI KESZTY\u0170 - T\u00c9LI VERZI\u00d3 9\/L M\u00c9RET 1 P\u00c1R (4932479567)\" \/>\n<meta property=\"og:description\" content=\"A k\u00e9szlet tartalma: 1 P\u00c1R MUNKAV\u00c9DELMI KESZTY\u0170 - T\u00c9LI VERZI\u00d3\" \/>\n<meta property=\"og:url\" content=\"https:\/\/www.eurosmart.hu\/shop\/index.php\/termek\/milwaukee-munkavedelmi-kesztyu-teli-verzio-9-l-meret-1-par-4932479567\/\" \/>\n<meta property=\"og:site_name\" content=\"Eurosmart - Milwaukee web\u00e1ruh\u00e1z\" \/>\n<meta property=\"article:publisher\" content=\"https:\/\/www.facebook.com\/EurosmartKft\" \/>\n<meta property=\"article:modified_time\" content=\"2024-02-22T11:35:46+00:00\" \/>\n<meta property=\"og:image\" content=\"https:\/\/www.eurosmart.hu\/shop\/wp-content\/uploads\/2023\/09\/4932479567.jpg\" \/>\n\t<meta property=\"og:image:width\" content=\"600\" \/>\n\t<meta property=\"og:image:height\" content=\"600\" \/>\n\t<meta property=\"og:image:type\" content=\"image\/jpeg\" \/>\n<meta name=\"twitter:card\" content=\"summary_large_image\" \/>\n<meta name=\"twitter:label1\" content=\"Price\" \/>\n\t<meta name=\"twitter:data1\" content=\"\" \/>\n\t<meta name=\"twitter:label2\" content=\"Availability\" \/>\n\t<meta name=\"twitter:data2\" content=\"In stock\" \/>\n<script type=\"application\/ld+json\" class=\"yoast-schema-graph\">{\"@context\":\"https:\/\/schema.org\",\"@graph\":[{\"@type\":\"WebPage\",\"@id\":\"https:\/\/www.eurosmart.hu\/shop\/index.php\/termek\/milwaukee-munkavedelmi-kesztyu-teli-verzio-9-l-meret-1-par-4932479567\/\",\"url\":\"https:\/\/www.eurosmart.hu\/shop\/index.php\/termek\/milwaukee-munkavedelmi-kesztyu-teli-verzio-9-l-meret-1-par-4932479567\/\",\"name\":\"MILWAUKEE MUNKAV\u00c9DELMI KESZTY\u0170 - T\u00c9LI VERZI\u00d3 9\/L M\u00c9RET 1 P\u00c1R (4932479567) - Eurosmart - Milwaukee web\u00e1ruh\u00e1z\",\"isPartOf\":{\"@id\":\"https:\/\/www.eurosmart.hu\/shop\/#website\"},\"datePublished\":\"2023-09-26T10:46:52+00:00\",\"dateModified\":\"2024-02-22T11:35:46+00:00\",\"breadcrumb\":{\"@id\":\"https:\/\/www.eurosmart.hu\/shop\/index.php\/termek\/milwaukee-munkavedelmi-kesztyu-teli-verzio-9-l-meret-1-par-4932479567\/#breadcrumb\"},\"inLanguage\":\"hu\",\"potentialAction\":[{\"@type\":\"ReadAction\",\"target\":[\"https:\/\/www.eurosmart.hu\/shop\/index.php\/termek\/milwaukee-munkavedelmi-kesztyu-teli-verzio-9-l-meret-1-par-4932479567\/\"]}]},{\"@type\":\"BreadcrumbList\",\"@id\":\"https:\/\/www.eurosmart.hu\/shop\/index.php\/termek\/milwaukee-munkavedelmi-kesztyu-teli-verzio-9-l-meret-1-par-4932479567\/#breadcrumb\",\"itemListElement\":[{\"@type\":\"ListItem\",\"position\":1,\"name\":\"Kezd\u0151lap\",\"item\":\"https:\/\/www.eurosmart.hu\/shop\/\"},{\"@type\":\"ListItem\",\"position\":2,\"name\":\"Term\u00e9keink\",\"item\":\"https:\/\/www.eurosmart.hu\/shop\/index.php\/uzlet\/\"},{\"@type\":\"ListItem\",\"position\":3,\"name\":\"MILWAUKEE MUNKAV\u00c9DELMI KESZTY\u0170 &#8211; T\u00c9LI VERZI\u00d3 9\/L M\u00c9RET 1 P\u00c1R (4932479567)\"}]},{\"@type\":\"WebSite\",\"@id\":\"https:\/\/www.eurosmart.hu\/shop\/#website\",\"url\":\"https:\/\/www.eurosmart.hu\/shop\/\",\"name\":\"Eurosmart - Milwaukee web\u00e1ruh\u00e1z\",\"description\":\"Milwaukee web\u00e1ruh\u00e1z\",\"publisher\":{\"@id\":\"https:\/\/www.eurosmart.hu\/shop\/#organization\"},\"potentialAction\":[{\"@type\":\"SearchAction\",\"target\":{\"@type\":\"EntryPoint\",\"urlTemplate\":\"https:\/\/www.eurosmart.hu\/shop\/?s={search_term_string}\"},\"query-input\":\"required name=search_term_string\"}],\"inLanguage\":\"hu\"},{\"@type\":\"Organization\",\"@id\":\"https:\/\/www.eurosmart.hu\/shop\/#organization\",\"name\":\"Eurosmart - Milwaukee web\u00e1ruh\u00e1z\",\"url\":\"https:\/\/www.eurosmart.hu\/shop\/\",\"logo\":{\"@type\":\"ImageObject\",\"inLanguage\":\"hu\",\"@id\":\"https:\/\/www.eurosmart.hu\/shop\/#\/schema\/logo\/image\/\",\"url\":\"https:\/\/www.eurosmart.hu\/shop\/wp-content\/uploads\/2023\/10\/milwaukee-logo-1.png\",\"contentUrl\":\"https:\/\/www.eurosmart.hu\/shop\/wp-content\/uploads\/2023\/10\/milwaukee-logo-1.png\",\"width\":500,\"height\":200,\"caption\":\"Eurosmart - Milwaukee web\u00e1ruh\u00e1z\"},\"image\":{\"@id\":\"https:\/\/www.eurosmart.hu\/shop\/#\/schema\/logo\/image\/\"},\"sameAs\":[\"https:\/\/www.facebook.com\/EurosmartKft\"]}]}<\/script>\n<meta property=\"product:price:amount\" content=\"0\" \/>\n<meta property=\"product:price:currency\" content=\"HUF\" \/>\n<meta property=\"og:availability\" content=\"instock\" \/>\n<meta property=\"product:availability\" content=\"instock\" \/>\n<meta property=\"product:retailer_item_id\" content=\"4932479567\" \/>\n<meta property=\"product:condition\" content=\"new\" \/>\n<!-- \/ Yoast SEO Premium plugin. -->","yoast_head_json":{"title":"MILWAUKEE MUNKAV\u00c9DELMI KESZTY\u0170 - T\u00c9LI VERZI\u00d3 9\/L M\u00c9RET 1 P\u00c1R (4932479567) - Eurosmart - Milwaukee web\u00e1ruh\u00e1z","robots":{"index":"index","follow":"follow","max-snippet":"max-snippet:-1","max-image-preview":"max-image-preview:large","max-video-preview":"max-video-preview:-1"},"canonical":"https:\/\/www.eurosmart.hu\/shop\/index.php\/termek\/milwaukee-munkavedelmi-kesztyu-teli-verzio-9-l-meret-1-par-4932479567\/","og_locale":"hu_HU","og_type":"article","og_title":"MILWAUKEE MUNKAV\u00c9DELMI KESZTY\u0170 - T\u00c9LI VERZI\u00d3 9\/L M\u00c9RET 1 P\u00c1R (4932479567)","og_description":"A k\u00e9szlet tartalma: 1 P\u00c1R MUNKAV\u00c9DELMI KESZTY\u0170 - T\u00c9LI VERZI\u00d3","og_url":"https:\/\/www.eurosmart.hu\/shop\/index.php\/termek\/milwaukee-munkavedelmi-kesztyu-teli-verzio-9-l-meret-1-par-4932479567\/","og_site_name":"Eurosmart - Milwaukee web\u00e1ruh\u00e1z","article_publisher":"https:\/\/www.facebook.com\/EurosmartKft","article_modified_time":"2024-02-22T11:35:46+00:00","og_image":[{"width":600,"height":600,"url":"https:\/\/www.eurosmart.hu\/shop\/wp-content\/uploads\/2023\/09\/4932479567.jpg","type":"image\/jpeg"}],"twitter_card":"summary_large_image","twitter_misc":{"Price":"","Availability":"In stock"},"schema":{"@context":"https:\/\/schema.org","@graph":[{"@type":"WebPage","@id":"https:\/\/www.eurosmart.hu\/shop\/index.php\/termek\/milwaukee-munkavedelmi-kesztyu-teli-verzio-9-l-meret-1-par-4932479567\/","url":"https:\/\/www.eurosmart.hu\/shop\/index.php\/termek\/milwaukee-munkavedelmi-kesztyu-teli-verzio-9-l-meret-1-par-4932479567\/","name":"MILWAUKEE MUNKAV\u00c9DELMI KESZTY\u0170 - T\u00c9LI VERZI\u00d3 9\/L M\u00c9RET 1 P\u00c1R (4932479567) - Eurosmart - Milwaukee web\u00e1ruh\u00e1z","isPartOf":{"@id":"https:\/\/www.eurosmart.hu\/shop\/#website"},"datePublished":"2023-09-26T10:46:52+00:00","dateModified":"2024-02-22T11:35:46+00:00","breadcrumb":{"@id":"https:\/\/www.eurosmart.hu\/shop\/index.php\/termek\/milwaukee-munkavedelmi-kesztyu-teli-verzio-9-l-meret-1-par-4932479567\/#breadcrumb"},"inLanguage":"hu","potentialAction":[{"@type":"ReadAction","target":["https:\/\/www.eurosmart.hu\/shop\/index.php\/termek\/milwaukee-munkavedelmi-kesztyu-teli-verzio-9-l-meret-1-par-4932479567\/"]}]},{"@type":"BreadcrumbList","@id":"https:\/\/www.eurosmart.hu\/shop\/index.php\/termek\/milwaukee-munkavedelmi-kesztyu-teli-verzio-9-l-meret-1-par-4932479567\/#breadcrumb","itemListElement":[{"@type":"ListItem","position":1,"name":"Kezd\u0151lap","item":"https:\/\/www.eurosmart.hu\/shop\/"},{"@type":"ListItem","position":2,"name":"Term\u00e9keink","item":"https:\/\/www.eurosmart.hu\/shop\/index.php\/uzlet\/"},{"@type":"ListItem","position":3,"name":"MILWAUKEE MUNKAV\u00c9DELMI KESZTY\u0170 &#8211; T\u00c9LI VERZI\u00d3 9\/L M\u00c9RET 1 P\u00c1R (4932479567)"}]},{"@type":"WebSite","@id":"https:\/\/www.eurosmart.hu\/shop\/#website","url":"https:\/\/www.eurosmart.hu\/shop\/","name":"Eurosmart - Milwaukee web\u00e1ruh\u00e1z","description":"Milwaukee web\u00e1ruh\u00e1z","publisher":{"@id":"https:\/\/www.eurosmart.hu\/shop\/#organization"},"potentialAction":[{"@type":"SearchAction","target":{"@type":"EntryPoint","urlTemplate":"https:\/\/www.eurosmart.hu\/shop\/?s={search_term_string}"},"query-input":"required name=search_term_string"}],"inLanguage":"hu"},{"@type":"Organization","@id":"https:\/\/www.eurosmart.hu\/shop\/#organization","name":"Eurosmart - Milwaukee web\u00e1ruh\u00e1z","url":"https:\/\/www.eurosmart.hu\/shop\/","logo":{"@type":"ImageObject","inLanguage":"hu","@id":"https:\/\/www.eurosmart.hu\/shop\/#\/schema\/logo\/image\/","url":"https:\/\/www.eurosmart.hu\/shop\/wp-content\/uploads\/2023\/10\/milwaukee-logo-1.png","contentUrl":"https:\/\/www.eurosmart.hu\/shop\/wp-content\/uploads\/2023\/10\/milwaukee-logo-1.png","width":500,"height":200,"caption":"Eurosmart - Milwaukee web\u00e1ruh\u00e1z"},"image":{"@id":"https:\/\/www.eurosmart.hu\/shop\/#\/schema\/logo\/image\/"},"sameAs":["https:\/\/www.facebook.com\/EurosmartKft"]}]},"product_price_currency":"HUF","og_availability":"instock","product_availability":"instock","product_retailer_item_id":"4932479567","product_condition":"new"},"_links":{"self":[{"href":"https:\/\/www.eurosmart.hu\/shop\/index.php\/wp-json\/wp\/v2\/product\/2549","targetHints":{"allow":["GET"]}}],"collection":[{"href":"https:\/\/www.eurosmart.hu\/shop\/index.php\/wp-json\/wp\/v2\/product"}],"about":[{"href":"https:\/\/www.eurosmart.hu\/shop\/index.php\/wp-json\/wp\/v2\/types\/product"}],"wp:featuredmedia":[{"embeddable":true,"href":"https:\/\/www.eurosmart.hu\/shop\/index.php\/wp-json\/wp\/v2\/media\/2550"}],"wp:attachment":[{"href":"https:\/\/www.eurosmart.hu\/shop\/index.php\/wp-json\/wp\/v2\/media?parent=2549"}],"wp:term":[{"taxonomy":"product_cat","embeddable":true,"href":"https:\/\/www.eurosmart.hu\/shop\/index.php\/wp-json\/wp\/v2\/product_cat?post=2549"},{"taxonomy":"product_tag","embeddable":true,"href":"https:\/\/www.eurosmart.hu\/shop\/index.php\/wp-json\/wp\/v2\/product_tag?post=2549"}],"curies":[{"name":"wp","href":"https:\/\/api.w.org\/{rel}","templated":true}]}}