{"id":2169,"date":"2023-09-18T13:27:24","date_gmt":"2023-09-18T13:27:24","guid":{"rendered":"https:\/\/www.eurosmart.hu\/shop\/?post_type=product&#038;p=2169"},"modified":"2023-10-05T08:45:58","modified_gmt":"2023-10-05T08:45:58","slug":"milwaukee-m18-chx-0x-fuel-sds-plusz-furo-es-vesokalapacs-4933451430","status":"publish","type":"product","link":"https:\/\/www.eurosmart.hu\/shop\/index.php\/termek\/milwaukee-m18-chx-0x-fuel-sds-plusz-furo-es-vesokalapacs-4933451430\/","title":{"rendered":"MILWAUKEE M18 CHX-0X FUEL SDS PLUSZ F\u00daR\u00d3- \u00c9S V\u00c9S\u0150KALAP\u00c1CS (4933451430)"},"content":{"rendered":"<h5>Tulajdons\u00e1gok:<\/h5>\n<ul>\n<li>Milwaukee\u00ae; tervez\u00e9s\u0171 \u00e9s kivitelez\u00e9s\u0171 sz\u00e9nkefe n\u00e9lk\u00fcli POWERSTATE\u2122 motor: ak\u00e1r 2x hosszabb motor\u00e9lettartam \u00e9s ak\u00e1r 25%-kal t\u00f6bb er\u0151<\/li>\n<li>REDLINK PLUS\u2122 intelligens elektronika: a fejlett digit\u00e1lis t\u00falterhel\u00e9sv\u00e9delem az akkumul\u00e1tor \u00e9s a g\u00e9p v\u00e9delm\u00e9\u00e9rt, jav\u00edtja a g\u00e9p teljes\u00edtm\u00e9ny\u00e9t terhel\u00e9s alatt<\/li>\n<li>A REDLITHIUM-ION\u2122 akkumul\u00e1tor kit\u0171n\u0151 min\u0151s\u00e9g\u0171 konstrukci\u00f3t \u00e9s elektronik\u00e1t k\u00edn\u00e1l, valamint lemer\u00fcl\u00e9s-biztos, \u00edgy hosszabb m\u0171k\u00f6d\u00e9si id\u0151t \u00e9s hosszabb ideig tart\u00f3 munkav\u00e9gz\u00e9st biztos\u00edt az akkumul\u00e1tor \u00e9lettartama alatt<\/li>\n<li>Er\u0151teljes \u00fct\u0151mechanizmus 2,5 J \u00fct\u0151energi\u00e1t szolg\u00e1ltat alacsony 8,9 m\/s\u00b2 vibr\u00e1ci\u00f3 szint mellett, k\u00f6sz\u00f6nhet\u0151en a kett\u0151s Anti vibr\u00e1ci\u00f3s rendszernek<\/li>\n<li>Kompakt, ergonomikus kialak\u00edt\u00e1s a megn\u00f6velt k\u00e9nyelem\u00e9rt<\/li>\n<li>Teljesen f\u00e9m hajt\u00f3m\u0171h\u00e1z \u2013 a fogaskerekek optim\u00e1lis felfekv\u00e9se<\/li>\n<li>4 fokozat\u00fa \u00fczemm\u00f3d kapcsol\u00f3: \u00fctvef\u00far\u00e1s, kalap\u00e1cs, f\u00far\u00e1s, variolock a sokoldal\u00fas\u00e1g\u00e9rt<\/li>\n<li>FIXTEC rendszer\u2013 kulcsn\u00e9lk\u00fcli tokm\u00e1nycsere<\/li>\n<li>Egyedi cellafigyel\u0151 rendszer optimaliz\u00e1lja a m\u0171k\u00f6d\u00e9si id\u0151t<\/li>\n<li>T\u00f6lt\u00e9sszintjelz\u0151<\/li>\n<li>M18 CDE porelsz\u00edv\u00f3val haszn\u00e1lhat\u00f3<\/li>\n<li>Rugalmas akkumul\u00e1tor rendszerrel &#8211; Milwaukee\u00ae; M18\u2122 akkumul\u00e1torokkal m\u0171k\u00f6dik<\/li>\n<\/ul>\n<h5>M\u0171szaki adatok:<\/h5>\n<ul>\n<li class=\"accordLeft\">Beton f\u00far\u00e1sakor keletkez\u0151 vibr\u00e1ci\u00f3 szinjte &#8211; elt\u00e9r\u00e9s (m\/s\u00b2) 1.5<\/li>\n<li class=\"accordLeft\">Fesz\u00fclts\u00e9g (V) 18<\/li>\n<li class=\"accordLeft\">Hanger\u0151szint (dB(A)) 101.7<\/li>\n<li class=\"accordLeft\">Hanger\u0151szint elt\u00e9r\u00e9s (dB(A)) 3<\/li>\n<li class=\"accordLeft\">Hangnyom\u00e1sszint (dB(A)) 90.7<\/li>\n<li class=\"accordLeft\">Hangnyom\u00e1sszint elt\u00e9r\u00e9s (dB(A)) 3<\/li>\n<li class=\"accordLeft\">Max. f\u00far\u00e1si \u00e1tm\u00e9r\u0151 ac\u00e9lban (mm) 13<\/li>\n<li class=\"accordLeft\">Max. f\u00far\u00e1si \u00e1tm\u00e9r\u0151 betonban (mm) 26<\/li>\n<li class=\"accordLeft\">Max. f\u00far\u00e1si \u00e1tm\u00e9r\u0151 f\u00e1ban (mm) 30<\/li>\n<li class=\"accordLeft\">Max. \u00fct\u00e9ssz\u00e1m (\u00fct\u00e9s\/perc) 0 &#8211; 4900<\/li>\n<li class=\"accordLeft\">Sz\u00e1ll\u00edtva: Heavy Duty koffer<\/li>\n<li class=\"accordLeft\">\u00dcresj\u00e1rati fordulatsz\u00e1m (ford\/perc)0 &#8211; 1400<\/li>\n<li class=\"accordLeft\">\u00dct\u00e9s energia (EPTA)(J) 2.5<\/li>\n<li class=\"accordLeft\">V\u00e9s\u00e9skor keletkez\u0151 rezg\u00e9sek szintje (m\/s\u00b2) 9.5<\/li>\n<li class=\"accordLeft\">V\u00e9s\u00e9skor keletkez\u0151 rezg\u00e9sek szintje &#8211; elt\u00e9r\u00e9s (m\/s\u00b2) 1.5<\/li>\n<li class=\"accordLeft\">Vibr\u00e1ci\u00f3 szintje f\u00far\u00e1sn\u00e1l (m\/s) 8.9<\/li>\n<\/ul>\n<h5>A k\u00e9szlet tartalma:<\/h5>\n<ul>\n<li>1 db M18 CHX-0X f\u00far\u00f3- \u00e9s v\u00e9s\u0151kalap\u00e1cs<\/li>\n<li>1 db Heavy Duty koffer<\/li>\n<li>Oldalfoganty\u00fa<\/li>\n<li>SDS-Plus befog\u00e1s\u00fa FIXTEC tokm\u00e1ny<\/li>\n<li>FIXTEC f\u00e9m gyorstokm\u00e1ny a hengeressz\u00e1r\u00fa f\u00far\u00f3khoz<\/li>\n<li>M\u00e9lys\u00e9g\u00fctk\u00f6z\u0151<\/li>\n<li><strong>Akkumul\u00e1tor \u00e9s t\u00f6lt\u0151 n\u00e9lk\u00fcl!<\/strong><\/li>\n<\/ul>\n<p>&nbsp;<\/p>\n","protected":false},"excerpt":{"rendered":"<p>Tulajdons\u00e1gok: Milwaukee\u00ae; tervez\u00e9s\u0171 \u00e9s kivitelez\u00e9s\u0171 sz\u00e9nkefe n\u00e9lk\u00fcli POWERSTATE\u2122 motor: ak\u00e1r 2x hosszabb motor\u00e9lettartam \u00e9s ak\u00e1r 25%-kal t\u00f6bb er\u0151 REDLINK PLUS\u2122 intelligens elektronika: a fejlett digit\u00e1lis t\u00falterhel\u00e9sv\u00e9delem<span class=\"excerpt-hellip\"> [\u2026]<\/span><\/p>\n","protected":false},"featured_media":3115,"template":"","meta":[],"product_cat":[167,165,230,59,228,89],"product_tag":[],"class_list":["post-2169","product","type-product","status-publish","has-post-thumbnail","hentry","product_cat-akkumulatoros-furas-veses-es-rogzites","product_cat-akkumulatoros-gepek","product_cat-m18-rendszer","product_cat-milwaukee","product_cat-rendszer","product_cat-termekek"],"yoast_head":"<!-- This site is optimized with the Yoast SEO Premium plugin v21.3 (Yoast SEO v21.3) - https:\/\/yoast.com\/wordpress\/plugins\/seo\/ -->\n<title>MILWAUKEE M18 CHX-0X FUEL SDS PLUSZ F\u00daR\u00d3- \u00c9S V\u00c9S\u0150KALAP\u00c1CS (4933451430) - Eurosmart - Milwaukee web\u00e1ruh\u00e1z<\/title>\n<meta name=\"robots\" content=\"index, follow, max-snippet:-1, max-image-preview:large, max-video-preview:-1\" \/>\n<link rel=\"canonical\" href=\"https:\/\/www.eurosmart.hu\/shop\/index.php\/termek\/milwaukee-m18-chx-0x-fuel-sds-plusz-furo-es-vesokalapacs-4933451430\/\" \/>\n<meta property=\"og:locale\" content=\"hu_HU\" \/>\n<meta property=\"og:type\" content=\"article\" \/>\n<meta property=\"og:title\" content=\"MILWAUKEE M18 CHX-0X FUEL SDS PLUSZ F\u00daR\u00d3- \u00c9S V\u00c9S\u0150KALAP\u00c1CS (4933451430)\" \/>\n<meta property=\"og:description\" content=\"Tulajdons\u00e1gok: Milwaukee\u00ae; tervez\u00e9s\u0171 \u00e9s kivitelez\u00e9s\u0171 sz\u00e9nkefe n\u00e9lk\u00fcli POWERSTATE\u2122 motor: ak\u00e1r 2x hosszabb motor\u00e9lettartam \u00e9s ak\u00e1r 25%-kal t\u00f6bb er\u0151 REDLINK PLUS\u2122 intelligens elektronika: a fejlett digit\u00e1lis t\u00falterhel\u00e9sv\u00e9delem [\u2026]\" \/>\n<meta property=\"og:url\" content=\"https:\/\/www.eurosmart.hu\/shop\/index.php\/termek\/milwaukee-m18-chx-0x-fuel-sds-plusz-furo-es-vesokalapacs-4933451430\/\" \/>\n<meta property=\"og:site_name\" content=\"Eurosmart - Milwaukee web\u00e1ruh\u00e1z\" \/>\n<meta property=\"article:publisher\" content=\"https:\/\/www.facebook.com\/EurosmartKft\" \/>\n<meta property=\"article:modified_time\" content=\"2023-10-05T08:45:58+00:00\" \/>\n<meta property=\"og:image\" content=\"https:\/\/www.eurosmart.hu\/shop\/wp-content\/uploads\/2023\/09\/4933451430.jpg\" \/>\n\t<meta property=\"og:image:width\" content=\"600\" \/>\n\t<meta property=\"og:image:height\" content=\"600\" \/>\n\t<meta property=\"og:image:type\" content=\"image\/jpeg\" \/>\n<meta name=\"twitter:card\" content=\"summary_large_image\" \/>\n<meta name=\"twitter:label1\" content=\"Price\" \/>\n\t<meta name=\"twitter:data1\" content=\"\" \/>\n\t<meta name=\"twitter:label2\" content=\"Availability\" \/>\n\t<meta name=\"twitter:data2\" content=\"In stock\" \/>\n<script type=\"application\/ld+json\" class=\"yoast-schema-graph\">{\"@context\":\"https:\/\/schema.org\",\"@graph\":[{\"@type\":\"WebPage\",\"@id\":\"https:\/\/www.eurosmart.hu\/shop\/index.php\/termek\/milwaukee-m18-chx-0x-fuel-sds-plusz-furo-es-vesokalapacs-4933451430\/\",\"url\":\"https:\/\/www.eurosmart.hu\/shop\/index.php\/termek\/milwaukee-m18-chx-0x-fuel-sds-plusz-furo-es-vesokalapacs-4933451430\/\",\"name\":\"MILWAUKEE M18 CHX-0X FUEL SDS PLUSZ F\u00daR\u00d3- \u00c9S V\u00c9S\u0150KALAP\u00c1CS (4933451430) - Eurosmart - Milwaukee web\u00e1ruh\u00e1z\",\"isPartOf\":{\"@id\":\"https:\/\/www.eurosmart.hu\/shop\/#website\"},\"datePublished\":\"2023-09-18T13:27:24+00:00\",\"dateModified\":\"2023-10-05T08:45:58+00:00\",\"breadcrumb\":{\"@id\":\"https:\/\/www.eurosmart.hu\/shop\/index.php\/termek\/milwaukee-m18-chx-0x-fuel-sds-plusz-furo-es-vesokalapacs-4933451430\/#breadcrumb\"},\"inLanguage\":\"hu\",\"potentialAction\":[{\"@type\":\"ReadAction\",\"target\":[\"https:\/\/www.eurosmart.hu\/shop\/index.php\/termek\/milwaukee-m18-chx-0x-fuel-sds-plusz-furo-es-vesokalapacs-4933451430\/\"]}]},{\"@type\":\"BreadcrumbList\",\"@id\":\"https:\/\/www.eurosmart.hu\/shop\/index.php\/termek\/milwaukee-m18-chx-0x-fuel-sds-plusz-furo-es-vesokalapacs-4933451430\/#breadcrumb\",\"itemListElement\":[{\"@type\":\"ListItem\",\"position\":1,\"name\":\"Kezd\u0151lap\",\"item\":\"https:\/\/www.eurosmart.hu\/shop\/\"},{\"@type\":\"ListItem\",\"position\":2,\"name\":\"Term\u00e9keink\",\"item\":\"https:\/\/www.eurosmart.hu\/shop\/index.php\/uzlet\/\"},{\"@type\":\"ListItem\",\"position\":3,\"name\":\"MILWAUKEE M18 CHX-0X FUEL SDS PLUSZ F\u00daR\u00d3- \u00c9S V\u00c9S\u0150KALAP\u00c1CS (4933451430)\"}]},{\"@type\":\"WebSite\",\"@id\":\"https:\/\/www.eurosmart.hu\/shop\/#website\",\"url\":\"https:\/\/www.eurosmart.hu\/shop\/\",\"name\":\"Eurosmart - Milwaukee web\u00e1ruh\u00e1z\",\"description\":\"Milwaukee web\u00e1ruh\u00e1z\",\"publisher\":{\"@id\":\"https:\/\/www.eurosmart.hu\/shop\/#organization\"},\"potentialAction\":[{\"@type\":\"SearchAction\",\"target\":{\"@type\":\"EntryPoint\",\"urlTemplate\":\"https:\/\/www.eurosmart.hu\/shop\/?s={search_term_string}\"},\"query-input\":\"required name=search_term_string\"}],\"inLanguage\":\"hu\"},{\"@type\":\"Organization\",\"@id\":\"https:\/\/www.eurosmart.hu\/shop\/#organization\",\"name\":\"Eurosmart - Milwaukee web\u00e1ruh\u00e1z\",\"url\":\"https:\/\/www.eurosmart.hu\/shop\/\",\"logo\":{\"@type\":\"ImageObject\",\"inLanguage\":\"hu\",\"@id\":\"https:\/\/www.eurosmart.hu\/shop\/#\/schema\/logo\/image\/\",\"url\":\"https:\/\/www.eurosmart.hu\/shop\/wp-content\/uploads\/2023\/10\/milwaukee-logo-1.png\",\"contentUrl\":\"https:\/\/www.eurosmart.hu\/shop\/wp-content\/uploads\/2023\/10\/milwaukee-logo-1.png\",\"width\":500,\"height\":200,\"caption\":\"Eurosmart - Milwaukee web\u00e1ruh\u00e1z\"},\"image\":{\"@id\":\"https:\/\/www.eurosmart.hu\/shop\/#\/schema\/logo\/image\/\"},\"sameAs\":[\"https:\/\/www.facebook.com\/EurosmartKft\"]}]}<\/script>\n<meta property=\"product:price:amount\" content=\"0\" \/>\n<meta property=\"product:price:currency\" content=\"HUF\" \/>\n<meta property=\"og:availability\" content=\"instock\" \/>\n<meta property=\"product:availability\" content=\"instock\" \/>\n<meta property=\"product:retailer_item_id\" content=\"4933451430\" \/>\n<meta property=\"product:condition\" content=\"new\" \/>\n<!-- \/ Yoast SEO Premium plugin. -->","yoast_head_json":{"title":"MILWAUKEE M18 CHX-0X FUEL SDS PLUSZ F\u00daR\u00d3- \u00c9S V\u00c9S\u0150KALAP\u00c1CS (4933451430) - Eurosmart - Milwaukee web\u00e1ruh\u00e1z","robots":{"index":"index","follow":"follow","max-snippet":"max-snippet:-1","max-image-preview":"max-image-preview:large","max-video-preview":"max-video-preview:-1"},"canonical":"https:\/\/www.eurosmart.hu\/shop\/index.php\/termek\/milwaukee-m18-chx-0x-fuel-sds-plusz-furo-es-vesokalapacs-4933451430\/","og_locale":"hu_HU","og_type":"article","og_title":"MILWAUKEE M18 CHX-0X FUEL SDS PLUSZ F\u00daR\u00d3- \u00c9S V\u00c9S\u0150KALAP\u00c1CS (4933451430)","og_description":"Tulajdons\u00e1gok: Milwaukee\u00ae; tervez\u00e9s\u0171 \u00e9s kivitelez\u00e9s\u0171 sz\u00e9nkefe n\u00e9lk\u00fcli POWERSTATE\u2122 motor: ak\u00e1r 2x hosszabb motor\u00e9lettartam \u00e9s ak\u00e1r 25%-kal t\u00f6bb er\u0151 REDLINK PLUS\u2122 intelligens elektronika: a fejlett digit\u00e1lis t\u00falterhel\u00e9sv\u00e9delem [\u2026]","og_url":"https:\/\/www.eurosmart.hu\/shop\/index.php\/termek\/milwaukee-m18-chx-0x-fuel-sds-plusz-furo-es-vesokalapacs-4933451430\/","og_site_name":"Eurosmart - Milwaukee web\u00e1ruh\u00e1z","article_publisher":"https:\/\/www.facebook.com\/EurosmartKft","article_modified_time":"2023-10-05T08:45:58+00:00","og_image":[{"width":600,"height":600,"url":"https:\/\/www.eurosmart.hu\/shop\/wp-content\/uploads\/2023\/09\/4933451430.jpg","type":"image\/jpeg"}],"twitter_card":"summary_large_image","twitter_misc":{"Price":"","Availability":"In stock"},"schema":{"@context":"https:\/\/schema.org","@graph":[{"@type":"WebPage","@id":"https:\/\/www.eurosmart.hu\/shop\/index.php\/termek\/milwaukee-m18-chx-0x-fuel-sds-plusz-furo-es-vesokalapacs-4933451430\/","url":"https:\/\/www.eurosmart.hu\/shop\/index.php\/termek\/milwaukee-m18-chx-0x-fuel-sds-plusz-furo-es-vesokalapacs-4933451430\/","name":"MILWAUKEE M18 CHX-0X FUEL SDS PLUSZ F\u00daR\u00d3- \u00c9S V\u00c9S\u0150KALAP\u00c1CS (4933451430) - Eurosmart - Milwaukee web\u00e1ruh\u00e1z","isPartOf":{"@id":"https:\/\/www.eurosmart.hu\/shop\/#website"},"datePublished":"2023-09-18T13:27:24+00:00","dateModified":"2023-10-05T08:45:58+00:00","breadcrumb":{"@id":"https:\/\/www.eurosmart.hu\/shop\/index.php\/termek\/milwaukee-m18-chx-0x-fuel-sds-plusz-furo-es-vesokalapacs-4933451430\/#breadcrumb"},"inLanguage":"hu","potentialAction":[{"@type":"ReadAction","target":["https:\/\/www.eurosmart.hu\/shop\/index.php\/termek\/milwaukee-m18-chx-0x-fuel-sds-plusz-furo-es-vesokalapacs-4933451430\/"]}]},{"@type":"BreadcrumbList","@id":"https:\/\/www.eurosmart.hu\/shop\/index.php\/termek\/milwaukee-m18-chx-0x-fuel-sds-plusz-furo-es-vesokalapacs-4933451430\/#breadcrumb","itemListElement":[{"@type":"ListItem","position":1,"name":"Kezd\u0151lap","item":"https:\/\/www.eurosmart.hu\/shop\/"},{"@type":"ListItem","position":2,"name":"Term\u00e9keink","item":"https:\/\/www.eurosmart.hu\/shop\/index.php\/uzlet\/"},{"@type":"ListItem","position":3,"name":"MILWAUKEE M18 CHX-0X FUEL SDS PLUSZ F\u00daR\u00d3- \u00c9S V\u00c9S\u0150KALAP\u00c1CS (4933451430)"}]},{"@type":"WebSite","@id":"https:\/\/www.eurosmart.hu\/shop\/#website","url":"https:\/\/www.eurosmart.hu\/shop\/","name":"Eurosmart - Milwaukee web\u00e1ruh\u00e1z","description":"Milwaukee web\u00e1ruh\u00e1z","publisher":{"@id":"https:\/\/www.eurosmart.hu\/shop\/#organization"},"potentialAction":[{"@type":"SearchAction","target":{"@type":"EntryPoint","urlTemplate":"https:\/\/www.eurosmart.hu\/shop\/?s={search_term_string}"},"query-input":"required name=search_term_string"}],"inLanguage":"hu"},{"@type":"Organization","@id":"https:\/\/www.eurosmart.hu\/shop\/#organization","name":"Eurosmart - Milwaukee web\u00e1ruh\u00e1z","url":"https:\/\/www.eurosmart.hu\/shop\/","logo":{"@type":"ImageObject","inLanguage":"hu","@id":"https:\/\/www.eurosmart.hu\/shop\/#\/schema\/logo\/image\/","url":"https:\/\/www.eurosmart.hu\/shop\/wp-content\/uploads\/2023\/10\/milwaukee-logo-1.png","contentUrl":"https:\/\/www.eurosmart.hu\/shop\/wp-content\/uploads\/2023\/10\/milwaukee-logo-1.png","width":500,"height":200,"caption":"Eurosmart - Milwaukee web\u00e1ruh\u00e1z"},"image":{"@id":"https:\/\/www.eurosmart.hu\/shop\/#\/schema\/logo\/image\/"},"sameAs":["https:\/\/www.facebook.com\/EurosmartKft"]}]},"product_price_currency":"HUF","og_availability":"instock","product_availability":"instock","product_retailer_item_id":"4933451430","product_condition":"new"},"_links":{"self":[{"href":"https:\/\/www.eurosmart.hu\/shop\/index.php\/wp-json\/wp\/v2\/product\/2169","targetHints":{"allow":["GET"]}}],"collection":[{"href":"https:\/\/www.eurosmart.hu\/shop\/index.php\/wp-json\/wp\/v2\/product"}],"about":[{"href":"https:\/\/www.eurosmart.hu\/shop\/index.php\/wp-json\/wp\/v2\/types\/product"}],"wp:featuredmedia":[{"embeddable":true,"href":"https:\/\/www.eurosmart.hu\/shop\/index.php\/wp-json\/wp\/v2\/media\/3115"}],"wp:attachment":[{"href":"https:\/\/www.eurosmart.hu\/shop\/index.php\/wp-json\/wp\/v2\/media?parent=2169"}],"wp:term":[{"taxonomy":"product_cat","embeddable":true,"href":"https:\/\/www.eurosmart.hu\/shop\/index.php\/wp-json\/wp\/v2\/product_cat?post=2169"},{"taxonomy":"product_tag","embeddable":true,"href":"https:\/\/www.eurosmart.hu\/shop\/index.php\/wp-json\/wp\/v2\/product_tag?post=2169"}],"curies":[{"name":"wp","href":"https:\/\/api.w.org\/{rel}","templated":true}]}}