{"id":2105,"date":"2023-09-18T09:20:21","date_gmt":"2023-09-18T09:20:21","guid":{"rendered":"https:\/\/www.eurosmart.hu\/shop\/?post_type=product&#038;p=2105"},"modified":"2024-01-16T11:38:55","modified_gmt":"2024-01-16T11:38:55","slug":"milwaukee-l4-tmled-201-ujratoltheto-usb-allithato-fokuszu-zseblampa-1100lm-4933478114","status":"publish","type":"product","link":"https:\/\/www.eurosmart.hu\/shop\/index.php\/termek\/milwaukee-l4-tmled-201-ujratoltheto-usb-allithato-fokuszu-zseblampa-1100lm-4933478114\/","title":{"rendered":"MILWAUKEE L4 TMLED-201 \u00daJRAT\u00d6LTHET\u0150 USB \u00c1LL\u00cdTHAT\u00d3 F\u00d3KUSZ\u00da ZSEBL\u00c1MPA 1100LM (4933478114)"},"content":{"rendered":"<h5>Tulajdons\u00e1gok:<\/h5>\n<ul>\n<li>1100 lumen f\u00e9ny\u00e1ram\u00fa, TRUEVIEW, nagy teljes\u00edtm\u00e9ny\u0171 vil\u00e1g\u00edt\u00e1s ak\u00e1r 175 m sug\u00e1rnyal\u00e1b t\u00e1vols\u00e1ggal.<\/li>\n<li>A zsebl\u00e1mpa 3 \u00fczemm\u00f3dban haszn\u00e1lhat\u00f3, prec\u00edzi\u00f3s \u00e1ll\u00edthat\u00f3 f\u00f3kusszal, \u00edgy b\u00e1rmely poz\u00edci\u00f3ban teljes k\u00f6r\u0171en vez\u00e9relheti a sug\u00e1rnyal\u00e1b m\u00e9ret\u00e9t \u00e9s intenzit\u00e1s\u00e1t.<\/li>\n<li>IP67 besorol\u00e1s &#8211; v\u00e9delmet ny\u00fajt ha max. 2 m m\u00e9lys\u00e9gig v\u00edzbe mer\u00fcl \u00e9s por ellen.<\/li>\n<li>Pillanatnyi \u00e9s \u00e1lland\u00f3 vil\u00e1g\u00edt\u00e1s kapcsol\u00f3 gomb.<\/li>\n<li>Elt\u00e1vol\u00edthat\u00f3 kapocs biztons\u00e1gi r\u00f6gz\u00edt\u00e9shez.<\/li>\n<li>Biztons\u00e1gi villog\u00f3 funkci\u00f3 t\u00e1j\u00e9koztatja a v\u00e9gfelhaszn\u00e1l\u00f3t az akkumul\u00e1tor lemer\u00fcl\u00e9s\u00e9r\u0151l.<\/li>\n<li>A REDLITHIUM USB akkumul\u00e1tor k\u00e9nyelmesen felt\u00f6lthet\u0151 micro-USB k\u00e1bellel, tov\u00e1bb\u00e1 USB \u00e1ramforr\u00e1sba vagy h\u00e1l\u00f3zati aljzatba csatlakoztathat\u00f3 (a fali csatlakoz\u00f3 nem k\u00e9pezi a k\u00e9szlet r\u00e9sz\u00e9t).<br \/>\nMunkahelyi massz\u00edv mikro-USB sodrott k\u00e1bel f\u00e9mv\u00e9gekkel.<\/li>\n<\/ul>\n<h5>M\u0171szaki adatok:<\/h5>\n<ul>\n<li>T\u00edpus: USB akkumul\u00e1toros, Li-ion 4V<\/li>\n<li>Lencse k hat\u00f3t\u00e1vols\u00e1ga (m): 175<\/li>\n<li>Lumen: 1.100<\/li>\n<li>Max f\u00e9ny\u00e1ram (Lumen): 1100\/ 600\/ 100\/ &#8211;<\/li>\n<li>Max. m\u0171k\u00f6d\u00e9si id\u0151 L4 B2 akkumul\u00e1torral (\u00f3ra): 1.5\/ 4\/ 12\/ &#8211;<\/li>\n<li>Rendszer: REDLITHIUM USB<\/li>\n<li>S\u00faly akkumul\u00e1torral (kg): 0.20<\/li>\n<\/ul>\n<p>&nbsp;<\/p>\n","protected":false},"excerpt":{"rendered":"<p><strong>A k\u00e9szlet tartalma:<\/strong><\/p>\n<ul>\n<li>1 db L4 TMLED zsebl\u00e1mpa<\/li>\n<li>1 db L4 B2 2.0 Ah USB akkumul\u00e1tor<\/li>\n<li>1 db USB k\u00e1bel<\/li>\n<\/ul>\n","protected":false},"featured_media":3086,"template":"","meta":[],"product_cat":[165,59,193,89,192],"product_tag":[],"class_list":["post-2105","product","type-product","status-publish","has-post-thumbnail","hentry","product_cat-akkumulatoros-gepek","product_cat-milwaukee","product_cat-szemelyes-vilagitas","product_cat-termekek","product_cat-vilagitas-termekek"],"yoast_head":"<!-- This site is optimized with the Yoast SEO Premium plugin v21.3 (Yoast SEO v21.3) - https:\/\/yoast.com\/wordpress\/plugins\/seo\/ -->\n<title>MILWAUKEE L4 TMLED-201 \u00daJRAT\u00d6LTHET\u0150 USB \u00c1LL\u00cdTHAT\u00d3 F\u00d3KUSZ\u00da ZSEBL\u00c1MPA 1100LM (4933478114) - Eurosmart - Milwaukee web\u00e1ruh\u00e1z<\/title>\n<meta name=\"robots\" content=\"index, follow, max-snippet:-1, max-image-preview:large, max-video-preview:-1\" \/>\n<link rel=\"canonical\" href=\"https:\/\/www.eurosmart.hu\/shop\/index.php\/termek\/milwaukee-l4-tmled-201-ujratoltheto-usb-allithato-fokuszu-zseblampa-1100lm-4933478114\/\" \/>\n<meta property=\"og:locale\" content=\"hu_HU\" \/>\n<meta property=\"og:type\" content=\"article\" \/>\n<meta property=\"og:title\" content=\"MILWAUKEE L4 TMLED-201 \u00daJRAT\u00d6LTHET\u0150 USB \u00c1LL\u00cdTHAT\u00d3 F\u00d3KUSZ\u00da ZSEBL\u00c1MPA 1100LM (4933478114)\" \/>\n<meta property=\"og:description\" content=\"A k\u00e9szlet tartalma:   1 db L4 TMLED zsebl\u00e1mpa  1 db L4 B2 2.0 Ah USB akkumul\u00e1tor  1 db USB k\u00e1bel\" \/>\n<meta property=\"og:url\" content=\"https:\/\/www.eurosmart.hu\/shop\/index.php\/termek\/milwaukee-l4-tmled-201-ujratoltheto-usb-allithato-fokuszu-zseblampa-1100lm-4933478114\/\" \/>\n<meta property=\"og:site_name\" content=\"Eurosmart - Milwaukee web\u00e1ruh\u00e1z\" \/>\n<meta property=\"article:publisher\" content=\"https:\/\/www.facebook.com\/EurosmartKft\" \/>\n<meta property=\"article:modified_time\" content=\"2024-01-16T11:38:55+00:00\" \/>\n<meta property=\"og:image\" content=\"https:\/\/www.eurosmart.hu\/shop\/wp-content\/uploads\/2023\/09\/4933478114.jpg\" \/>\n\t<meta property=\"og:image:width\" content=\"600\" \/>\n\t<meta property=\"og:image:height\" content=\"600\" \/>\n\t<meta property=\"og:image:type\" content=\"image\/jpeg\" \/>\n<meta name=\"twitter:card\" content=\"summary_large_image\" \/>\n<meta name=\"twitter:label1\" content=\"Price\" \/>\n\t<meta name=\"twitter:data1\" content=\"\" \/>\n\t<meta name=\"twitter:label2\" content=\"Availability\" \/>\n\t<meta name=\"twitter:data2\" content=\"In stock\" \/>\n<script type=\"application\/ld+json\" class=\"yoast-schema-graph\">{\"@context\":\"https:\/\/schema.org\",\"@graph\":[{\"@type\":\"WebPage\",\"@id\":\"https:\/\/www.eurosmart.hu\/shop\/index.php\/termek\/milwaukee-l4-tmled-201-ujratoltheto-usb-allithato-fokuszu-zseblampa-1100lm-4933478114\/\",\"url\":\"https:\/\/www.eurosmart.hu\/shop\/index.php\/termek\/milwaukee-l4-tmled-201-ujratoltheto-usb-allithato-fokuszu-zseblampa-1100lm-4933478114\/\",\"name\":\"MILWAUKEE L4 TMLED-201 \u00daJRAT\u00d6LTHET\u0150 USB \u00c1LL\u00cdTHAT\u00d3 F\u00d3KUSZ\u00da ZSEBL\u00c1MPA 1100LM (4933478114) - Eurosmart - Milwaukee web\u00e1ruh\u00e1z\",\"isPartOf\":{\"@id\":\"https:\/\/www.eurosmart.hu\/shop\/#website\"},\"datePublished\":\"2023-09-18T09:20:21+00:00\",\"dateModified\":\"2024-01-16T11:38:55+00:00\",\"breadcrumb\":{\"@id\":\"https:\/\/www.eurosmart.hu\/shop\/index.php\/termek\/milwaukee-l4-tmled-201-ujratoltheto-usb-allithato-fokuszu-zseblampa-1100lm-4933478114\/#breadcrumb\"},\"inLanguage\":\"hu\",\"potentialAction\":[{\"@type\":\"ReadAction\",\"target\":[\"https:\/\/www.eurosmart.hu\/shop\/index.php\/termek\/milwaukee-l4-tmled-201-ujratoltheto-usb-allithato-fokuszu-zseblampa-1100lm-4933478114\/\"]}]},{\"@type\":\"BreadcrumbList\",\"@id\":\"https:\/\/www.eurosmart.hu\/shop\/index.php\/termek\/milwaukee-l4-tmled-201-ujratoltheto-usb-allithato-fokuszu-zseblampa-1100lm-4933478114\/#breadcrumb\",\"itemListElement\":[{\"@type\":\"ListItem\",\"position\":1,\"name\":\"Kezd\u0151lap\",\"item\":\"https:\/\/www.eurosmart.hu\/shop\/\"},{\"@type\":\"ListItem\",\"position\":2,\"name\":\"Term\u00e9keink\",\"item\":\"https:\/\/www.eurosmart.hu\/shop\/index.php\/uzlet\/\"},{\"@type\":\"ListItem\",\"position\":3,\"name\":\"MILWAUKEE L4 TMLED-201 \u00daJRAT\u00d6LTHET\u0150 USB \u00c1LL\u00cdTHAT\u00d3 F\u00d3KUSZ\u00da ZSEBL\u00c1MPA 1100LM (4933478114)\"}]},{\"@type\":\"WebSite\",\"@id\":\"https:\/\/www.eurosmart.hu\/shop\/#website\",\"url\":\"https:\/\/www.eurosmart.hu\/shop\/\",\"name\":\"Eurosmart - Milwaukee web\u00e1ruh\u00e1z\",\"description\":\"Milwaukee web\u00e1ruh\u00e1z\",\"publisher\":{\"@id\":\"https:\/\/www.eurosmart.hu\/shop\/#organization\"},\"potentialAction\":[{\"@type\":\"SearchAction\",\"target\":{\"@type\":\"EntryPoint\",\"urlTemplate\":\"https:\/\/www.eurosmart.hu\/shop\/?s={search_term_string}\"},\"query-input\":\"required name=search_term_string\"}],\"inLanguage\":\"hu\"},{\"@type\":\"Organization\",\"@id\":\"https:\/\/www.eurosmart.hu\/shop\/#organization\",\"name\":\"Eurosmart - Milwaukee web\u00e1ruh\u00e1z\",\"url\":\"https:\/\/www.eurosmart.hu\/shop\/\",\"logo\":{\"@type\":\"ImageObject\",\"inLanguage\":\"hu\",\"@id\":\"https:\/\/www.eurosmart.hu\/shop\/#\/schema\/logo\/image\/\",\"url\":\"https:\/\/www.eurosmart.hu\/shop\/wp-content\/uploads\/2023\/10\/milwaukee-logo-1.png\",\"contentUrl\":\"https:\/\/www.eurosmart.hu\/shop\/wp-content\/uploads\/2023\/10\/milwaukee-logo-1.png\",\"width\":500,\"height\":200,\"caption\":\"Eurosmart - Milwaukee web\u00e1ruh\u00e1z\"},\"image\":{\"@id\":\"https:\/\/www.eurosmart.hu\/shop\/#\/schema\/logo\/image\/\"},\"sameAs\":[\"https:\/\/www.facebook.com\/EurosmartKft\"]}]}<\/script>\n<meta property=\"product:price:amount\" content=\"0\" \/>\n<meta property=\"product:price:currency\" content=\"HUF\" \/>\n<meta property=\"og:availability\" content=\"instock\" \/>\n<meta property=\"product:availability\" content=\"instock\" \/>\n<meta property=\"product:retailer_item_id\" content=\"4933478114\" \/>\n<meta property=\"product:condition\" content=\"new\" \/>\n<!-- \/ Yoast SEO Premium plugin. -->","yoast_head_json":{"title":"MILWAUKEE L4 TMLED-201 \u00daJRAT\u00d6LTHET\u0150 USB \u00c1LL\u00cdTHAT\u00d3 F\u00d3KUSZ\u00da ZSEBL\u00c1MPA 1100LM (4933478114) - Eurosmart - Milwaukee web\u00e1ruh\u00e1z","robots":{"index":"index","follow":"follow","max-snippet":"max-snippet:-1","max-image-preview":"max-image-preview:large","max-video-preview":"max-video-preview:-1"},"canonical":"https:\/\/www.eurosmart.hu\/shop\/index.php\/termek\/milwaukee-l4-tmled-201-ujratoltheto-usb-allithato-fokuszu-zseblampa-1100lm-4933478114\/","og_locale":"hu_HU","og_type":"article","og_title":"MILWAUKEE L4 TMLED-201 \u00daJRAT\u00d6LTHET\u0150 USB \u00c1LL\u00cdTHAT\u00d3 F\u00d3KUSZ\u00da ZSEBL\u00c1MPA 1100LM (4933478114)","og_description":"A k\u00e9szlet tartalma:   1 db L4 TMLED zsebl\u00e1mpa  1 db L4 B2 2.0 Ah USB akkumul\u00e1tor  1 db USB k\u00e1bel","og_url":"https:\/\/www.eurosmart.hu\/shop\/index.php\/termek\/milwaukee-l4-tmled-201-ujratoltheto-usb-allithato-fokuszu-zseblampa-1100lm-4933478114\/","og_site_name":"Eurosmart - Milwaukee web\u00e1ruh\u00e1z","article_publisher":"https:\/\/www.facebook.com\/EurosmartKft","article_modified_time":"2024-01-16T11:38:55+00:00","og_image":[{"width":600,"height":600,"url":"https:\/\/www.eurosmart.hu\/shop\/wp-content\/uploads\/2023\/09\/4933478114.jpg","type":"image\/jpeg"}],"twitter_card":"summary_large_image","twitter_misc":{"Price":"","Availability":"In stock"},"schema":{"@context":"https:\/\/schema.org","@graph":[{"@type":"WebPage","@id":"https:\/\/www.eurosmart.hu\/shop\/index.php\/termek\/milwaukee-l4-tmled-201-ujratoltheto-usb-allithato-fokuszu-zseblampa-1100lm-4933478114\/","url":"https:\/\/www.eurosmart.hu\/shop\/index.php\/termek\/milwaukee-l4-tmled-201-ujratoltheto-usb-allithato-fokuszu-zseblampa-1100lm-4933478114\/","name":"MILWAUKEE L4 TMLED-201 \u00daJRAT\u00d6LTHET\u0150 USB \u00c1LL\u00cdTHAT\u00d3 F\u00d3KUSZ\u00da ZSEBL\u00c1MPA 1100LM (4933478114) - Eurosmart - Milwaukee web\u00e1ruh\u00e1z","isPartOf":{"@id":"https:\/\/www.eurosmart.hu\/shop\/#website"},"datePublished":"2023-09-18T09:20:21+00:00","dateModified":"2024-01-16T11:38:55+00:00","breadcrumb":{"@id":"https:\/\/www.eurosmart.hu\/shop\/index.php\/termek\/milwaukee-l4-tmled-201-ujratoltheto-usb-allithato-fokuszu-zseblampa-1100lm-4933478114\/#breadcrumb"},"inLanguage":"hu","potentialAction":[{"@type":"ReadAction","target":["https:\/\/www.eurosmart.hu\/shop\/index.php\/termek\/milwaukee-l4-tmled-201-ujratoltheto-usb-allithato-fokuszu-zseblampa-1100lm-4933478114\/"]}]},{"@type":"BreadcrumbList","@id":"https:\/\/www.eurosmart.hu\/shop\/index.php\/termek\/milwaukee-l4-tmled-201-ujratoltheto-usb-allithato-fokuszu-zseblampa-1100lm-4933478114\/#breadcrumb","itemListElement":[{"@type":"ListItem","position":1,"name":"Kezd\u0151lap","item":"https:\/\/www.eurosmart.hu\/shop\/"},{"@type":"ListItem","position":2,"name":"Term\u00e9keink","item":"https:\/\/www.eurosmart.hu\/shop\/index.php\/uzlet\/"},{"@type":"ListItem","position":3,"name":"MILWAUKEE L4 TMLED-201 \u00daJRAT\u00d6LTHET\u0150 USB \u00c1LL\u00cdTHAT\u00d3 F\u00d3KUSZ\u00da ZSEBL\u00c1MPA 1100LM (4933478114)"}]},{"@type":"WebSite","@id":"https:\/\/www.eurosmart.hu\/shop\/#website","url":"https:\/\/www.eurosmart.hu\/shop\/","name":"Eurosmart - Milwaukee web\u00e1ruh\u00e1z","description":"Milwaukee web\u00e1ruh\u00e1z","publisher":{"@id":"https:\/\/www.eurosmart.hu\/shop\/#organization"},"potentialAction":[{"@type":"SearchAction","target":{"@type":"EntryPoint","urlTemplate":"https:\/\/www.eurosmart.hu\/shop\/?s={search_term_string}"},"query-input":"required name=search_term_string"}],"inLanguage":"hu"},{"@type":"Organization","@id":"https:\/\/www.eurosmart.hu\/shop\/#organization","name":"Eurosmart - Milwaukee web\u00e1ruh\u00e1z","url":"https:\/\/www.eurosmart.hu\/shop\/","logo":{"@type":"ImageObject","inLanguage":"hu","@id":"https:\/\/www.eurosmart.hu\/shop\/#\/schema\/logo\/image\/","url":"https:\/\/www.eurosmart.hu\/shop\/wp-content\/uploads\/2023\/10\/milwaukee-logo-1.png","contentUrl":"https:\/\/www.eurosmart.hu\/shop\/wp-content\/uploads\/2023\/10\/milwaukee-logo-1.png","width":500,"height":200,"caption":"Eurosmart - Milwaukee web\u00e1ruh\u00e1z"},"image":{"@id":"https:\/\/www.eurosmart.hu\/shop\/#\/schema\/logo\/image\/"},"sameAs":["https:\/\/www.facebook.com\/EurosmartKft"]}]},"product_price_currency":"HUF","og_availability":"instock","product_availability":"instock","product_retailer_item_id":"4933478114","product_condition":"new"},"_links":{"self":[{"href":"https:\/\/www.eurosmart.hu\/shop\/index.php\/wp-json\/wp\/v2\/product\/2105","targetHints":{"allow":["GET"]}}],"collection":[{"href":"https:\/\/www.eurosmart.hu\/shop\/index.php\/wp-json\/wp\/v2\/product"}],"about":[{"href":"https:\/\/www.eurosmart.hu\/shop\/index.php\/wp-json\/wp\/v2\/types\/product"}],"wp:featuredmedia":[{"embeddable":true,"href":"https:\/\/www.eurosmart.hu\/shop\/index.php\/wp-json\/wp\/v2\/media\/3086"}],"wp:attachment":[{"href":"https:\/\/www.eurosmart.hu\/shop\/index.php\/wp-json\/wp\/v2\/media?parent=2105"}],"wp:term":[{"taxonomy":"product_cat","embeddable":true,"href":"https:\/\/www.eurosmart.hu\/shop\/index.php\/wp-json\/wp\/v2\/product_cat?post=2105"},{"taxonomy":"product_tag","embeddable":true,"href":"https:\/\/www.eurosmart.hu\/shop\/index.php\/wp-json\/wp\/v2\/product_tag?post=2105"}],"curies":[{"name":"wp","href":"https:\/\/api.w.org\/{rel}","templated":true}]}}