{"id":2095,"date":"2023-09-18T08:43:06","date_gmt":"2023-09-18T08:43:06","guid":{"rendered":"https:\/\/www.eurosmart.hu\/shop\/?post_type=product&#038;p=2095"},"modified":"2024-02-13T13:21:36","modified_gmt":"2024-02-13T13:21:36","slug":"milwaukee-k-540-s-5-kg-sds-max-furo-veso-kalapacs-1100w-4933418100","status":"publish","type":"product","link":"https:\/\/www.eurosmart.hu\/shop\/index.php\/termek\/milwaukee-k-540-s-5-kg-sds-max-furo-veso-kalapacs-1100w-4933418100\/","title":{"rendered":"MILWAUKEE K 540 S SDS-MAX F\u00daR\u00d3- V\u00c9S\u0150KALAP\u00c1CS 1100W KOFFERBEN (4933418100)"},"content":{"rendered":"<h5>Tulajdons\u00e1gok:<\/h5>\n<ul>\n<li>A legjobb teljes\u00edtm\u00e9ny-s\u00faly ar\u00e1ny a maga kateg\u00f3ri\u00e1j\u00e1ban &#8211; 7.5 J \u00e9s 6.3 kg<\/li>\n<li>Az 1100 wattos motor maxim\u00e1lis teljes\u00edtm\u00e9nyt biztos\u00edt, a jobb h\u0151elvezet\u00e9snek k\u00f6sz\u00f6nhet\u0151en a lehet\u0151 legnagyobb tart\u00f3ss\u00e1got biztos\u00edtja<\/li>\n<li>L\u00e1gyind\u00edt\u00e1s a f\u00far\u00e1s \u00e9s a v\u00e9s\u00e9s prec\u00edz kezd\u00e9s\u00e9hez<\/li>\n<li>Az alacsony vibr\u00e1ci\u00f3nak k\u00f6sz\u00f6nhet\u0151en megn\u00f6vekszik a napi haszn\u00e1lati id\u0151<\/li>\n<li>Er\u0151s magn\u00e9zium hajt\u00f3m\u0171h\u00e1z a nagy ig\u00e9nybev\u00e9tel\u0171 k\u00f6rnyezethez, a csap\u00e1gyak megfelel\u0151 felfekv\u00e9se \u00e9s a jobb h\u0171t\u00e9s\u00e9rt<\/li>\n<li>Forg\u00e1smeg\u00e1ll\u00edt\u00e1s, a v\u00e9s\u0151sz\u00e1r 12 poz\u00edci\u00f3ban r\u00f6gz\u00edthet\u0151 a k\u00e9nyelmes v\u00e9s\u00e9s \u00e9rdek\u00e9ben<\/li>\n<li>Biztons\u00e1gi kuplung &#8211; a blokkol\u00f3 f\u00far\u00f3 eset\u00e9n v\u00e9di a kezel\u0151t \u00e9s a g\u00e9pet<\/li>\n<li>Softgrip p\u00f3tfoganty\u00fa<\/li>\n<li>A v\u00e9s\u0151sz\u00e1r 12 poz\u00edci\u00f3ban r\u00f6gz\u00edthet\u0151 a k\u00e9nyelmes v\u00e9s\u00e9s \u00e9rdek\u00e9ben<\/li>\n<li>4 m k\u00e1bel<\/li>\n<li>A legkompaktabb pisztolyform\u00e1j\u00fa kalap\u00e1cs oszt\u00e1ly\u00e1ban<\/li>\n<li>Egyed\u00fcl\u00e1ll\u00f3 teljes\u00edtm\u00e9ny 2,4 J \u00fct\u00e9senergi\u00e1val \u00e9s 4500 \u00fct\u00e9s\/perc<\/li>\n<li>Legalacsonyabb vibr\u00e1ci\u00f3 13,5 m\/s2<\/li>\n<li>Innovativ \u00e9s szabadalmaztatott s\u00falycs\u00f6kkent\u00f5 technol\u00f3gia<\/li>\n<li>Extr\u00e9m Milwaukee tart\u00f3ss\u00e1g a be\u00e9p\u00edtett f\u00e9mblokk technol\u00f3gi\u00e1nak k\u00f6sz\u00f6nhet\u0151en<\/li>\n<li>FIXTEC SDS-Max tokm\u00e1ny<\/li>\n<li>FIXTEC f\u00e9m gyorstokm\u00e1ny<\/li>\n<li>\u00dct\u00e9sle\u00e1ll\u00edt\u00f3 funkci\u00f3 \u2013 kikapcsolja a kalap\u00e1cs funkci\u00f3t \u2013 f\u00e1ba vagy f\u00e9mbe t\u00f6rt\u00e9n\u0151 f\u00far\u00e1shoz<\/li>\n<li>Biztonsagi kuplung automatikusan le\u00e1llitja vagy cs\u00f6kkenti a motor teljesitmenyet vedi a kezel\u0151t \u00e9s a g\u00e9pet a szersz\u00e1m beszor\u00fal\u00e1sa eset\u00e9n.<\/li>\n<\/ul>\n<h5>M\u0171szaki adatok:<\/h5>\n<ul>\n<li>T\u00edpus: Vezet\u00e9kes<\/li>\n<li>\u00dcresj\u00e1rati fordulatsz\u00e1m (ford\/perc): 450<\/li>\n<li>\u00dct\u00e9s energia (J): 7.5<\/li>\n<li>\u00dct\u00e9sek sz\u00e1ma teljes terhel\u00e9sn\u00e9l (\u00fct\u00e9s\/perc): 3000<\/li>\n<li>Felvett teljes\u00edtm\u00e9ny (W): 1100<\/li>\n<li>Max. f\u00far\u00e1si \u00e1tm\u00e9r\u0151 f\u00far\u00f3koron\u00e1val (mm): 105<\/li>\n<li>Max. f\u00far\u00e1si \u00e1tm\u00e9r\u0151 \u00e1tt\u00f6r\u0151f\u00far\u00f3val (mm): 65<\/li>\n<li>Max. f\u00far\u00e1si \u00e1tm\u00e9r\u0151 betonban (mm): 40<\/li>\n<li>Szersz\u00e1m befog\u00e1s: SDS-Max<\/li>\n<li>S\u00faly (kg): 6.3<\/li>\n<\/ul>\n","protected":false},"excerpt":{"rendered":"<p><strong>A k\u00e9szlet tartalma:<\/strong><\/p>\n<ul>\n<li>1 db K 540 S SDS-Max f\u00far\u00f3- v\u00e9s\u0151kalap\u00e1cs<\/li>\n<li>P\u00f3tfoganty\u00fa<\/li>\n<li>1 db Szersz\u00e1mkoffer<\/li>\n<\/ul>\n","protected":false},"featured_media":3035,"template":"","meta":[],"product_cat":[178,59,89,177],"product_tag":[],"class_list":["post-2095","product","type-product","status-publish","has-post-thumbnail","hentry","product_cat-bontas-es-veses","product_cat-milwaukee","product_cat-termekek","product_cat-vezetekes-gepek"],"yoast_head":"<!-- This site is optimized with the Yoast SEO Premium plugin v21.3 (Yoast SEO v21.3) - https:\/\/yoast.com\/wordpress\/plugins\/seo\/ -->\n<title>MILWAUKEE K 540 S SDS-MAX F\u00daR\u00d3- V\u00c9S\u0150KALAP\u00c1CS 1100W KOFFERBEN (4933418100) - Eurosmart - Milwaukee web\u00e1ruh\u00e1z<\/title>\n<meta name=\"robots\" content=\"index, follow, max-snippet:-1, max-image-preview:large, max-video-preview:-1\" \/>\n<link rel=\"canonical\" href=\"https:\/\/www.eurosmart.hu\/shop\/index.php\/termek\/milwaukee-k-540-s-5-kg-sds-max-furo-veso-kalapacs-1100w-4933418100\/\" \/>\n<meta property=\"og:locale\" content=\"hu_HU\" \/>\n<meta property=\"og:type\" content=\"article\" \/>\n<meta property=\"og:title\" content=\"MILWAUKEE K 540 S SDS-MAX F\u00daR\u00d3- V\u00c9S\u0150KALAP\u00c1CS 1100W KOFFERBEN (4933418100)\" \/>\n<meta property=\"og:description\" content=\"A k\u00e9szlet tartalma:   1 db K 540 S SDS-Max f\u00far\u00f3- v\u00e9s\u0151kalap\u00e1cs  P\u00f3tfoganty\u00fa  1 db Szersz\u00e1mkoffer\" \/>\n<meta property=\"og:url\" content=\"https:\/\/www.eurosmart.hu\/shop\/index.php\/termek\/milwaukee-k-540-s-5-kg-sds-max-furo-veso-kalapacs-1100w-4933418100\/\" \/>\n<meta property=\"og:site_name\" content=\"Eurosmart - Milwaukee web\u00e1ruh\u00e1z\" \/>\n<meta property=\"article:publisher\" content=\"https:\/\/www.facebook.com\/EurosmartKft\" \/>\n<meta property=\"article:modified_time\" content=\"2024-02-13T13:21:36+00:00\" \/>\n<meta property=\"og:image\" content=\"https:\/\/www.eurosmart.hu\/shop\/wp-content\/uploads\/2023\/09\/4933418100.jpg\" \/>\n\t<meta property=\"og:image:width\" content=\"600\" \/>\n\t<meta property=\"og:image:height\" content=\"600\" \/>\n\t<meta property=\"og:image:type\" content=\"image\/jpeg\" \/>\n<meta name=\"twitter:card\" content=\"summary_large_image\" \/>\n<meta name=\"twitter:label1\" content=\"Price\" \/>\n\t<meta name=\"twitter:data1\" content=\"\" \/>\n\t<meta name=\"twitter:label2\" content=\"Availability\" \/>\n\t<meta name=\"twitter:data2\" content=\"In stock\" \/>\n<script type=\"application\/ld+json\" class=\"yoast-schema-graph\">{\"@context\":\"https:\/\/schema.org\",\"@graph\":[{\"@type\":\"WebPage\",\"@id\":\"https:\/\/www.eurosmart.hu\/shop\/index.php\/termek\/milwaukee-k-540-s-5-kg-sds-max-furo-veso-kalapacs-1100w-4933418100\/\",\"url\":\"https:\/\/www.eurosmart.hu\/shop\/index.php\/termek\/milwaukee-k-540-s-5-kg-sds-max-furo-veso-kalapacs-1100w-4933418100\/\",\"name\":\"MILWAUKEE K 540 S SDS-MAX F\u00daR\u00d3- V\u00c9S\u0150KALAP\u00c1CS 1100W KOFFERBEN (4933418100) - Eurosmart - Milwaukee web\u00e1ruh\u00e1z\",\"isPartOf\":{\"@id\":\"https:\/\/www.eurosmart.hu\/shop\/#website\"},\"datePublished\":\"2023-09-18T08:43:06+00:00\",\"dateModified\":\"2024-02-13T13:21:36+00:00\",\"breadcrumb\":{\"@id\":\"https:\/\/www.eurosmart.hu\/shop\/index.php\/termek\/milwaukee-k-540-s-5-kg-sds-max-furo-veso-kalapacs-1100w-4933418100\/#breadcrumb\"},\"inLanguage\":\"hu\",\"potentialAction\":[{\"@type\":\"ReadAction\",\"target\":[\"https:\/\/www.eurosmart.hu\/shop\/index.php\/termek\/milwaukee-k-540-s-5-kg-sds-max-furo-veso-kalapacs-1100w-4933418100\/\"]}]},{\"@type\":\"BreadcrumbList\",\"@id\":\"https:\/\/www.eurosmart.hu\/shop\/index.php\/termek\/milwaukee-k-540-s-5-kg-sds-max-furo-veso-kalapacs-1100w-4933418100\/#breadcrumb\",\"itemListElement\":[{\"@type\":\"ListItem\",\"position\":1,\"name\":\"Kezd\u0151lap\",\"item\":\"https:\/\/www.eurosmart.hu\/shop\/\"},{\"@type\":\"ListItem\",\"position\":2,\"name\":\"Term\u00e9keink\",\"item\":\"https:\/\/www.eurosmart.hu\/shop\/index.php\/uzlet\/\"},{\"@type\":\"ListItem\",\"position\":3,\"name\":\"MILWAUKEE K 540 S SDS-MAX F\u00daR\u00d3- V\u00c9S\u0150KALAP\u00c1CS 1100W KOFFERBEN (4933418100)\"}]},{\"@type\":\"WebSite\",\"@id\":\"https:\/\/www.eurosmart.hu\/shop\/#website\",\"url\":\"https:\/\/www.eurosmart.hu\/shop\/\",\"name\":\"Eurosmart - Milwaukee web\u00e1ruh\u00e1z\",\"description\":\"Milwaukee web\u00e1ruh\u00e1z\",\"publisher\":{\"@id\":\"https:\/\/www.eurosmart.hu\/shop\/#organization\"},\"potentialAction\":[{\"@type\":\"SearchAction\",\"target\":{\"@type\":\"EntryPoint\",\"urlTemplate\":\"https:\/\/www.eurosmart.hu\/shop\/?s={search_term_string}\"},\"query-input\":\"required name=search_term_string\"}],\"inLanguage\":\"hu\"},{\"@type\":\"Organization\",\"@id\":\"https:\/\/www.eurosmart.hu\/shop\/#organization\",\"name\":\"Eurosmart - Milwaukee web\u00e1ruh\u00e1z\",\"url\":\"https:\/\/www.eurosmart.hu\/shop\/\",\"logo\":{\"@type\":\"ImageObject\",\"inLanguage\":\"hu\",\"@id\":\"https:\/\/www.eurosmart.hu\/shop\/#\/schema\/logo\/image\/\",\"url\":\"https:\/\/www.eurosmart.hu\/shop\/wp-content\/uploads\/2023\/10\/milwaukee-logo-1.png\",\"contentUrl\":\"https:\/\/www.eurosmart.hu\/shop\/wp-content\/uploads\/2023\/10\/milwaukee-logo-1.png\",\"width\":500,\"height\":200,\"caption\":\"Eurosmart - Milwaukee web\u00e1ruh\u00e1z\"},\"image\":{\"@id\":\"https:\/\/www.eurosmart.hu\/shop\/#\/schema\/logo\/image\/\"},\"sameAs\":[\"https:\/\/www.facebook.com\/EurosmartKft\"]}]}<\/script>\n<meta property=\"product:price:amount\" content=\"0\" \/>\n<meta property=\"product:price:currency\" content=\"HUF\" \/>\n<meta property=\"og:availability\" content=\"instock\" \/>\n<meta property=\"product:availability\" content=\"instock\" \/>\n<meta property=\"product:retailer_item_id\" content=\"4933418100\" \/>\n<meta property=\"product:condition\" content=\"new\" \/>\n<!-- \/ Yoast SEO Premium plugin. -->","yoast_head_json":{"title":"MILWAUKEE K 540 S SDS-MAX F\u00daR\u00d3- V\u00c9S\u0150KALAP\u00c1CS 1100W KOFFERBEN (4933418100) - Eurosmart - Milwaukee web\u00e1ruh\u00e1z","robots":{"index":"index","follow":"follow","max-snippet":"max-snippet:-1","max-image-preview":"max-image-preview:large","max-video-preview":"max-video-preview:-1"},"canonical":"https:\/\/www.eurosmart.hu\/shop\/index.php\/termek\/milwaukee-k-540-s-5-kg-sds-max-furo-veso-kalapacs-1100w-4933418100\/","og_locale":"hu_HU","og_type":"article","og_title":"MILWAUKEE K 540 S SDS-MAX F\u00daR\u00d3- V\u00c9S\u0150KALAP\u00c1CS 1100W KOFFERBEN (4933418100)","og_description":"A k\u00e9szlet tartalma:   1 db K 540 S SDS-Max f\u00far\u00f3- v\u00e9s\u0151kalap\u00e1cs  P\u00f3tfoganty\u00fa  1 db Szersz\u00e1mkoffer","og_url":"https:\/\/www.eurosmart.hu\/shop\/index.php\/termek\/milwaukee-k-540-s-5-kg-sds-max-furo-veso-kalapacs-1100w-4933418100\/","og_site_name":"Eurosmart - Milwaukee web\u00e1ruh\u00e1z","article_publisher":"https:\/\/www.facebook.com\/EurosmartKft","article_modified_time":"2024-02-13T13:21:36+00:00","og_image":[{"width":600,"height":600,"url":"https:\/\/www.eurosmart.hu\/shop\/wp-content\/uploads\/2023\/09\/4933418100.jpg","type":"image\/jpeg"}],"twitter_card":"summary_large_image","twitter_misc":{"Price":"","Availability":"In stock"},"schema":{"@context":"https:\/\/schema.org","@graph":[{"@type":"WebPage","@id":"https:\/\/www.eurosmart.hu\/shop\/index.php\/termek\/milwaukee-k-540-s-5-kg-sds-max-furo-veso-kalapacs-1100w-4933418100\/","url":"https:\/\/www.eurosmart.hu\/shop\/index.php\/termek\/milwaukee-k-540-s-5-kg-sds-max-furo-veso-kalapacs-1100w-4933418100\/","name":"MILWAUKEE K 540 S SDS-MAX F\u00daR\u00d3- V\u00c9S\u0150KALAP\u00c1CS 1100W KOFFERBEN (4933418100) - Eurosmart - Milwaukee web\u00e1ruh\u00e1z","isPartOf":{"@id":"https:\/\/www.eurosmart.hu\/shop\/#website"},"datePublished":"2023-09-18T08:43:06+00:00","dateModified":"2024-02-13T13:21:36+00:00","breadcrumb":{"@id":"https:\/\/www.eurosmart.hu\/shop\/index.php\/termek\/milwaukee-k-540-s-5-kg-sds-max-furo-veso-kalapacs-1100w-4933418100\/#breadcrumb"},"inLanguage":"hu","potentialAction":[{"@type":"ReadAction","target":["https:\/\/www.eurosmart.hu\/shop\/index.php\/termek\/milwaukee-k-540-s-5-kg-sds-max-furo-veso-kalapacs-1100w-4933418100\/"]}]},{"@type":"BreadcrumbList","@id":"https:\/\/www.eurosmart.hu\/shop\/index.php\/termek\/milwaukee-k-540-s-5-kg-sds-max-furo-veso-kalapacs-1100w-4933418100\/#breadcrumb","itemListElement":[{"@type":"ListItem","position":1,"name":"Kezd\u0151lap","item":"https:\/\/www.eurosmart.hu\/shop\/"},{"@type":"ListItem","position":2,"name":"Term\u00e9keink","item":"https:\/\/www.eurosmart.hu\/shop\/index.php\/uzlet\/"},{"@type":"ListItem","position":3,"name":"MILWAUKEE K 540 S SDS-MAX F\u00daR\u00d3- V\u00c9S\u0150KALAP\u00c1CS 1100W KOFFERBEN (4933418100)"}]},{"@type":"WebSite","@id":"https:\/\/www.eurosmart.hu\/shop\/#website","url":"https:\/\/www.eurosmart.hu\/shop\/","name":"Eurosmart - Milwaukee web\u00e1ruh\u00e1z","description":"Milwaukee web\u00e1ruh\u00e1z","publisher":{"@id":"https:\/\/www.eurosmart.hu\/shop\/#organization"},"potentialAction":[{"@type":"SearchAction","target":{"@type":"EntryPoint","urlTemplate":"https:\/\/www.eurosmart.hu\/shop\/?s={search_term_string}"},"query-input":"required name=search_term_string"}],"inLanguage":"hu"},{"@type":"Organization","@id":"https:\/\/www.eurosmart.hu\/shop\/#organization","name":"Eurosmart - Milwaukee web\u00e1ruh\u00e1z","url":"https:\/\/www.eurosmart.hu\/shop\/","logo":{"@type":"ImageObject","inLanguage":"hu","@id":"https:\/\/www.eurosmart.hu\/shop\/#\/schema\/logo\/image\/","url":"https:\/\/www.eurosmart.hu\/shop\/wp-content\/uploads\/2023\/10\/milwaukee-logo-1.png","contentUrl":"https:\/\/www.eurosmart.hu\/shop\/wp-content\/uploads\/2023\/10\/milwaukee-logo-1.png","width":500,"height":200,"caption":"Eurosmart - Milwaukee web\u00e1ruh\u00e1z"},"image":{"@id":"https:\/\/www.eurosmart.hu\/shop\/#\/schema\/logo\/image\/"},"sameAs":["https:\/\/www.facebook.com\/EurosmartKft"]}]},"product_price_currency":"HUF","og_availability":"instock","product_availability":"instock","product_retailer_item_id":"4933418100","product_condition":"new"},"_links":{"self":[{"href":"https:\/\/www.eurosmart.hu\/shop\/index.php\/wp-json\/wp\/v2\/product\/2095","targetHints":{"allow":["GET"]}}],"collection":[{"href":"https:\/\/www.eurosmart.hu\/shop\/index.php\/wp-json\/wp\/v2\/product"}],"about":[{"href":"https:\/\/www.eurosmart.hu\/shop\/index.php\/wp-json\/wp\/v2\/types\/product"}],"wp:featuredmedia":[{"embeddable":true,"href":"https:\/\/www.eurosmart.hu\/shop\/index.php\/wp-json\/wp\/v2\/media\/3035"}],"wp:attachment":[{"href":"https:\/\/www.eurosmart.hu\/shop\/index.php\/wp-json\/wp\/v2\/media?parent=2095"}],"wp:term":[{"taxonomy":"product_cat","embeddable":true,"href":"https:\/\/www.eurosmart.hu\/shop\/index.php\/wp-json\/wp\/v2\/product_cat?post=2095"},{"taxonomy":"product_tag","embeddable":true,"href":"https:\/\/www.eurosmart.hu\/shop\/index.php\/wp-json\/wp\/v2\/product_tag?post=2095"}],"curies":[{"name":"wp","href":"https:\/\/api.w.org\/{rel}","templated":true}]}}