{"id":2091,"date":"2023-09-18T08:31:52","date_gmt":"2023-09-18T08:31:52","guid":{"rendered":"https:\/\/www.eurosmart.hu\/shop\/?post_type=product&#038;p=2091"},"modified":"2024-02-16T09:49:24","modified_gmt":"2024-02-16T09:49:24","slug":"milwaukee-ir-pl250-ujratoltheto-zseblampa-4933478705","status":"publish","type":"product","link":"https:\/\/www.eurosmart.hu\/shop\/index.php\/termek\/milwaukee-ir-pl250-ujratoltheto-zseblampa-4933478705\/","title":{"rendered":"MILWAUKEE IR PL250 \u00daJRAT\u00d6LTHET\u0150 ZSEBL\u00c1MPA (4933478705)"},"content":{"rendered":"<h5>Tulajdons\u00e1gok:<\/h5>\n<ul>\n<li>L\u00e9zermutat\u00f3 funkci\u00f3 garant\u00e1lja a munkahelyi kommunik\u00e1ci\u00f3 el\u0151seg\u00edt\u00e9s\u00e9t<\/li>\n<li>K\u00e9t fokozatban haszn\u00e1lhat\u00f3: 200 \/ 50 lumen, \u00edgy m\u0171k\u00f6d\u00e9si ideje el\u00e9rheti ak\u00e1r a 8 \u00f3r\u00e1t is<\/li>\n<li>IP67-es v\u00e9delmi besorol\u00e1sa meg\u00f3vja 1 m\u00e9teres m\u00e9lys\u00e9gig v\u00edzbe es\u00e9skor \u00e9s 2 m\u00e9terr\u0151l val\u00f3 lees\u00e9skor<\/li>\n<li>TRUEVIEW technol\u00f3gia r\u00e9v\u00e9n nagy teljes\u00edtm\u00e9ny\u0171, ak\u00e1r 100 m hat\u00f3t\u00e1vols\u00e1g\u00fa<\/li>\n<li>Az elt\u00e1vol\u00edthat\u00f3 r\u00f6gz\u00edt\u0151 kapocs biztons\u00e1gos t\u00e1rol\u00e1st tesz lehet\u0151v\u00e9<\/li>\n<li>V\u00e9d\u0151 gumibet\u00e9t z\u00f3n\u00e1val l\u00e1tt\u00e1k el a k\u00e9z n\u00e9lk\u00fcli haszn\u00e1lathoz<\/li>\n<li>\u00dajrat\u00f6lthet\u0151 L\u00edtium-ion akkumul\u00e1torral rendelkezik<\/li>\n<li>USB k\u00e1bellel egy\u00fctt, fali csatlakoz\u00f3 n\u00e9lk\u00fcl sz\u00e1ll\u00edtva<\/li>\n<li>Professzion\u00e1lis min\u0151s\u00e9g\u0171 term\u00e9k<\/li>\n<\/ul>\n<h5>M\u0171szaki adatok:<\/h5>\n<ul>\n<li>T\u00edpus: USB akkumul\u00e1toros, Li-ion, 4V<\/li>\n<li>IP oszt\u00e1ly: IP67<\/li>\n<li>Lumen: 250<\/li>\n<li>Maxim\u00e1lis f\u00e9ny\u00e1ram (lumen): 250\/ -\/ 50\/ &#8211;<\/li>\n<li>Maxim\u00e1lis m\u0171k\u00f6d\u00e9si id\u0151 (\u00f3ra): 1,5\/ &#8211; \/ 8 \/ &#8211;<\/li>\n<li>S\u00faly (kg): 0,06 + bels\u0151 akkumul\u00e1tor<\/li>\n<\/ul>\n","protected":false},"excerpt":{"rendered":"<p><strong>A k\u00e9szlet tartalma:<\/strong><\/p>\n<ul>\n<li>1 db IR PL250 \u00daJRAT\u00d6LTHET\u0150 ZSEBL\u00c1MPA be\u00e9p\u00edtett akkumul\u00e1torral<\/li>\n<li>1 db USB k\u00e1bel<\/li>\n<\/ul>\n","protected":false},"featured_media":3074,"template":"","meta":[],"product_cat":[165,59,193,89,192],"product_tag":[],"class_list":["post-2091","product","type-product","status-publish","has-post-thumbnail","hentry","product_cat-akkumulatoros-gepek","product_cat-milwaukee","product_cat-szemelyes-vilagitas","product_cat-termekek","product_cat-vilagitas-termekek"],"yoast_head":"<!-- This site is optimized with the Yoast SEO Premium plugin v21.3 (Yoast SEO v21.3) - https:\/\/yoast.com\/wordpress\/plugins\/seo\/ -->\n<title>MILWAUKEE IR PL250 \u00daJRAT\u00d6LTHET\u0150 ZSEBL\u00c1MPA (4933478705) - Eurosmart - Milwaukee web\u00e1ruh\u00e1z<\/title>\n<meta name=\"robots\" content=\"index, follow, max-snippet:-1, max-image-preview:large, max-video-preview:-1\" \/>\n<link rel=\"canonical\" href=\"https:\/\/www.eurosmart.hu\/shop\/index.php\/termek\/milwaukee-ir-pl250-ujratoltheto-zseblampa-4933478705\/\" \/>\n<meta property=\"og:locale\" content=\"hu_HU\" \/>\n<meta property=\"og:type\" content=\"article\" \/>\n<meta property=\"og:title\" content=\"MILWAUKEE IR PL250 \u00daJRAT\u00d6LTHET\u0150 ZSEBL\u00c1MPA (4933478705)\" \/>\n<meta property=\"og:description\" content=\"A k\u00e9szlet tartalma:   1 db IR PL250 \u00daJRAT\u00d6LTHET\u0150 ZSEBL\u00c1MPA be\u00e9p\u00edtett akkumul\u00e1torral  1 db USB k\u00e1bel\" \/>\n<meta property=\"og:url\" content=\"https:\/\/www.eurosmart.hu\/shop\/index.php\/termek\/milwaukee-ir-pl250-ujratoltheto-zseblampa-4933478705\/\" \/>\n<meta property=\"og:site_name\" content=\"Eurosmart - Milwaukee web\u00e1ruh\u00e1z\" \/>\n<meta property=\"article:publisher\" content=\"https:\/\/www.facebook.com\/EurosmartKft\" \/>\n<meta property=\"article:modified_time\" content=\"2024-02-16T09:49:24+00:00\" \/>\n<meta property=\"og:image\" content=\"https:\/\/www.eurosmart.hu\/shop\/wp-content\/uploads\/2023\/09\/4933478705.jpg\" \/>\n\t<meta property=\"og:image:width\" content=\"600\" \/>\n\t<meta property=\"og:image:height\" content=\"600\" \/>\n\t<meta property=\"og:image:type\" content=\"image\/jpeg\" \/>\n<meta name=\"twitter:card\" content=\"summary_large_image\" \/>\n<meta name=\"twitter:label1\" content=\"Price\" \/>\n\t<meta name=\"twitter:data1\" content=\"\" \/>\n\t<meta name=\"twitter:label2\" content=\"Availability\" \/>\n\t<meta name=\"twitter:data2\" content=\"In stock\" \/>\n<script type=\"application\/ld+json\" class=\"yoast-schema-graph\">{\"@context\":\"https:\/\/schema.org\",\"@graph\":[{\"@type\":\"WebPage\",\"@id\":\"https:\/\/www.eurosmart.hu\/shop\/index.php\/termek\/milwaukee-ir-pl250-ujratoltheto-zseblampa-4933478705\/\",\"url\":\"https:\/\/www.eurosmart.hu\/shop\/index.php\/termek\/milwaukee-ir-pl250-ujratoltheto-zseblampa-4933478705\/\",\"name\":\"MILWAUKEE IR PL250 \u00daJRAT\u00d6LTHET\u0150 ZSEBL\u00c1MPA (4933478705) - Eurosmart - Milwaukee web\u00e1ruh\u00e1z\",\"isPartOf\":{\"@id\":\"https:\/\/www.eurosmart.hu\/shop\/#website\"},\"datePublished\":\"2023-09-18T08:31:52+00:00\",\"dateModified\":\"2024-02-16T09:49:24+00:00\",\"breadcrumb\":{\"@id\":\"https:\/\/www.eurosmart.hu\/shop\/index.php\/termek\/milwaukee-ir-pl250-ujratoltheto-zseblampa-4933478705\/#breadcrumb\"},\"inLanguage\":\"hu\",\"potentialAction\":[{\"@type\":\"ReadAction\",\"target\":[\"https:\/\/www.eurosmart.hu\/shop\/index.php\/termek\/milwaukee-ir-pl250-ujratoltheto-zseblampa-4933478705\/\"]}]},{\"@type\":\"BreadcrumbList\",\"@id\":\"https:\/\/www.eurosmart.hu\/shop\/index.php\/termek\/milwaukee-ir-pl250-ujratoltheto-zseblampa-4933478705\/#breadcrumb\",\"itemListElement\":[{\"@type\":\"ListItem\",\"position\":1,\"name\":\"Kezd\u0151lap\",\"item\":\"https:\/\/www.eurosmart.hu\/shop\/\"},{\"@type\":\"ListItem\",\"position\":2,\"name\":\"Term\u00e9keink\",\"item\":\"https:\/\/www.eurosmart.hu\/shop\/index.php\/uzlet\/\"},{\"@type\":\"ListItem\",\"position\":3,\"name\":\"MILWAUKEE IR PL250 \u00daJRAT\u00d6LTHET\u0150 ZSEBL\u00c1MPA (4933478705)\"}]},{\"@type\":\"WebSite\",\"@id\":\"https:\/\/www.eurosmart.hu\/shop\/#website\",\"url\":\"https:\/\/www.eurosmart.hu\/shop\/\",\"name\":\"Eurosmart - Milwaukee web\u00e1ruh\u00e1z\",\"description\":\"Milwaukee web\u00e1ruh\u00e1z\",\"publisher\":{\"@id\":\"https:\/\/www.eurosmart.hu\/shop\/#organization\"},\"potentialAction\":[{\"@type\":\"SearchAction\",\"target\":{\"@type\":\"EntryPoint\",\"urlTemplate\":\"https:\/\/www.eurosmart.hu\/shop\/?s={search_term_string}\"},\"query-input\":\"required name=search_term_string\"}],\"inLanguage\":\"hu\"},{\"@type\":\"Organization\",\"@id\":\"https:\/\/www.eurosmart.hu\/shop\/#organization\",\"name\":\"Eurosmart - Milwaukee web\u00e1ruh\u00e1z\",\"url\":\"https:\/\/www.eurosmart.hu\/shop\/\",\"logo\":{\"@type\":\"ImageObject\",\"inLanguage\":\"hu\",\"@id\":\"https:\/\/www.eurosmart.hu\/shop\/#\/schema\/logo\/image\/\",\"url\":\"https:\/\/www.eurosmart.hu\/shop\/wp-content\/uploads\/2023\/10\/milwaukee-logo-1.png\",\"contentUrl\":\"https:\/\/www.eurosmart.hu\/shop\/wp-content\/uploads\/2023\/10\/milwaukee-logo-1.png\",\"width\":500,\"height\":200,\"caption\":\"Eurosmart - Milwaukee web\u00e1ruh\u00e1z\"},\"image\":{\"@id\":\"https:\/\/www.eurosmart.hu\/shop\/#\/schema\/logo\/image\/\"},\"sameAs\":[\"https:\/\/www.facebook.com\/EurosmartKft\"]}]}<\/script>\n<meta property=\"product:price:amount\" content=\"0\" \/>\n<meta property=\"product:price:currency\" content=\"HUF\" \/>\n<meta property=\"og:availability\" content=\"instock\" \/>\n<meta property=\"product:availability\" content=\"instock\" \/>\n<meta property=\"product:retailer_item_id\" content=\"4933478705\" \/>\n<meta property=\"product:condition\" content=\"new\" \/>\n<!-- \/ Yoast SEO Premium plugin. -->","yoast_head_json":{"title":"MILWAUKEE IR PL250 \u00daJRAT\u00d6LTHET\u0150 ZSEBL\u00c1MPA (4933478705) - Eurosmart - Milwaukee web\u00e1ruh\u00e1z","robots":{"index":"index","follow":"follow","max-snippet":"max-snippet:-1","max-image-preview":"max-image-preview:large","max-video-preview":"max-video-preview:-1"},"canonical":"https:\/\/www.eurosmart.hu\/shop\/index.php\/termek\/milwaukee-ir-pl250-ujratoltheto-zseblampa-4933478705\/","og_locale":"hu_HU","og_type":"article","og_title":"MILWAUKEE IR PL250 \u00daJRAT\u00d6LTHET\u0150 ZSEBL\u00c1MPA (4933478705)","og_description":"A k\u00e9szlet tartalma:   1 db IR PL250 \u00daJRAT\u00d6LTHET\u0150 ZSEBL\u00c1MPA be\u00e9p\u00edtett akkumul\u00e1torral  1 db USB k\u00e1bel","og_url":"https:\/\/www.eurosmart.hu\/shop\/index.php\/termek\/milwaukee-ir-pl250-ujratoltheto-zseblampa-4933478705\/","og_site_name":"Eurosmart - Milwaukee web\u00e1ruh\u00e1z","article_publisher":"https:\/\/www.facebook.com\/EurosmartKft","article_modified_time":"2024-02-16T09:49:24+00:00","og_image":[{"width":600,"height":600,"url":"https:\/\/www.eurosmart.hu\/shop\/wp-content\/uploads\/2023\/09\/4933478705.jpg","type":"image\/jpeg"}],"twitter_card":"summary_large_image","twitter_misc":{"Price":"","Availability":"In stock"},"schema":{"@context":"https:\/\/schema.org","@graph":[{"@type":"WebPage","@id":"https:\/\/www.eurosmart.hu\/shop\/index.php\/termek\/milwaukee-ir-pl250-ujratoltheto-zseblampa-4933478705\/","url":"https:\/\/www.eurosmart.hu\/shop\/index.php\/termek\/milwaukee-ir-pl250-ujratoltheto-zseblampa-4933478705\/","name":"MILWAUKEE IR PL250 \u00daJRAT\u00d6LTHET\u0150 ZSEBL\u00c1MPA (4933478705) - Eurosmart - Milwaukee web\u00e1ruh\u00e1z","isPartOf":{"@id":"https:\/\/www.eurosmart.hu\/shop\/#website"},"datePublished":"2023-09-18T08:31:52+00:00","dateModified":"2024-02-16T09:49:24+00:00","breadcrumb":{"@id":"https:\/\/www.eurosmart.hu\/shop\/index.php\/termek\/milwaukee-ir-pl250-ujratoltheto-zseblampa-4933478705\/#breadcrumb"},"inLanguage":"hu","potentialAction":[{"@type":"ReadAction","target":["https:\/\/www.eurosmart.hu\/shop\/index.php\/termek\/milwaukee-ir-pl250-ujratoltheto-zseblampa-4933478705\/"]}]},{"@type":"BreadcrumbList","@id":"https:\/\/www.eurosmart.hu\/shop\/index.php\/termek\/milwaukee-ir-pl250-ujratoltheto-zseblampa-4933478705\/#breadcrumb","itemListElement":[{"@type":"ListItem","position":1,"name":"Kezd\u0151lap","item":"https:\/\/www.eurosmart.hu\/shop\/"},{"@type":"ListItem","position":2,"name":"Term\u00e9keink","item":"https:\/\/www.eurosmart.hu\/shop\/index.php\/uzlet\/"},{"@type":"ListItem","position":3,"name":"MILWAUKEE IR PL250 \u00daJRAT\u00d6LTHET\u0150 ZSEBL\u00c1MPA (4933478705)"}]},{"@type":"WebSite","@id":"https:\/\/www.eurosmart.hu\/shop\/#website","url":"https:\/\/www.eurosmart.hu\/shop\/","name":"Eurosmart - Milwaukee web\u00e1ruh\u00e1z","description":"Milwaukee web\u00e1ruh\u00e1z","publisher":{"@id":"https:\/\/www.eurosmart.hu\/shop\/#organization"},"potentialAction":[{"@type":"SearchAction","target":{"@type":"EntryPoint","urlTemplate":"https:\/\/www.eurosmart.hu\/shop\/?s={search_term_string}"},"query-input":"required name=search_term_string"}],"inLanguage":"hu"},{"@type":"Organization","@id":"https:\/\/www.eurosmart.hu\/shop\/#organization","name":"Eurosmart - Milwaukee web\u00e1ruh\u00e1z","url":"https:\/\/www.eurosmart.hu\/shop\/","logo":{"@type":"ImageObject","inLanguage":"hu","@id":"https:\/\/www.eurosmart.hu\/shop\/#\/schema\/logo\/image\/","url":"https:\/\/www.eurosmart.hu\/shop\/wp-content\/uploads\/2023\/10\/milwaukee-logo-1.png","contentUrl":"https:\/\/www.eurosmart.hu\/shop\/wp-content\/uploads\/2023\/10\/milwaukee-logo-1.png","width":500,"height":200,"caption":"Eurosmart - Milwaukee web\u00e1ruh\u00e1z"},"image":{"@id":"https:\/\/www.eurosmart.hu\/shop\/#\/schema\/logo\/image\/"},"sameAs":["https:\/\/www.facebook.com\/EurosmartKft"]}]},"product_price_currency":"HUF","og_availability":"instock","product_availability":"instock","product_retailer_item_id":"4933478705","product_condition":"new"},"_links":{"self":[{"href":"https:\/\/www.eurosmart.hu\/shop\/index.php\/wp-json\/wp\/v2\/product\/2091","targetHints":{"allow":["GET"]}}],"collection":[{"href":"https:\/\/www.eurosmart.hu\/shop\/index.php\/wp-json\/wp\/v2\/product"}],"about":[{"href":"https:\/\/www.eurosmart.hu\/shop\/index.php\/wp-json\/wp\/v2\/types\/product"}],"wp:featuredmedia":[{"embeddable":true,"href":"https:\/\/www.eurosmart.hu\/shop\/index.php\/wp-json\/wp\/v2\/media\/3074"}],"wp:attachment":[{"href":"https:\/\/www.eurosmart.hu\/shop\/index.php\/wp-json\/wp\/v2\/media?parent=2091"}],"wp:term":[{"taxonomy":"product_cat","embeddable":true,"href":"https:\/\/www.eurosmart.hu\/shop\/index.php\/wp-json\/wp\/v2\/product_cat?post=2091"},{"taxonomy":"product_tag","embeddable":true,"href":"https:\/\/www.eurosmart.hu\/shop\/index.php\/wp-json\/wp\/v2\/product_tag?post=2091"}],"curies":[{"name":"wp","href":"https:\/\/api.w.org\/{rel}","templated":true}]}}